114.119.145.102 - - [03/Sep/2026:06:53:25 +0000] "GET /drivers/twilio-php-master/Twilio/InstanceContext.php HTTP/1.1" 200 - "https://www.desidrivers.com.au/drivers/twilio-php-master/Twilio/?C=S%3BO%3DA" "Mozilla/5.0 (Linux; Android 7.0;) AppleWebKit/537.36 (HTML, like Gecko) Mobile Safari/537.36 (compatible; PetalBot;+https://webmaster.petalsearch.com/site/petalbot)"
152.70.158.155 - - [03/Sep/2026:06:54:47 +0000] "GET /quote.php HTTP/1.1" 200 11794 "-" "Mozilla/5.0 (X11; Linux aarch64) AppleWebKit/537.36 (KHTML, like Gecko) Chrome/139.0.0.0 Safari/537.36"
114.119.155.69 - - [03/Sep/2026:06:55:12 +0000] "GET /drivers/twilio-php-master/Twilio/Http/?C=M%3BO%3DA HTTP/1.1" 200 1272 "https://www.desidrivers.com.au/drivers/twilio-php-master/Twilio/Http/" "Mozilla/5.0 (Linux; Android 7.0;) AppleWebKit/537.36 (HTML, like Gecko) Mobile Safari/537.36 (compatible; PetalBot;+https://webmaster.petalsearch.com/site/petalbot)"
114.119.156.190 - - [03/Sep/2026:06:56:58 +0000] "GET /drivers/twilio-php-master/Twilio/Http/?C=D%3BO%3DA HTTP/1.1" 200 1272 "https://www.desidrivers.com.au/drivers/twilio-php-master/Twilio/Http/" "Mozilla/5.0 (Linux; Android 7.0;) AppleWebKit/537.36 (HTML, like Gecko) Mobile Safari/537.36 (compatible; PetalBot;+https://webmaster.petalsearch.com/site/petalbot)"
57.141.14.38 - - [03/Sep/2026:06:58:18 +0000] "GET /tollster/vendor/google/apiclient-services/src/Google/Service/FirebaseDynamicLinks/Resource/?C=M;O=A HTTP/1.1" 200 1243 "-" "Mozilla/5.0 (Macintosh; Intel Mac OS X 10_15_7) AppleWebKit/537.36 (KHTML, like Gecko) Chrome/145.0.0.0 Safari/537.36 (compatible; meta-externalagent/1.1 (+https://developers.facebook.com/docs/sharing/webmasters/crawler))"
43.130.72.40 - - [03/Sep/2026:06:58:27 +0000] "GET /smssend.php HTTP/1.1" 200 - "-" "Mozilla/5.0 (iPhone; CPU iPhone OS 13_2_3 like Mac OS X) AppleWebKit/605.1.15 (KHTML, like Gecko) Version/13.0.3 Mobile/15E148 Safari/604.1"
114.119.151.246 - - [03/Sep/2026:06:58:45 +0000] "GET /drivers/login.php HTTP/1.1" 200 7762 "https://www.desidrivers.com.au/drivers/?C=D%3BO%3DA" "Mozilla/5.0 (Linux; Android 7.0;) AppleWebKit/537.36 (HTML, like Gecko) Mobile Safari/537.36 (compatible; PetalBot;+https://webmaster.petalsearch.com/site/petalbot)"
114.119.136.15 - - [03/Sep/2026:07:00:32 +0000] "GET /desidrivers.com.au_1752818776.php HTTP/1.1" 202 - "https://www.desidrivers.com.au/?C=D%3BO%3DA" "Mozilla/5.0 (Linux; Android 7.0;) AppleWebKit/537.36 (HTML, like Gecko) Mobile Safari/537.36 (compatible; PetalBot;+https://webmaster.petalsearch.com/site/petalbot)"
57.141.14.80 - - [03/Sep/2026:07:01:51 +0000] "GET /drivers/twilio-php-master/Twilio/Rest/Proxy/V1/Service/Session/Participant/MessageInteractionPage.php HTTP/1.1" 500 - "-" "Mozilla/5.0 (Windows NT 10.0; Win64; x64) AppleWebKit/537.36 (KHTML, like Gecko) Chrome/145.0.0.0 Safari/537.36 (compatible; meta-externalagent/1.1 (+https://developers.facebook.com/docs/sharing/webmasters/crawler))"
94.154.43.125 - - [03/Sep/2026:07:02:04 +0000] "GET /config.json HTTP/1.1" 404 967 "-" "Mozilla/5.0 (Windows NT 10.0; Win64; x64) AppleWebKit/537.36 (KHTML, like Gecko) Chrome/147.0.0.0 Safari/537.36"
114.119.151.246 - - [03/Sep/2026:07:02:18 +0000] "GET /assets/picker/date.theme.css HTTP/1.1" 200 6480 "https://www.desidrivers.com.au/assets/picker/?C=S%3BO%3DA" "Mozilla/5.0 (Linux; Android 7.0;) AppleWebKit/537.36 (HTML, like Gecko) Mobile Safari/537.36 (compatible; PetalBot;+https://webmaster.petalsearch.com/site/petalbot)"
114.119.151.246 - - [03/Sep/2026:07:04:06 +0000] "GET /assets/fonts/glyphicons-halflings-regular.woff2 HTTP/1.1" 200 18028 "https://www.desidrivers.com.au/assets/fonts/?C=D%3BO%3DA" "Mozilla/5.0 (Linux; Android 7.0;) AppleWebKit/537.36 (HTML, like Gecko) Mobile Safari/537.36 (compatible; PetalBot;+https://webmaster.petalsearch.com/site/petalbot)"
57.141.14.80 - - [03/Sep/2026:07:05:39 +0000] "GET /tollster/vendor/google/apiclient-services/src/Google/Service/FirebaseDynamicLinks/Resource/ShortLinks.php HTTP/1.1" 500 - "-" "Mozilla/5.0 (Windows NT 10.0; Win64; x64) AppleWebKit/537.36 (KHTML, like Gecko) Chrome/145.0.0.0 Safari/537.36 (compatible; meta-externalagent/1.1 (+https://developers.facebook.com/docs/sharing/webmasters/crawler))"
114.119.141.9 - - [03/Sep/2026:07:05:52 +0000] "GET /assets/css/bootstrap.min.css HTTP/1.1" 200 121457 "https://www.desidrivers.com.au/assets/css/?C=S%3BO%3DA" "Mozilla/5.0 (Linux; Android 7.0;) AppleWebKit/537.36 (HTML, like Gecko) Mobile Safari/537.36 (compatible; PetalBot;+https://webmaster.petalsearch.com/site/petalbot)"
54.37.252.59 - - [03/Sep/2026:07:06:36 +0000] "GET /robots.txt HTTP/1.1" 404 967 "-" "Mozilla/5.0 (compatible; MJ12bot/v1.4.8; http://mj12bot.com/)"
54.37.252.59 - - [03/Sep/2026:07:06:38 +0000] "GET /drivers/twilio-php-master/Twilio/Rest/Accounts/V1/Credential/?C=S;O=D HTTP/1.1" 200 2635 "-" "Mozilla/5.0 (compatible; MJ12bot/v1.4.8; http://mj12bot.com/)"
54.37.252.59 - - [03/Sep/2026:07:06:40 +0000] "GET /drivers/twilio-php-master/Twilio/Rest/Api/V2010/Account/NotificationPage.php HTTP/1.1" 500 - "-" "Mozilla/5.0 (compatible; MJ12bot/v1.4.8; http://mj12bot.com/)"
54.37.252.59 - - [03/Sep/2026:07:06:41 +0000] "GET /drivers/twilio-php-master/Twilio/Rest/Api/V2010/Account/OutgoingCallerIdContext.php HTTP/1.1" 500 - "-" "Mozilla/5.0 (compatible; MJ12bot/v1.4.8; http://mj12bot.com/)"
54.37.252.59 - - [03/Sep/2026:07:06:43 +0000] "GET /drivers/twilio-php-master/Twilio/Rest/Api/V2010/Account/OutgoingCallerIdList.php HTTP/1.1" 500 - "-" "Mozilla/5.0 (compatible; MJ12bot/v1.4.8; http://mj12bot.com/)"
54.37.252.59 - - [03/Sep/2026:07:06:45 +0000] "GET /drivers/twilio-php-master/Twilio/Rest/Api/V2010/Account/OutgoingCallerIdOptions.php HTTP/1.1" 500 - "-" "Mozilla/5.0 (compatible; MJ12bot/v1.4.8; http://mj12bot.com/)"
54.37.252.59 - - [03/Sep/2026:07:06:47 +0000] "GET /drivers/twilio-php-master/Twilio/Rest/Api/V2010/Account/OutgoingCallerIdPage.php HTTP/1.1" 500 - "-" "Mozilla/5.0 (compatible; MJ12bot/v1.4.8; http://mj12bot.com/)"
57.141.14.97 - - [03/Sep/2026:07:06:48 +0000] "GET /tollster/vendor/google/apiclient-services/src/Google/Service/SearchConsole/Resource/?C=D;O=A HTTP/1.1" 200 1261 "-" "Mozilla/5.0 (Windows NT 10.0; Win64; x64) AppleWebKit/537.36 (KHTML, like Gecko) Chrome/145.0.0.0 Safari/537.36 (compatible; meta-externalagent/1.1 (+https://developers.facebook.com/docs/sharing/webmasters/crawler))"
54.37.252.59 - - [03/Sep/2026:07:06:50 +0000] "GET /drivers/twilio-php-master/Twilio/Rest/Api/V2010/Account/QueueContext.php HTTP/1.1" 500 - "-" "Mozilla/5.0 (compatible; MJ12bot/v1.4.8; http://mj12bot.com/)"
54.37.252.59 - - [03/Sep/2026:07:06:51 +0000] "GET /drivers/twilio-php-master/Twilio/Rest/Chat/V2/Service/?C=M;O=D HTTP/1.1" 200 4613 "-" "Mozilla/5.0 (compatible; MJ12bot/v1.4.8; http://mj12bot.com/)"
54.37.252.59 - - [03/Sep/2026:07:06:53 +0000] "GET /drivers/twilio-php-master/Twilio/Rest/Chat/V2/Service/?C=N;O=A HTTP/1.1" 200 4613 "-" "Mozilla/5.0 (compatible; MJ12bot/v1.4.8; http://mj12bot.com/)"
54.37.252.59 - - [03/Sep/2026:07:06:55 +0000] "GET /drivers/twilio-php-master/Twilio/Rest/Chat/V2/Service/UserPage.php HTTP/1.1" 500 - "-" "Mozilla/5.0 (compatible; MJ12bot/v1.4.8; http://mj12bot.com/)"
54.37.252.59 - - [03/Sep/2026:07:06:57 +0000] "GET /drivers/twilio-php-master/Twilio/Rest/Fax/V1/Fax/?C=D;O=A HTTP/1.1" 200 1509 "-" "Mozilla/5.0 (compatible; MJ12bot/v1.4.8; http://mj12bot.com/)"
54.37.252.59 - - [03/Sep/2026:07:06:58 +0000] "GET /drivers/twilio-php-master/Twilio/Rest/Fax/V1/Fax/?C=M;O=A HTTP/1.1" 200 1509 "-" "Mozilla/5.0 (compatible; MJ12bot/v1.4.8; http://mj12bot.com/)"
54.37.252.59 - - [03/Sep/2026:07:07:00 +0000] "GET /drivers/twilio-php-master/Twilio/Rest/Fax/V1/Fax/?C=N;O=D HTTP/1.1" 200 1509 "-" "Mozilla/5.0 (compatible; MJ12bot/v1.4.8; http://mj12bot.com/)"
54.37.252.59 - - [03/Sep/2026:07:07:01 +0000] "GET /drivers/twilio-php-master/Twilio/Rest/Fax/V1/Fax/?C=S;O=A HTTP/1.1" 200 1509 "-" "Mozilla/5.0 (compatible; MJ12bot/v1.4.8; http://mj12bot.com/)"
54.37.252.59 - - [03/Sep/2026:07:07:03 +0000] "GET /drivers/twilio-php-master/Twilio/Rest/Fax/V1/Fax/FaxMediaInstance.php HTTP/1.1" 500 - "-" "Mozilla/5.0 (compatible; MJ12bot/v1.4.8; http://mj12bot.com/)"
100.26.4.254 - - [03/Sep/2026:07:07:03 +0000] "POST / HTTP/1.1" 404 967 "https://desidrivers.com.au/" "Mozilla/5.0 (Macintosh; Intel Mac OS X 10_15_7) AppleWebKit/537.36 (KHTML, like Gecko) Chrome/146.0.0.0 Safari/537.36"
54.37.252.59 - - [03/Sep/2026:07:07:05 +0000] "GET /drivers/twilio-php-master/Twilio/Rest/Fax/V1/Fax/FaxMediaList.php HTTP/1.1" 500 - "-" "Mozilla/5.0 (compatible; MJ12bot/v1.4.8; http://mj12bot.com/)"
54.37.252.59 - - [03/Sep/2026:07:07:07 +0000] "GET /drivers/twilio-php-master/Twilio/Rest/IpMessaging/V1/Service/?C=M;O=D HTTP/1.1" 200 3709 "-" "Mozilla/5.0 (compatible; MJ12bot/v1.4.8; http://mj12bot.com/)"
54.37.252.59 - - [03/Sep/2026:07:07:08 +0000] "GET /drivers/twilio-php-master/Twilio/Rest/IpMessaging/V1/Service/?C=N;O=A HTTP/1.1" 200 3709 "-" "Mozilla/5.0 (compatible; MJ12bot/v1.4.8; http://mj12bot.com/)"
54.37.252.59 - - [03/Sep/2026:07:07:10 +0000] "GET /drivers/twilio-php-master/Twilio/Rest/Notify/V1/Service/NotificationPage.php HTTP/1.1" 500 - "-" "Mozilla/5.0 (compatible; MJ12bot/v1.4.8; http://mj12bot.com/)"
54.37.252.59 - - [03/Sep/2026:07:07:12 +0000] "GET /drivers/twilio-php-master/Twilio/Rest/Notify/V1/Service/SegmentInstance.php HTTP/1.1" 500 - "-" "Mozilla/5.0 (compatible; MJ12bot/v1.4.8; http://mj12bot.com/)"
54.37.252.59 - - [03/Sep/2026:07:07:14 +0000] "GET /drivers/twilio-php-master/Twilio/Rest/Preview/Marketplace/AvailableAddOn/?C=M;O=D HTTP/1.1" 200 1642 "-" "Mozilla/5.0 (compatible; MJ12bot/v1.4.8; http://mj12bot.com/)"
54.37.252.59 - - [03/Sep/2026:07:07:15 +0000] "GET /drivers/twilio-php-master/Twilio/Rest/Preview/Marketplace/AvailableAddOn/?C=N;O=A HTTP/1.1" 200 1642 "-" "Mozilla/5.0 (compatible; MJ12bot/v1.4.8; http://mj12bot.com/)"
195.178.110.60 - - [03/Sep/2026:07:07:17 +0000] "GET /api/session/properties HTTP/1.1" 404 967 "-" "metabase-cve-2026-72898-detect/1.0 (benign detection probes only)"
54.37.252.59 - - [03/Sep/2026:07:07:17 +0000] "GET /drivers/twilio-php-master/Twilio/Rest/Preview/Marketplace/AvailableAddOn/?C=S;O=D HTTP/1.1" 200 1642 "-" "Mozilla/5.0 (compatible; MJ12bot/v1.4.8; http://mj12bot.com/)"
195.178.110.60 - - [03/Sep/2026:07:07:17 +0000] "GET /api/session/properties HTTP/1.1" 404 967 "http://desidrivers.com.au/api/session/properties" "metabase-cve-2026-72898-detect/1.0 (benign detection probes only)"
54.37.252.59 - - [03/Sep/2026:07:07:18 +0000] "GET /drivers/twilio-php-master/Twilio/Rest/Preview/Proxy/?C=S;O=D HTTP/1.1" 200 1874 "-" "Mozilla/5.0 (compatible; MJ12bot/v1.4.8; http://mj12bot.com/)"
54.37.252.59 - - [03/Sep/2026:07:07:20 +0000] "GET /drivers/twilio-php-master/Twilio/Rest/Preview/Proxy/Service/?C=D;O=A HTTP/1.1" 200 3398 "-" "Mozilla/5.0 (compatible; MJ12bot/v1.4.8; http://mj12bot.com/)"
54.37.252.59 - - [03/Sep/2026:07:07:21 +0000] "GET /drivers/twilio-php-master/Twilio/Rest/Preview/Proxy/Service/SessionOptions.php HTTP/1.1" 500 - "-" "Mozilla/5.0 (compatible; MJ12bot/v1.4.8; http://mj12bot.com/)"
54.37.252.59 - - [03/Sep/2026:07:07:23 +0000] "GET /drivers/twilio-php-master/Twilio/Rest/Preview/Proxy/Service/ShortCodeContext.php HTTP/1.1" 500 - "-" "Mozilla/5.0 (compatible; MJ12bot/v1.4.8; http://mj12bot.com/)"
54.37.252.59 - - [03/Sep/2026:07:07:25 +0000] "GET /drivers/twilio-php-master/Twilio/Rest/Preview/Studio/?C=S;O=D HTTP/1.1" 200 1675 "-" "Mozilla/5.0 (compatible; MJ12bot/v1.4.8; http://mj12bot.com/)"
54.37.252.59 - - [03/Sep/2026:07:07:27 +0000] "GET /drivers/twilio-php-master/Twilio/Rest/Preview/Studio/Flow/?C=D;O=A HTTP/1.1" 200 1911 "-" "Mozilla/5.0 (compatible; MJ12bot/v1.4.8; http://mj12bot.com/)"
54.37.252.59 - - [03/Sep/2026:07:07:28 +0000] "GET /drivers/twilio-php-master/Twilio/Rest/Preview/Studio/Flow/?C=M;O=A HTTP/1.1" 200 1911 "-" "Mozilla/5.0 (compatible; MJ12bot/v1.4.8; http://mj12bot.com/)"
54.37.252.59 - - [03/Sep/2026:07:07:30 +0000] "GET /drivers/twilio-php-master/Twilio/Rest/Preview/Studio/Flow/?C=N;O=A HTTP/1.1" 200 1911 "-" "Mozilla/5.0 (compatible; MJ12bot/v1.4.8; http://mj12bot.com/)"
54.37.252.59 - - [03/Sep/2026:07:07:31 +0000] "GET /drivers/twilio-php-master/Twilio/Rest/Preview/Sync/Service/?C=M;O=D HTTP/1.1" 200 4107 "-" "Mozilla/5.0 (compatible; MJ12bot/v1.4.8; http://mj12bot.com/)"
54.37.252.59 - - [03/Sep/2026:07:07:33 +0000] "GET /drivers/twilio-php-master/Twilio/Rest/Preview/Sync/Service/?C=N;O=D HTTP/1.1" 200 4107 "-" "Mozilla/5.0 (compatible; MJ12bot/v1.4.8; http://mj12bot.com/)"
54.37.252.59 - - [03/Sep/2026:07:07:34 +0000] "GET /drivers/twilio-php-master/Twilio/Rest/Preview/Sync/Service/?C=S;O=A HTTP/1.1" 200 4107 "-" "Mozilla/5.0 (compatible; MJ12bot/v1.4.8; http://mj12bot.com/)"
54.37.252.59 - - [03/Sep/2026:07:07:36 +0000] "GET /drivers/twilio-php-master/Twilio/Rest/Preview/Sync/Service/DocumentContext.php HTTP/1.1" 500 - "-" "Mozilla/5.0 (compatible; MJ12bot/v1.4.8; http://mj12bot.com/)"
54.37.252.59 - - [03/Sep/2026:07:07:38 +0000] "GET /drivers/twilio-php-master/Twilio/Rest/Preview/Sync/Service/DocumentInstance.php HTTP/1.1" 500 - "-" "Mozilla/5.0 (compatible; MJ12bot/v1.4.8; http://mj12bot.com/)"
54.37.252.59 - - [03/Sep/2026:07:07:40 +0000] "GET /drivers/twilio-php-master/Twilio/Rest/Proxy/V1/Service/ShortCodeContext.php HTTP/1.1" 500 - "-" "Mozilla/5.0 (compatible; MJ12bot/v1.4.8; http://mj12bot.com/)"
114.119.145.102 - - [03/Sep/2026:07:07:40 +0000] "GET /assets/css/bootstrap.css.map HTTP/1.1" 200 390887 "https://www.desidrivers.com.au/assets/css/?C=S%3BO%3DA" "Mozilla/5.0 (Linux; Android 7.0;) AppleWebKit/537.36 (HTML, like Gecko) Mobile Safari/537.36 (compatible; PetalBot;+https://webmaster.petalsearch.com/site/petalbot)"
54.37.252.59 - - [03/Sep/2026:07:07:41 +0000] "GET /robots.txt HTTP/1.1" 404 967 "-" "Mozilla/5.0 (compatible; MJ12bot/v1.4.8; http://mj12bot.com/)"
54.37.252.59 - - [03/Sep/2026:07:07:42 +0000] "GET /drivers/twilio-php-master/Twilio/Rest/Api/V2010/Account/AvailablePhoneNumberCountry/LocalList.php HTTP/1.1" 500 - "-" "Mozilla/5.0 (compatible; MJ12bot/v1.4.8; http://mj12bot.com/)"
54.37.252.59 - - [03/Sep/2026:07:07:44 +0000] "GET /drivers/twilio-php-master/Twilio/Rest/Api/V2010/Account/AvailablePhoneNumberCountry/LocalOptions.php HTTP/1.1" 500 - "-" "Mozilla/5.0 (compatible; MJ12bot/v1.4.8; http://mj12bot.com/)"
54.37.252.59 - - [03/Sep/2026:07:07:46 +0000] "GET /drivers/twilio-php-master/Twilio/Rest/Api/V2010/Account/AvailablePhoneNumberCountry/LocalPage.php HTTP/1.1" 500 - "-" "Mozilla/5.0 (compatible; MJ12bot/v1.4.8; http://mj12bot.com/)"
54.37.252.59 - - [03/Sep/2026:07:07:48 +0000] "GET /drivers/twilio-php-master/Twilio/Rest/Api/V2010/Account/AvailablePhoneNumberCountry/MachineToMachineInstance.php HTTP/1.1" 500 - "-" "Mozilla/5.0 (compatible; MJ12bot/v1.4.8; http://mj12bot.com/)"
54.37.252.59 - - [03/Sep/2026:07:07:50 +0000] "GET /drivers/twilio-php-master/Twilio/Rest/Api/V2010/Account/AvailablePhoneNumberCountry/MachineToMachineList.php HTTP/1.1" 500 - "-" "Mozilla/5.0 (compatible; MJ12bot/v1.4.8; http://mj12bot.com/)"
54.37.252.59 - - [03/Sep/2026:07:07:52 +0000] "GET /drivers/twilio-php-master/Twilio/Rest/Api/V2010/Account/AvailablePhoneNumberCountry/MachineToMachineOptions.php HTTP/1.1" 500 - "-" "Mozilla/5.0 (compatible; MJ12bot/v1.4.8; http://mj12bot.com/)"
54.37.252.59 - - [03/Sep/2026:07:07:54 +0000] "GET /drivers/twilio-php-master/Twilio/Rest/Api/V2010/Account/AvailablePhoneNumberCountry/MachineToMachinePage.php HTTP/1.1" 500 - "-" "Mozilla/5.0 (compatible; MJ12bot/v1.4.8; http://mj12bot.com/)"
54.37.252.59 - - [03/Sep/2026:07:07:56 +0000] "GET /drivers/twilio-php-master/Twilio/Rest/Api/V2010/Account/AvailablePhoneNumberCountry/MobileInstance.php HTTP/1.1" 500 - "-" "Mozilla/5.0 (compatible; MJ12bot/v1.4.8; http://mj12bot.com/)"
54.37.252.59 - - [03/Sep/2026:07:07:58 +0000] "GET /drivers/twilio-php-master/Twilio/Rest/Api/V2010/Account/AvailablePhoneNumberCountry/MobileList.php HTTP/1.1" 500 - "-" "Mozilla/5.0 (compatible; MJ12bot/v1.4.8; http://mj12bot.com/)"
57.141.14.41 - - [03/Sep/2026:07:07:59 +0000] "GET /tollster/vendor/google/apiclient-services/src/Google/Service/FirebaseDynamicLinks/?C=D;O=D HTTP/1.1" 200 4468 "-" "Mozilla/5.0 (Windows NT 10.0; Win64; x64) AppleWebKit/537.36 (KHTML, like Gecko) Chrome/145.0.0.0 Safari/537.36 (compatible; meta-externalagent/1.1 (+https://developers.facebook.com/docs/sharing/webmasters/crawler))"
54.37.252.59 - - [03/Sep/2026:07:08:00 +0000] "GET /drivers/twilio-php-master/Twilio/Rest/Api/V2010/Account/AvailablePhoneNumberCountry/MobileOptions.php HTTP/1.1" 500 - "-" "Mozilla/5.0 (compatible; MJ12bot/v1.4.8; http://mj12bot.com/)"
54.37.252.59 - - [03/Sep/2026:07:08:02 +0000] "GET /drivers/twilio-php-master/Twilio/Rest/Api/V2010/Account/AvailablePhoneNumberCountry/MobilePage.php HTTP/1.1" 500 - "-" "Mozilla/5.0 (compatible; MJ12bot/v1.4.8; http://mj12bot.com/)"
54.37.252.59 - - [03/Sep/2026:07:08:04 +0000] "GET /drivers/twilio-php-master/Twilio/Rest/Api/V2010/Account/AvailablePhoneNumberCountry/NationalInstance.php HTTP/1.1" 500 - "-" "Mozilla/5.0 (compatible; MJ12bot/v1.4.8; http://mj12bot.com/)"
54.37.252.59 - - [03/Sep/2026:07:08:06 +0000] "GET /drivers/twilio-php-master/Twilio/Rest/Api/V2010/Account/AvailablePhoneNumberCountry/NationalList.php HTTP/1.1" 500 - "-" "Mozilla/5.0 (compatible; MJ12bot/v1.4.8; http://mj12bot.com/)"
54.37.252.59 - - [03/Sep/2026:07:08:08 +0000] "GET /drivers/twilio-php-master/Twilio/Rest/Api/V2010/Account/AvailablePhoneNumberCountry/NationalOptions.php HTTP/1.1" 500 - "-" "Mozilla/5.0 (compatible; MJ12bot/v1.4.8; http://mj12bot.com/)"
54.37.252.59 - - [03/Sep/2026:07:08:10 +0000] "GET /drivers/twilio-php-master/Twilio/Rest/Api/V2010/Account/AvailablePhoneNumberCountry/NationalPage.php HTTP/1.1" 500 - "-" "Mozilla/5.0 (compatible; MJ12bot/v1.4.8; http://mj12bot.com/)"
54.37.252.59 - - [03/Sep/2026:07:08:12 +0000] "GET /drivers/twilio-php-master/Twilio/Rest/Api/V2010/Account/AvailablePhoneNumberCountry/SharedCostInstance.php HTTP/1.1" 500 - "-" "Mozilla/5.0 (compatible; MJ12bot/v1.4.8; http://mj12bot.com/)"
54.37.252.59 - - [03/Sep/2026:07:08:14 +0000] "GET /drivers/twilio-php-master/Twilio/Rest/Api/V2010/Account/AvailablePhoneNumberCountry/SharedCostList.php HTTP/1.1" 500 - "-" "Mozilla/5.0 (compatible; MJ12bot/v1.4.8; http://mj12bot.com/)"
54.37.252.59 - - [03/Sep/2026:07:08:16 +0000] "GET /drivers/twilio-php-master/Twilio/Rest/Api/V2010/Account/AvailablePhoneNumberCountry/SharedCostOptions.php HTTP/1.1" 500 - "-" "Mozilla/5.0 (compatible; MJ12bot/v1.4.8; http://mj12bot.com/)"
54.37.252.59 - - [03/Sep/2026:07:08:18 +0000] "GET /drivers/twilio-php-master/Twilio/Rest/Api/V2010/Account/AvailablePhoneNumberCountry/SharedCostPage.php HTTP/1.1" 500 - "-" "Mozilla/5.0 (compatible; MJ12bot/v1.4.8; http://mj12bot.com/)"
54.37.252.59 - - [03/Sep/2026:07:08:20 +0000] "GET /drivers/twilio-php-master/Twilio/Rest/Api/V2010/Account/AvailablePhoneNumberCountry/TollFreeInstance.php HTTP/1.1" 500 - "-" "Mozilla/5.0 (compatible; MJ12bot/v1.4.8; http://mj12bot.com/)"
54.37.252.59 - - [03/Sep/2026:07:08:22 +0000] "GET /drivers/twilio-php-master/Twilio/Rest/Api/V2010/Account/AvailablePhoneNumberCountry/TollFreeList.php HTTP/1.1" 500 - "-" "Mozilla/5.0 (compatible; MJ12bot/v1.4.8; http://mj12bot.com/)"
54.37.252.59 - - [03/Sep/2026:07:08:24 +0000] "GET /drivers/twilio-php-master/Twilio/Rest/Api/V2010/Account/AvailablePhoneNumberCountry/TollFreeOptions.php HTTP/1.1" 500 - "-" "Mozilla/5.0 (compatible; MJ12bot/v1.4.8; http://mj12bot.com/)"
54.37.252.59 - - [03/Sep/2026:07:08:26 +0000] "GET /drivers/twilio-php-master/Twilio/Rest/Api/V2010/Account/AvailablePhoneNumberCountry/VoipInstance.php HTTP/1.1" 500 - "-" "Mozilla/5.0 (compatible; MJ12bot/v1.4.8; http://mj12bot.com/)"
54.37.252.59 - - [03/Sep/2026:07:08:28 +0000] "GET /drivers/twilio-php-master/Twilio/Rest/Api/V2010/Account/Call/?C=D;O=D HTTP/1.1" 200 4593 "-" "Mozilla/5.0 (compatible; MJ12bot/v1.4.8; http://mj12bot.com/)"
54.37.252.59 - - [03/Sep/2026:07:08:30 +0000] "GET /drivers/twilio-php-master/Twilio/Rest/Api/V2010/Account/Call/?C=M;O=D HTTP/1.1" 200 4593 "-" "Mozilla/5.0 (compatible; MJ12bot/v1.4.8; http://mj12bot.com/)"
54.37.252.59 - - [03/Sep/2026:07:08:31 +0000] "GET /drivers/twilio-php-master/Twilio/Rest/Api/V2010/Account/Call/?C=S;O=D HTTP/1.1" 200 4593 "-" "Mozilla/5.0 (compatible; MJ12bot/v1.4.8; http://mj12bot.com/)"
54.37.252.59 - - [03/Sep/2026:07:08:33 +0000] "GET /drivers/twilio-php-master/Twilio/Rest/Api/V2010/Account/Conference/?C=D;O=D HTTP/1.1" 200 1758 "-" "Mozilla/5.0 (compatible; MJ12bot/v1.4.8; http://mj12bot.com/)"
54.37.252.59 - - [03/Sep/2026:07:08:34 +0000] "GET /drivers/twilio-php-master/Twilio/Rest/Api/V2010/Account/Conference/?C=M;O=D HTTP/1.1" 200 1758 "-" "Mozilla/5.0 (compatible; MJ12bot/v1.4.8; http://mj12bot.com/)"
54.37.252.59 - - [03/Sep/2026:07:08:36 +0000] "GET /drivers/twilio-php-master/Twilio/Rest/Api/V2010/Account/Conference/?C=N;O=A HTTP/1.1" 200 1758 "-" "Mozilla/5.0 (compatible; MJ12bot/v1.4.8; http://mj12bot.com/)"
54.37.252.59 - - [03/Sep/2026:07:08:37 +0000] "GET /drivers/twilio-php-master/Twilio/Rest/Api/V2010/Account/Conference/?C=S;O=D HTTP/1.1" 200 1758 "-" "Mozilla/5.0 (compatible; MJ12bot/v1.4.8; http://mj12bot.com/)"
54.37.252.59 - - [03/Sep/2026:07:08:39 +0000] "GET /drivers/twilio-php-master/Twilio/Rest/Chat/V1/Service/Channel/InvitePage.php HTTP/1.1" 500 - "-" "Mozilla/5.0 (compatible; MJ12bot/v1.4.8; http://mj12bot.com/)"
54.37.252.59 - - [03/Sep/2026:07:08:41 +0000] "GET /drivers/twilio-php-master/Twilio/Rest/Chat/V1/Service/Channel/MemberList.php HTTP/1.1" 500 - "-" "Mozilla/5.0 (compatible; MJ12bot/v1.4.8; http://mj12bot.com/)"
54.37.252.59 - - [03/Sep/2026:07:08:43 +0000] "GET /drivers/twilio-php-master/Twilio/Rest/Chat/V1/Service/Channel/MemberPage.php HTTP/1.1" 500 - "-" "Mozilla/5.0 (compatible; MJ12bot/v1.4.8; http://mj12bot.com/)"
43.166.244.251 - - [03/Sep/2026:07:08:43 +0000] "GET /vromo.php HTTP/1.1" 200 - "-" "Mozilla/5.0 (iPhone; CPU iPhone OS 13_2_3 like Mac OS X) AppleWebKit/605.1.15 (KHTML, like Gecko) Version/13.0.3 Mobile/15E148 Safari/604.1"
54.37.252.59 - - [03/Sep/2026:07:08:45 +0000] "GET /drivers/twilio-php-master/Twilio/Rest/Chat/V1/Service/Channel/MessageContext.php HTTP/1.1" 500 - "-" "Mozilla/5.0 (compatible; MJ12bot/v1.4.8; http://mj12bot.com/)"
57.141.14.80 - - [03/Sep/2026:07:08:46 +0000] "GET /google/google-api-php-client-2.2.1/vendor/google/apiclient-services/src/Google/Service/SearchConsole/?C=M;O=D HTTP/1.1" 200 2418 "-" "Mozilla/5.0 (X11; Linux x86_64) AppleWebKit/537.36 (KHTML, like Gecko) Chrome/145.0.0.0 Safari/537.36 (compatible; meta-externalagent/1.1 (+https://developers.facebook.com/docs/sharing/webmasters/crawler))"
54.37.252.59 - - [03/Sep/2026:07:08:46 +0000] "GET /drivers/twilio-php-master/Twilio/Rest/Chat/V1/Service/Channel/MessageInstance.php HTTP/1.1" 500 - "-" "Mozilla/5.0 (compatible; MJ12bot/v1.4.8; http://mj12bot.com/)"
54.37.252.59 - - [03/Sep/2026:07:08:48 +0000] "GET /drivers/twilio-php-master/Twilio/Rest/IpMessaging/V1/Service/Channel/?C=S;O=A HTTP/1.1" 200 3587 "-" "Mozilla/5.0 (compatible; MJ12bot/v1.4.8; http://mj12bot.com/)"
54.37.252.59 - - [03/Sep/2026:07:08:50 +0000] "GET /drivers/twilio-php-master/Twilio/Rest/IpMessaging/V1/Service/Channel/InviteContext.php HTTP/1.1" 500 - "-" "Mozilla/5.0 (compatible; MJ12bot/v1.4.8; http://mj12bot.com/)"
54.37.252.59 - - [03/Sep/2026:07:08:52 +0000] "GET /drivers/twilio-php-master/Twilio/Rest/IpMessaging/V1/Service/Channel/InviteInstance.php HTTP/1.1" 500 - "-" "Mozilla/5.0 (compatible; MJ12bot/v1.4.8; http://mj12bot.com/)"
54.37.252.59 - - [03/Sep/2026:07:08:54 +0000] "GET /drivers/twilio-php-master/Twilio/Rest/IpMessaging/V1/Service/Channel/InviteList.php HTTP/1.1" 500 - "-" "Mozilla/5.0 (compatible; MJ12bot/v1.4.8; http://mj12bot.com/)"
54.37.252.59 - - [03/Sep/2026:07:08:56 +0000] "GET /drivers/twilio-php-master/Twilio/Rest/IpMessaging/V1/Service/Channel/InviteOptions.php HTTP/1.1" 500 - "-" "Mozilla/5.0 (compatible; MJ12bot/v1.4.8; http://mj12bot.com/)"
54.37.252.59 - - [03/Sep/2026:07:08:58 +0000] "GET /drivers/twilio-php-master/Twilio/Rest/IpMessaging/V1/Service/Channel/InvitePage.php HTTP/1.1" 500 - "-" "Mozilla/5.0 (compatible; MJ12bot/v1.4.8; http://mj12bot.com/)"
54.37.252.59 - - [03/Sep/2026:07:09:00 +0000] "GET /drivers/twilio-php-master/Twilio/Rest/IpMessaging/V1/Service/Channel/MemberContext.php HTTP/1.1" 500 - "-" "Mozilla/5.0 (compatible; MJ12bot/v1.4.8; http://mj12bot.com/)"
54.37.252.59 - - [03/Sep/2026:07:09:02 +0000] "GET /drivers/twilio-php-master/Twilio/Rest/IpMessaging/V1/Service/Channel/MemberInstance.php HTTP/1.1" 500 - "-" "Mozilla/5.0 (compatible; MJ12bot/v1.4.8; http://mj12bot.com/)"
54.37.252.59 - - [03/Sep/2026:07:09:04 +0000] "GET /drivers/twilio-php-master/Twilio/Rest/IpMessaging/V1/Service/Channel/MemberList.php HTTP/1.1" 500 - "-" "Mozilla/5.0 (compatible; MJ12bot/v1.4.8; http://mj12bot.com/)"
54.37.252.59 - - [03/Sep/2026:07:09:06 +0000] "GET /drivers/twilio-php-master/Twilio/Rest/IpMessaging/V1/Service/Channel/MemberOptions.php HTTP/1.1" 500 - "-" "Mozilla/5.0 (compatible; MJ12bot/v1.4.8; http://mj12bot.com/)"
85.208.96.201 - - [03/Sep/2026:07:09:06 +0000] "GET /update.php HTTP/1.1" 200 - "-" "Mozilla/5.0 (compatible; SemrushBot/7~bl; +http://www.semrush.com/bot.html)"
54.37.252.59 - - [03/Sep/2026:07:09:08 +0000] "GET /drivers/twilio-php-master/Twilio/Rest/IpMessaging/V1/Service/Channel/MemberPage.php HTTP/1.1" 500 - "-" "Mozilla/5.0 (compatible; MJ12bot/v1.4.8; http://mj12bot.com/)"
114.119.141.9 - - [03/Sep/2026:07:09:26 +0000] "GET /assets/css/bootstrap-theme.min.css.map HTTP/1.1" 200 75600 "https://www.desidrivers.com.au/assets/css/?C=S%3BO%3DA" "Mozilla/5.0 (Linux; Android 7.0;) AppleWebKit/537.36 (HTML, like Gecko) Mobile Safari/537.36 (compatible; PetalBot;+https://webmaster.petalsearch.com/site/petalbot)"
54.37.252.59 - - [03/Sep/2026:07:09:45 +0000] "GET /drivers/twilio-php-master/Twilio/Rest/IpMessaging/V1/Service/Channel/MessageInstance.php HTTP/1.1" 500 - "-" "Mozilla/5.0 (compatible; MJ12bot/v1.4.8; http://mj12bot.com/)"
54.37.252.59 - - [03/Sep/2026:07:09:47 +0000] "GET /drivers/twilio-php-master/Twilio/Rest/IpMessaging/V1/Service/Channel/MessageList.php HTTP/1.1" 500 - "-" "Mozilla/5.0 (compatible; MJ12bot/v1.4.8; http://mj12bot.com/)"
54.37.252.59 - - [03/Sep/2026:07:09:49 +0000] "GET /drivers/twilio-php-master/Twilio/Rest/IpMessaging/V1/Service/Channel/MessageOptions.php HTTP/1.1" 500 - "-" "Mozilla/5.0 (compatible; MJ12bot/v1.4.8; http://mj12bot.com/)"
54.37.252.59 - - [03/Sep/2026:07:09:51 +0000] "GET /drivers/twilio-php-master/Twilio/Rest/IpMessaging/V1/Service/User/?C=D;O=A HTTP/1.1" 200 1381 "-" "Mozilla/5.0 (compatible; MJ12bot/v1.4.8; http://mj12bot.com/)"
54.37.252.59 - - [03/Sep/2026:07:09:53 +0000] "GET /drivers/twilio-php-master/Twilio/Rest/IpMessaging/V1/Service/User/?C=S;O=A HTTP/1.1" 200 1381 "-" "Mozilla/5.0 (compatible; MJ12bot/v1.4.8; http://mj12bot.com/)"
54.37.252.59 - - [03/Sep/2026:07:09:54 +0000] "GET /drivers/twilio-php-master/Twilio/Rest/IpMessaging/V1/Service/User/UserChannelInstance.php HTTP/1.1" 500 - "-" "Mozilla/5.0 (compatible; MJ12bot/v1.4.8; http://mj12bot.com/)"
54.37.252.59 - - [03/Sep/2026:07:09:56 +0000] "GET /drivers/twilio-php-master/Twilio/Rest/IpMessaging/V1/Service/User/UserChannelList.php HTTP/1.1" 500 - "-" "Mozilla/5.0 (compatible; MJ12bot/v1.4.8; http://mj12bot.com/)"
54.37.252.59 - - [03/Sep/2026:07:09:58 +0000] "GET /drivers/twilio-php-master/Twilio/Rest/IpMessaging/V1/Service/User/UserChannelPage.php HTTP/1.1" 500 - "-" "Mozilla/5.0 (compatible; MJ12bot/v1.4.8; http://mj12bot.com/)"
54.37.252.59 - - [03/Sep/2026:07:10:00 +0000] "GET /drivers/twilio-php-master/Twilio/Rest/IpMessaging/V2/Service/Channel/?C=D;O=A HTTP/1.1" 200 3587 "-" "Mozilla/5.0 (compatible; MJ12bot/v1.4.8; http://mj12bot.com/)"
54.37.252.59 - - [03/Sep/2026:07:10:02 +0000] "GET /drivers/twilio-php-master/Twilio/Rest/IpMessaging/V2/Service/Channel/?C=M;O=A HTTP/1.1" 200 3587 "-" "Mozilla/5.0 (compatible; MJ12bot/v1.4.8; http://mj12bot.com/)"
54.37.252.59 - - [03/Sep/2026:07:10:03 +0000] "GET /drivers/twilio-php-master/Twilio/Rest/IpMessaging/V2/Service/Channel/?C=N;O=D HTTP/1.1" 200 3587 "-" "Mozilla/5.0 (compatible; MJ12bot/v1.4.8; http://mj12bot.com/)"
54.37.252.59 - - [03/Sep/2026:07:10:05 +0000] "GET /drivers/twilio-php-master/Twilio/Rest/IpMessaging/V2/Service/Channel/?C=S;O=A HTTP/1.1" 200 3587 "-" "Mozilla/5.0 (compatible; MJ12bot/v1.4.8; http://mj12bot.com/)"
54.37.252.59 - - [03/Sep/2026:07:10:06 +0000] "GET /drivers/twilio-php-master/Twilio/Rest/IpMessaging/V2/Service/Channel/InviteContext.php HTTP/1.1" 500 - "-" "Mozilla/5.0 (compatible; MJ12bot/v1.4.8; http://mj12bot.com/)"
54.37.252.59 - - [03/Sep/2026:07:10:08 +0000] "GET /drivers/twilio-php-master/Twilio/Rest/IpMessaging/V2/Service/Channel/InviteInstance.php HTTP/1.1" 500 - "-" "Mozilla/5.0 (compatible; MJ12bot/v1.4.8; http://mj12bot.com/)"
54.37.252.59 - - [03/Sep/2026:07:10:10 +0000] "GET /drivers/twilio-php-master/Twilio/Rest/IpMessaging/V2/Service/Channel/InviteList.php HTTP/1.1" 500 - "-" "Mozilla/5.0 (compatible; MJ12bot/v1.4.8; http://mj12bot.com/)"
54.37.252.59 - - [03/Sep/2026:07:10:12 +0000] "GET /drivers/twilio-php-master/Twilio/Rest/IpMessaging/V2/Service/Channel/InviteOptions.php HTTP/1.1" 500 - "-" "Mozilla/5.0 (compatible; MJ12bot/v1.4.8; http://mj12bot.com/)"
54.37.252.59 - - [03/Sep/2026:07:10:14 +0000] "GET /drivers/twilio-php-master/Twilio/Rest/IpMessaging/V2/Service/Channel/InvitePage.php HTTP/1.1" 500 - "-" "Mozilla/5.0 (compatible; MJ12bot/v1.4.8; http://mj12bot.com/)"
54.37.252.59 - - [03/Sep/2026:07:10:16 +0000] "GET /drivers/twilio-php-master/Twilio/Rest/IpMessaging/V2/Service/Channel/MemberContext.php HTTP/1.1" 500 - "-" "Mozilla/5.0 (compatible; MJ12bot/v1.4.8; http://mj12bot.com/)"
54.37.252.59 - - [03/Sep/2026:07:10:18 +0000] "GET /drivers/twilio-php-master/Twilio/Rest/IpMessaging/V2/Service/Channel/MemberInstance.php HTTP/1.1" 500 - "-" "Mozilla/5.0 (compatible; MJ12bot/v1.4.8; http://mj12bot.com/)"
54.37.252.59 - - [03/Sep/2026:07:10:20 +0000] "GET /drivers/twilio-php-master/Twilio/Rest/IpMessaging/V2/Service/Channel/MemberList.php HTTP/1.1" 500 - "-" "Mozilla/5.0 (compatible; MJ12bot/v1.4.8; http://mj12bot.com/)"
54.37.252.59 - - [03/Sep/2026:07:10:22 +0000] "GET /drivers/twilio-php-master/Twilio/Rest/IpMessaging/V2/Service/Channel/MemberOptions.php HTTP/1.1" 500 - "-" "Mozilla/5.0 (compatible; MJ12bot/v1.4.8; http://mj12bot.com/)"
54.37.252.59 - - [03/Sep/2026:07:10:24 +0000] "GET /drivers/twilio-php-master/Twilio/Rest/IpMessaging/V2/Service/Channel/MemberPage.php HTTP/1.1" 500 - "-" "Mozilla/5.0 (compatible; MJ12bot/v1.4.8; http://mj12bot.com/)"
54.37.252.59 - - [03/Sep/2026:07:10:26 +0000] "GET /drivers/twilio-php-master/Twilio/Rest/IpMessaging/V2/Service/Channel/MessageContext.php HTTP/1.1" 500 - "-" "Mozilla/5.0 (compatible; MJ12bot/v1.4.8; http://mj12bot.com/)"
54.37.252.59 - - [03/Sep/2026:07:10:28 +0000] "GET /drivers/twilio-php-master/Twilio/Rest/Notify/V1/Service/User/SegmentMembershipContext.php HTTP/1.1" 500 - "-" "Mozilla/5.0 (compatible; MJ12bot/v1.4.8; http://mj12bot.com/)"
54.37.252.59 - - [03/Sep/2026:07:10:30 +0000] "GET /drivers/twilio-php-master/Twilio/Rest/Notify/V1/Service/User/SegmentMembershipInstance.php HTTP/1.1" 500 - "-" "Mozilla/5.0 (compatible; MJ12bot/v1.4.8; http://mj12bot.com/)"
54.37.252.59 - - [03/Sep/2026:07:10:32 +0000] "GET /drivers/twilio-php-master/Twilio/Rest/Notify/V1/Service/User/SegmentMembershipList.php HTTP/1.1" 500 - "-" "Mozilla/5.0 (compatible; MJ12bot/v1.4.8; http://mj12bot.com/)"
54.37.252.59 - - [03/Sep/2026:07:10:34 +0000] "GET /drivers/twilio-php-master/Twilio/Rest/Notify/V1/Service/User/SegmentMembershipPage.php HTTP/1.1" 500 - "-" "Mozilla/5.0 (compatible; MJ12bot/v1.4.8; http://mj12bot.com/)"
54.37.252.59 - - [03/Sep/2026:07:10:36 +0000] "GET /drivers/twilio-php-master/Twilio/Rest/Preview/Sync/Service/SyncList/SyncListPermissionInstance.php HTTP/1.1" 500 - "-" "Mozilla/5.0 (compatible; MJ12bot/v1.4.8; http://mj12bot.com/)"
54.37.252.59 - - [03/Sep/2026:07:10:38 +0000] "GET /drivers/twilio-php-master/Twilio/Rest/Preview/Sync/Service/SyncList/SyncListPermissionList.php HTTP/1.1" 500 - "-" "Mozilla/5.0 (compatible; MJ12bot/v1.4.8; http://mj12bot.com/)"
54.37.252.59 - - [03/Sep/2026:07:10:40 +0000] "GET /drivers/twilio-php-master/Twilio/Rest/Preview/Sync/Service/SyncList/SyncListPermissionPage.php HTTP/1.1" 500 - "-" "Mozilla/5.0 (compatible; MJ12bot/v1.4.8; http://mj12bot.com/)"
54.37.252.59 - - [03/Sep/2026:07:10:42 +0000] "GET /drivers/twilio-php-master/Twilio/Rest/Preview/Sync/Service/SyncMap/?C=D;O=A HTTP/1.1" 200 2552 "-" "Mozilla/5.0 (compatible; MJ12bot/v1.4.8; http://mj12bot.com/)"
54.37.252.59 - - [03/Sep/2026:07:10:44 +0000] "GET /drivers/twilio-php-master/Twilio/Rest/Preview/Sync/Service/SyncMap/?C=M;O=A HTTP/1.1" 200 2552 "-" "Mozilla/5.0 (compatible; MJ12bot/v1.4.8; http://mj12bot.com/)"
54.37.252.59 - - [03/Sep/2026:07:10:45 +0000] "GET /drivers/twilio-php-master/Twilio/Rest/Preview/Sync/Service/SyncMap/?C=N;O=D HTTP/1.1" 200 2552 "-" "Mozilla/5.0 (compatible; MJ12bot/v1.4.8; http://mj12bot.com/)"
54.37.252.59 - - [03/Sep/2026:07:10:47 +0000] "GET /drivers/twilio-php-master/Twilio/Rest/Preview/Sync/Service/SyncMap/?C=S;O=A HTTP/1.1" 200 2552 "-" "Mozilla/5.0 (compatible; MJ12bot/v1.4.8; http://mj12bot.com/)"
54.37.252.59 - - [03/Sep/2026:07:10:48 +0000] "GET /drivers/twilio-php-master/Twilio/Rest/Preview/Sync/Service/SyncMap/SyncMapItemContext.php HTTP/1.1" 500 - "-" "Mozilla/5.0 (compatible; MJ12bot/v1.4.8; http://mj12bot.com/)"
54.37.252.59 - - [03/Sep/2026:07:10:50 +0000] "GET /drivers/twilio-php-master/Twilio/Rest/Preview/Sync/Service/SyncMap/SyncMapItemInstance.php HTTP/1.1" 500 - "-" "Mozilla/5.0 (compatible; MJ12bot/v1.4.8; http://mj12bot.com/)"
54.37.252.59 - - [03/Sep/2026:07:10:52 +0000] "GET /drivers/twilio-php-master/Twilio/Rest/Preview/Sync/Service/SyncMap/SyncMapItemList.php HTTP/1.1" 500 - "-" "Mozilla/5.0 (compatible; MJ12bot/v1.4.8; http://mj12bot.com/)"
54.37.252.59 - - [03/Sep/2026:07:10:54 +0000] "GET /drivers/twilio-php-master/Twilio/Rest/Preview/Sync/Service/SyncMap/SyncMapItemOptions.php HTTP/1.1" 500 - "-" "Mozilla/5.0 (compatible; MJ12bot/v1.4.8; http://mj12bot.com/)"
54.37.252.59 - - [03/Sep/2026:07:10:56 +0000] "GET /drivers/twilio-php-master/Twilio/Rest/Preview/Sync/Service/SyncMap/SyncMapItemPage.php HTTP/1.1" 500 - "-" "Mozilla/5.0 (compatible; MJ12bot/v1.4.8; http://mj12bot.com/)"
54.37.252.59 - - [03/Sep/2026:07:10:58 +0000] "GET /drivers/twilio-php-master/Twilio/Rest/Preview/Sync/Service/SyncMap/SyncMapPermissionContext.php HTTP/1.1" 500 - "-" "Mozilla/5.0 (compatible; MJ12bot/v1.4.8; http://mj12bot.com/)"
54.37.252.59 - - [03/Sep/2026:07:11:00 +0000] "GET /drivers/twilio-php-master/Twilio/Rest/Preview/Sync/Service/SyncMap/SyncMapPermissionInstance.php HTTP/1.1" 500 - "-" "Mozilla/5.0 (compatible; MJ12bot/v1.4.8; http://mj12bot.com/)"
54.37.252.59 - - [03/Sep/2026:07:11:02 +0000] "GET /drivers/twilio-php-master/Twilio/Rest/Preview/Sync/Service/SyncMap/SyncMapPermissionList.php HTTP/1.1" 500 - "-" "Mozilla/5.0 (compatible; MJ12bot/v1.4.8; http://mj12bot.com/)"
54.37.252.59 - - [03/Sep/2026:07:11:04 +0000] "GET /drivers/twilio-php-master/Twilio/Rest/Preview/Sync/Service/SyncMap/SyncMapPermissionPage.php HTTP/1.1" 500 - "-" "Mozilla/5.0 (compatible; MJ12bot/v1.4.8; http://mj12bot.com/)"
54.37.252.59 - - [03/Sep/2026:07:11:06 +0000] "GET /drivers/twilio-php-master/Twilio/Rest/Preview/Understand/Service/FieldType/?C=D;O=A HTTP/1.1" 200 1778 "-" "Mozilla/5.0 (compatible; MJ12bot/v1.4.8; http://mj12bot.com/)"
54.37.252.59 - - [03/Sep/2026:07:11:07 +0000] "GET /drivers/twilio-php-master/Twilio/Rest/Preview/Understand/Service/FieldType/?C=M;O=A HTTP/1.1" 200 1778 "-" "Mozilla/5.0 (compatible; MJ12bot/v1.4.8; http://mj12bot.com/)"
54.37.252.59 - - [03/Sep/2026:07:11:09 +0000] "GET /drivers/twilio-php-master/Twilio/Rest/Preview/Understand/Service/FieldType/?C=N;O=D HTTP/1.1" 200 1778 "-" "Mozilla/5.0 (compatible; MJ12bot/v1.4.8; http://mj12bot.com/)"
54.37.252.59 - - [03/Sep/2026:07:11:10 +0000] "GET /drivers/twilio-php-master/Twilio/Rest/Preview/Understand/Service/FieldType/?C=S;O=A HTTP/1.1" 200 1778 "-" "Mozilla/5.0 (compatible; MJ12bot/v1.4.8; http://mj12bot.com/)"
54.37.252.59 - - [03/Sep/2026:07:11:12 +0000] "GET /drivers/twilio-php-master/Twilio/Rest/Preview/Understand/Service/Intent/FieldContext.php HTTP/1.1" 500 - "-" "Mozilla/5.0 (compatible; MJ12bot/v1.4.8; http://mj12bot.com/)"
54.37.252.59 - - [03/Sep/2026:07:11:14 +0000] "GET /drivers/twilio-php-master/Twilio/Rest/Preview/Understand/Service/Intent/FieldInstance.php HTTP/1.1" 500 - "-" "Mozilla/5.0 (compatible; MJ12bot/v1.4.8; http://mj12bot.com/)"
114.119.156.190 - - [03/Sep/2026:07:11:14 +0000] "GET /assets/css.css HTTP/1.1" 200 4275 "https://www.desidrivers.com.au/assets/?C=M%3BO%3DA" "Mozilla/5.0 (Linux; Android 7.0;) AppleWebKit/537.36 (HTML, like Gecko) Mobile Safari/537.36 (compatible; PetalBot;+https://webmaster.petalsearch.com/site/petalbot)"
54.37.252.59 - - [03/Sep/2026:07:11:16 +0000] "GET /drivers/twilio-php-master/Twilio/Rest/Preview/Understand/Service/Intent/FieldList.php HTTP/1.1" 500 - "-" "Mozilla/5.0 (compatible; MJ12bot/v1.4.8; http://mj12bot.com/)"
54.37.252.59 - - [03/Sep/2026:07:11:18 +0000] "GET /drivers/twilio-php-master/Twilio/Rest/Preview/Understand/Service/Intent/FieldPage.php HTTP/1.1" 500 - "-" "Mozilla/5.0 (compatible; MJ12bot/v1.4.8; http://mj12bot.com/)"
54.37.252.59 - - [03/Sep/2026:07:11:20 +0000] "GET /drivers/twilio-php-master/Twilio/Rest/Preview/Understand/Service/Intent/SampleContext.php HTTP/1.1" 500 - "-" "Mozilla/5.0 (compatible; MJ12bot/v1.4.8; http://mj12bot.com/)"
54.37.252.59 - - [03/Sep/2026:07:11:22 +0000] "GET /drivers/twilio-php-master/Twilio/Rest/Preview/Understand/Service/Intent/SampleInstance.php HTTP/1.1" 500 - "-" "Mozilla/5.0 (compatible; MJ12bot/v1.4.8; http://mj12bot.com/)"
185.191.171.3 - - [03/Sep/2026:07:11:53 +0000] "GET /smssend.php HTTP/1.1" 200 - "-" "Mozilla/5.0 (compatible; SemrushBot/7~bl; +http://www.semrush.com/bot.html)"
114.119.136.15 - - [03/Sep/2026:07:12:59 +0000] "GET /family HTTP/1.1" 301 282 "https://www.familycab.com.au/home" "Mozilla/5.0 (Linux; Android 7.0;) AppleWebKit/537.36 (HTML, like Gecko) Mobile Safari/537.36 (compatible; PetalBot;+https://webmaster.petalsearch.com/site/petalbot)"
114.119.136.15 - - [03/Sep/2026:07:13:00 +0000] "GET /family/ HTTP/1.1" 200 198553 "https://www.familycab.com.au/home" "Mozilla/5.0 (Linux; Android 7.0;) AppleWebKit/537.36 (HTML, like Gecko) Mobile Safari/537.36 (compatible; PetalBot;+https://webmaster.petalsearch.com/site/petalbot)"
57.141.14.7 - - [03/Sep/2026:07:13:52 +0000] "GET /tollster/vendor/google/apiclient-services/src/Google/Service/AbusiveExperienceReport/Resource/?C=M;O=D HTTP/1.1" 200 1259 "-" "Mozilla/5.0 (Windows NT 10.0; Win64; x64) AppleWebKit/537.36 (KHTML, like Gecko) Chrome/145.0.0.0 Safari/537.36 (compatible; meta-externalagent/1.1 (+https://developers.facebook.com/docs/sharing/webmasters/crawler))"
185.191.171.13 - - [03/Sep/2026:07:14:36 +0000] "GET /403.shtml HTTP/1.1" 200 966 "-" "Mozilla/5.0 (compatible; SemrushBot/7~bl; +http://www.semrush.com/bot.html)"
85.208.96.193 - - [03/Sep/2026:07:16:38 +0000] "GET /search.php HTTP/1.1" 200 - "-" "Mozilla/5.0 (compatible; SemrushBot/7~bl; +http://www.semrush.com/bot.html)"
57.141.14.62 - - [03/Sep/2026:07:17:25 +0000] "GET /tollster/vendor/google/apiclient-services/src/Google/Service/TagManager/Resource/AccountsContainersWorkspacesTriggers.php HTTP/1.1" 500 - "-" "Mozilla/5.0 (Windows NT 10.0; Win64; x64) AppleWebKit/537.36 (KHTML, like Gecko) Chrome/145.0.0.0 Safari/537.36 (compatible; meta-externalagent/1.1 (+https://developers.facebook.com/docs/sharing/webmasters/crawler))"
57.141.14.96 - - [03/Sep/2026:07:17:27 +0000] "GET /google/google-api-php-client-2.2.1/vendor/google/apiclient-services/src/Google/Service/Playcustomapp/?C=S;O=D HTTP/1.1" 200 1270 "-" "Mozilla/5.0 (Macintosh; Intel Mac OS X 10_15_7) AppleWebKit/537.36 (KHTML, like Gecko) Chrome/145.0.0.0 Safari/537.36 (compatible; meta-externalagent/1.1 (+https://developers.facebook.com/docs/sharing/webmasters/crawler))"
43.165.167.72 - - [03/Sep/2026:07:17:39 +0000] "GET /oops.php HTTP/1.1" 200 - "-" "Mozilla/5.0 (iPhone; CPU iPhone OS 13_2_3 like Mac OS X) AppleWebKit/605.1.15 (KHTML, like Gecko) Version/13.0.3 Mobile/15E148 Safari/604.1"
57.141.14.64 - - [03/Sep/2026:07:18:54 +0000] "GET /tollster/vendor/google/apiclient-services/src/Google/Service/FirebaseDynamicLinks/?C=S;O=D HTTP/1.1" 200 4468 "-" "Mozilla/5.0 (Windows NT 10.0; Win64; x64) AppleWebKit/537.36 (KHTML, like Gecko) Chrome/145.0.0.0 Safari/537.36 Edg/145.0.0.0 (compatible; meta-externalagent/1.1 (+https://developers.facebook.com/docs/sharing/webmasters/crawler))"
161.153.27.58 - - [03/Sep/2026:07:19:25 +0000] "GET /desidrivers.com.au_1670936136.php HTTP/1.1" 202 - "-" "Mozilla/5.0 (X11; Linux aarch64) AppleWebKit/537.36 (KHTML, like Gecko) Chrome/139.0.0.0 Safari/537.36"
57.141.14.34 - - [03/Sep/2026:07:19:54 +0000] "GET /tollster/vendor/monolog/monolog/tests/Monolog/Handler/Fixtures/?C=D;O=D HTTP/1.1" 200 803 "-" "Mozilla/5.0 (Windows NT 10.0; Win64; x64) AppleWebKit/537.36 (KHTML, like Gecko) Chrome/145.0.0.0 Safari/537.36 (compatible; meta-externalagent/1.1 (+https://developers.facebook.com/docs/sharing/webmasters/crawler))"
57.141.14.53 - - [03/Sep/2026:07:20:14 +0000] "GET /tollster/vendor/google/apiclient-services/src/Google/Service/FirebaseDynamicLinks/Resource/?C=N;O=D HTTP/1.1" 200 1243 "-" "Mozilla/5.0 (Windows NT 10.0; Win64; x64) AppleWebKit/537.36 (KHTML, like Gecko) Chrome/145.0.0.0 Safari/537.36 (compatible; meta-externalagent/1.1 (+https://developers.facebook.com/docs/sharing/webmasters/crawler))"
5.198.254.244 - - [03/Sep/2026:07:21:48 +0000] "GET / HTTP/1.1" 200 28348 "http://desidrivers.com.au/" "Mozilla/5.0 (iPhone; CPU iPhone OS 17_3_1 like Mac OS X) AppleWebKit/605.1.15 (KHTML, like Gecko) Version/17.3.1 Mobile/15E148 Safari/604"
185.191.171.16 - - [03/Sep/2026:07:22:53 +0000] "GET /class.phpmailer.php HTTP/1.1" 200 - "-" "Mozilla/5.0 (compatible; SemrushBot/7~bl; +http://www.semrush.com/bot.html)"
57.141.14.94 - - [03/Sep/2026:07:23:10 +0000] "GET /tollster/vendor/google/apiclient-services/src/Google/Service/Dataflow/Resource/?C=D;O=D HTTP/1.1" 200 3180 "-" "Mozilla/5.0 (X11; Linux x86_64) AppleWebKit/537.36 (KHTML, like Gecko) Chrome/145.0.0.0 Safari/537.36 (compatible; meta-externalagent/1.1 (+https://developers.facebook.com/docs/sharing/webmasters/crawler))"
185.191.171.8 - - [03/Sep/2026:07:23:38 +0000] "GET /family/thankyou.php HTTP/1.1" 200 2664 "-" "Mozilla/5.0 (compatible; SemrushBot/7~bl; +http://www.semrush.com/bot.html)"
54.195.99.204 - - [03/Sep/2026:07:23:42 +0000] "POST /hooks/test_hook.php HTTP/1.1" 200 2 "-" "ReactorNetty/1.2.18"
54.195.99.204 - - [03/Sep/2026:07:23:42 +0000] "POST /hooks/index.php HTTP/1.1" 200 - "-" "ReactorNetty/1.2.18"
57.141.14.49 - - [03/Sep/2026:07:24:32 +0000] "GET /tollster/vendor/google/apiclient-services/src/Google/Service/Sheets/Resource/SpreadsheetsDeveloperMetadata.php HTTP/1.1" 500 - "-" "Mozilla/5.0 (Windows NT 10.0; Win64; x64) AppleWebKit/537.36 (KHTML, like Gecko) Chrome/145.0.0.0 Safari/537.36 (compatible; meta-externalagent/1.1 (+https://developers.facebook.com/docs/sharing/webmasters/crawler))"
57.141.14.15 - - [03/Sep/2026:07:24:46 +0000] "GET /tollster/vendor/google/apiclient-services/src/Google/Service/Pubsub/Resource/?C=D;O=D HTTP/1.1" 200 1996 "-" "Mozilla/5.0 (Windows NT 10.0; Win64; x64) AppleWebKit/537.36 (KHTML, like Gecko) Chrome/145.0.0.0 Safari/537.36 (compatible; meta-externalagent/1.1 (+https://developers.facebook.com/docs/sharing/webmasters/crawler))"
57.141.14.24 - - [03/Sep/2026:07:24:55 +0000] "GET /tollster/vendor/google/apiclient-services/src/Google/Service/Sheets/Resource/SpreadsheetsValues.php HTTP/1.1" 500 - "-" "Mozilla/5.0 (Windows NT 10.0; Win64; x64) AppleWebKit/537.36 (KHTML, like Gecko) Chrome/145.0.0.0 Safari/537.36 (compatible; meta-externalagent/1.1 (+https://developers.facebook.com/docs/sharing/webmasters/crawler))"
57.141.14.38 - - [03/Sep/2026:07:26:29 +0000] "GET /tollster/vendor/google/apiclient-services/src/Google/Service/CloudTasks/Resource/?C=S;O=D HTTP/1.1" 200 1627 "-" "Mozilla/5.0 (Windows NT 10.0; Win64; x64) AppleWebKit/537.36 (KHTML, like Gecko) Chrome/145.0.0.0 Safari/537.36 (compatible; meta-externalagent/1.1 (+https://developers.facebook.com/docs/sharing/webmasters/crawler))"
85.208.96.200 - - [03/Sep/2026:07:26:55 +0000] "GET /dispatch.php HTTP/1.1" 200 - "-" "Mozilla/5.0 (compatible; SemrushBot/7~bl; +http://www.semrush.com/bot.html)"
43.161.217.205 - - [03/Sep/2026:07:28:16 +0000] "GET /spat_test.php HTTP/1.1" 200 - "-" "Mozilla/5.0 (iPhone; CPU iPhone OS 13_2_3 like Mac OS X) AppleWebKit/605.1.15 (KHTML, like Gecko) Version/13.0.3 Mobile/15E148 Safari/604.1"
170.106.84.136 - - [03/Sep/2026:07:28:38 +0000] "GET / HTTP/1.1" 200 28348 "http://www.desidrivers.com.au" "Mozilla/5.0 (iPhone; CPU iPhone OS 13_2_3 like Mac OS X) AppleWebKit/605.1.15 (KHTML, like Gecko) Version/13.0.3 Mobile/15E148 Safari/604.1"
185.191.171.16 - - [03/Sep/2026:07:28:42 +0000] "GET /desidrivers.com.au_1637301975.php HTTP/1.1" 202 - "-" "Mozilla/5.0 (compatible; SemrushBot/7~bl; +http://www.semrush.com/bot.html)"
57.141.14.24 - - [03/Sep/2026:07:28:54 +0000] "GET /tollster/vendor/google/apiclient-services/src/Google/Service/CloudMachineLearning/Resource/?C=M;O=D HTTP/1.1" 200 1824 "-" "Mozilla/5.0 (Macintosh; Intel Mac OS X 10_15_7) AppleWebKit/537.36 (KHTML, like Gecko) Chrome/145.0.0.0 Safari/537.36 (compatible; meta-externalagent/1.1 (+https://developers.facebook.com/docs/sharing/webmasters/crawler))"
85.208.96.212 - - [03/Sep/2026:07:29:11 +0000] "GET /a_thankyou.php HTTP/1.1" 200 5112 "-" "Mozilla/5.0 (compatible; SemrushBot/7~bl; +http://www.semrush.com/bot.html)"