114.119.143.130 - - [03/Sep/2026:03:30:50 +0000] "GET /tollster/vendor/firebase/php-jwt/src/?C=D%3BO%3DA HTTP/1.1" 200 1488 "https://www.desidrivers.com.au/tollster/vendor/firebase/php-jwt/src/?C=N%3BO%3DD" "Mozilla/5.0 (Linux; Android 7.0;) AppleWebKit/537.36 (HTML, like Gecko) Mobile Safari/537.36 (compatible; PetalBot;+https://webmaster.petalsearch.com/site/petalbot)"
114.119.143.130 - - [03/Sep/2026:03:32:20 +0000] "GET /tollster/geometry-library/SphericalUtil.php HTTP/1.1" 200 - "https://www.desidrivers.com.au/tollster/geometry-library/?C=M%3BO%3DA" "Mozilla/5.0 (Linux; Android 7.0;) AppleWebKit/537.36 (HTML, like Gecko) Mobile Safari/537.36 (compatible; PetalBot;+https://webmaster.petalsearch.com/site/petalbot)"
185.191.171.2 - - [03/Sep/2026:03:32:46 +0000] "GET /desidrivers.com.au_1653458783.php HTTP/1.1" 202 - "-" "Mozilla/5.0 (compatible; SemrushBot/7~bl; +http://www.semrush.com/bot.html)"
114.119.141.9 - - [03/Sep/2026:03:34:06 +0000] "GET /tollster/encoder.php HTTP/1.1" 200 - "https://www.desidrivers.com.au/tollster/?C=D%3BO%3DA" "Mozilla/5.0 (Linux; Android 7.0;) AppleWebKit/537.36 (HTML, like Gecko) Mobile Safari/537.36 (compatible; PetalBot;+https://webmaster.petalsearch.com/site/petalbot)"
114.119.145.102 - - [03/Sep/2026:03:35:53 +0000] "GET /tollster/21.php HTTP/1.1" 200 4 "https://www.desidrivers.com.au/tollster/?C=D%3BO%3DA" "Mozilla/5.0 (Linux; Android 7.0;) AppleWebKit/537.36 (HTML, like Gecko) Mobile Safari/537.36 (compatible; PetalBot;+https://webmaster.petalsearch.com/site/petalbot)"
129.146.27.170 - - [03/Sep/2026:03:37:39 +0000] "GET /checker.php HTTP/1.1" 200 11 "-" "Mozilla/5.0 (X11; Linux aarch64) AppleWebKit/537.36 (KHTML, like Gecko) Chrome/139.0.0.0 Safari/537.36"
114.119.141.9 - - [03/Sep/2026:03:37:39 +0000] "GET /smssend.php HTTP/1.1" 200 - "https://www.desidrivers.com.au/?C=D%3BO%3DA" "Mozilla/5.0 (Linux; Android 7.0;) AppleWebKit/537.36 (HTML, like Gecko) Mobile Safari/537.36 (compatible; PetalBot;+https://webmaster.petalsearch.com/site/petalbot)"
43.165.127.225 - - [03/Sep/2026:03:38:28 +0000] "GET /desidrivers.com.au_1639152857.php HTTP/1.1" 202 - "-" "Mozilla/5.0 (iPhone; CPU iPhone OS 13_2_3 like Mac OS X) AppleWebKit/605.1.15 (KHTML, like Gecko) Version/13.0.3 Mobile/15E148 Safari/604.1"
114.119.151.172 - - [03/Sep/2026:03:39:26 +0000] "GET /google/google-api-php-client-2.2.1/vendor/psr/log/ HTTP/1.1" 200 1297 "https://www.desidrivers.com.au/google/google-api-php-client-2.2.1/vendor/psr/?C=N%3BO%3DD" "Mozilla/5.0 (Linux; Android 7.0;) AppleWebKit/537.36 (HTML, like Gecko) Mobile Safari/537.36 (compatible; PetalBot;+https://webmaster.petalsearch.com/site/petalbot)"
114.119.155.69 - - [03/Sep/2026:03:41:14 +0000] "GET /google/google-api-php-client-2.2.1/vendor/psr/cache/CHANGELOG.md HTTP/1.1" 200 746 "https://www.desidrivers.com.au/google/google-api-php-client-2.2.1/vendor/psr/cache/?C=M%3BO%3DA" "Mozilla/5.0 (Linux; Android 7.0;) AppleWebKit/537.36 (HTML, like Gecko) Mobile Safari/537.36 (compatible; PetalBot;+https://webmaster.petalsearch.com/site/petalbot)"
114.119.136.15 - - [03/Sep/2026:03:43:00 +0000] "GET /google/google-api-php-client-2.2.1/vendor/phpseclib/phpseclib/composer.json HTTP/1.1" 200 2195 "https://www.desidrivers.com.au/google/google-api-php-client-2.2.1/vendor/phpseclib/phpseclib/" "Mozilla/5.0 (Linux; Android 7.0;) AppleWebKit/537.36 (HTML, like Gecko) Mobile Safari/537.36 (compatible; PetalBot;+https://webmaster.petalsearch.com/site/petalbot)"
114.119.143.130 - - [03/Sep/2026:03:44:47 +0000] "GET /google/google-api-php-client-2.2.1/vendor/phpseclib/phpseclib/?C=D%3BO%3DA HTTP/1.1" 200 1689 "https://www.desidrivers.com.au/google/google-api-php-client-2.2.1/vendor/phpseclib/phpseclib/" "Mozilla/5.0 (Linux; Android 7.0;) AppleWebKit/537.36 (HTML, like Gecko) Mobile Safari/537.36 (compatible; PetalBot;+https://webmaster.petalsearch.com/site/petalbot)"
144.24.3.246 - - [03/Sep/2026:03:45:04 +0000] "GET /class.smtp.php HTTP/1.1" 200 - "-" "Mozilla/5.0 (X11; Linux aarch64) AppleWebKit/537.36 (KHTML, like Gecko) Chrome/139.0.0.0 Safari/537.36"
185.191.171.12 - - [03/Sep/2026:03:45:10 +0000] "GET /smsmel.php HTTP/1.1" 200 - "-" "Mozilla/5.0 (compatible; SemrushBot/7~bl; +http://www.semrush.com/bot.html)"
52.167.144.66 - - [03/Sep/2026:03:45:47 +0000] "GET /robots.txt HTTP/1.1" 404 967 "-" "Mozilla/5.0 AppleWebKit/537.36 (KHTML, like Gecko; compatible; bingbot/2.0; +http://www.bing.com/bingbot.htm) Chrome/116.0.1938.76 Safari/537.36"
85.208.96.200 - - [03/Sep/2026:03:45:58 +0000] "GET /x.php HTTP/1.1" 200 1146 "-" "Mozilla/5.0 (compatible; SemrushBot/7~bl; +http://www.semrush.com/bot.html)"
52.167.144.174 - - [03/Sep/2026:03:46:00 +0000] "GET /newcode.php HTTP/1.1" 200 5010 "-" "Mozilla/5.0 AppleWebKit/537.36 (KHTML, like Gecko; compatible; bingbot/2.0; +http://www.bing.com/bingbot.htm) Chrome/116.0.1938.76 Safari/537.36"
114.119.143.130 - - [03/Sep/2026:03:46:32 +0000] "GET /google/google-api-php-client-2.2.1/vendor/monolog/monolog/doc/?C=S%3BO%3DA HTTP/1.1" 200 1735 "https://www.desidrivers.com.au/google/google-api-php-client-2.2.1/vendor/monolog/monolog/doc/" "Mozilla/5.0 (Linux; Android 7.0;) AppleWebKit/537.36 (HTML, like Gecko) Mobile Safari/537.36 (compatible; PetalBot;+https://webmaster.petalsearch.com/site/petalbot)"
85.208.96.203 - - [03/Sep/2026:03:48:07 +0000] "GET /desidrivers.com.au_1775066775.php HTTP/1.1" 202 - "-" "Mozilla/5.0 (compatible; SemrushBot/7~bl; +http://www.semrush.com/bot.html)"
43.163.80.48 - - [03/Sep/2026:03:48:15 +0000] "GET /ims2/ HTTP/1.1" 200 4151 "-" "Mozilla/5.0 (iPhone; CPU iPhone OS 13_2_3 like Mac OS X) AppleWebKit/605.1.15 (KHTML, like Gecko) Version/13.0.3 Mobile/15E148 Safari/604.1"
114.119.141.9 - - [03/Sep/2026:03:48:20 +0000] "GET /google/google-api-php-client-2.2.1/vendor/google/auth/tests/fixtures/?C=N%3BO%3DD HTTP/1.1" 200 1358 "https://www.desidrivers.com.au/google/google-api-php-client-2.2.1/vendor/google/auth/tests/fixtures/" "Mozilla/5.0 (Linux; Android 7.0;) AppleWebKit/537.36 (HTML, like Gecko) Mobile Safari/537.36 (compatible; PetalBot;+https://webmaster.petalsearch.com/site/petalbot)"
185.191.171.19 - - [03/Sep/2026:03:49:23 +0000] "GET /listen.php HTTP/1.1" 200 - "-" "Mozilla/5.0 (compatible; SemrushBot/7~bl; +http://www.semrush.com/bot.html)"
114.119.151.172 - - [03/Sep/2026:03:50:06 +0000] "GET /google/google-api-php-client-2.2.1/vendor/google/auth/tests/HttpHandler/?C=N%3BO%3DD HTTP/1.1" 200 1418 "https://www.desidrivers.com.au/google/google-api-php-client-2.2.1/vendor/google/auth/tests/HttpHandler/" "Mozilla/5.0 (Linux; Android 7.0;) AppleWebKit/537.36 (HTML, like Gecko) Mobile Safari/537.36 (compatible; PetalBot;+https://webmaster.petalsearch.com/site/petalbot)"
114.119.155.69 - - [03/Sep/2026:03:51:54 +0000] "GET /google/google-api-php-client-2.2.1/vendor/google/auth/tests/CacheTraitTest.php HTTP/1.1" 500 - "https://www.desidrivers.com.au/google/google-api-php-client-2.2.1/vendor/google/auth/tests/" "Mozilla/5.0 (Linux; Android 7.0;) AppleWebKit/537.36 (HTML, like Gecko) Mobile Safari/537.36 (compatible; PetalBot;+https://webmaster.petalsearch.com/site/petalbot)"
66.96.209.34 - - [03/Sep/2026:03:52:01 +0000] "GET /assets/css/bootstrap.min.css HTTP/1.1" 200 121457 "https://desidrivers.com.au/family/" "Mozilla/5.0 (iPhone; CPU iPhone OS 26_6_1 like Mac OS X) AppleWebKit/605.1.15 (KHTML, like Gecko) CriOS/152.0.7977.64 Mobile/15E148 Safari/604.1"
66.96.209.34 - - [03/Sep/2026:03:52:01 +0000] "GET /family/ HTTP/1.1" 200 198553 "https://www.familycab.com.au/" "Mozilla/5.0 (iPhone; CPU iPhone OS 26_6_1 like Mac OS X) AppleWebKit/605.1.15 (KHTML, like Gecko) CriOS/152.0.7977.64 Mobile/15E148 Safari/604.1"
66.96.209.34 - - [03/Sep/2026:03:52:02 +0000] "GET /assets/js/bootstrap.min.js HTTP/1.1" 200 39680 "https://desidrivers.com.au/family/" "Mozilla/5.0 (iPhone; CPU iPhone OS 26_6_1 like Mac OS X) AppleWebKit/605.1.15 (KHTML, like Gecko) CriOS/152.0.7977.64 Mobile/15E148 Safari/604.1"
66.96.209.34 - - [03/Sep/2026:03:52:02 +0000] "GET /assets/fonts/glyphicons-halflings-regular.woff2 HTTP/1.1" 200 18028 "https://desidrivers.com.au/family/" "Mozilla/5.0 (iPhone; CPU iPhone OS 26_6_1 like Mac OS X) AppleWebKit/605.1.15 (KHTML, like Gecko) CriOS/152.0.7977.64 Mobile/15E148 Safari/604.1"
66.96.209.34 - - [03/Sep/2026:03:52:02 +0000] "GET /family/assets/js/bootstrap-timepicker.min.js HTTP/1.1" 200 18685 "https://desidrivers.com.au/family/" "Mozilla/5.0 (iPhone; CPU iPhone OS 26_6_1 like Mac OS X) AppleWebKit/605.1.15 (KHTML, like Gecko) CriOS/152.0.7977.64 Mobile/15E148 Safari/604.1"
66.96.209.34 - - [03/Sep/2026:03:52:04 +0000] "GET /family/style.json HTTP/1.1" 200 1014 "https://desidrivers.com.au/family/" "Mozilla/5.0 (iPhone; CPU iPhone OS 26_6_1 like Mac OS X) AppleWebKit/605.1.15 (KHTML, like Gecko) CriOS/152.0.7977.64 Mobile/15E148 Safari/604.1"
66.96.209.34 - - [03/Sep/2026:03:52:04 +0000] "GET /family/array.php HTTP/1.1" 200 8292 "https://desidrivers.com.au/family/" "Mozilla/5.0 (iPhone; CPU iPhone OS 26_6_1 like Mac OS X) AppleWebKit/605.1.15 (KHTML, like Gecko) CriOS/152.0.7977.64 Mobile/15E148 Safari/604.1"
66.96.209.34 - - [03/Sep/2026:03:52:04 +0000] "GET /assets/flags@2x.png HTTP/1.1" 200 173609 "https://desidrivers.com.au/family/" "Mozilla/5.0 (iPhone; CPU iPhone OS 26_6_1 like Mac OS X) AppleWebKit/605.1.15 (KHTML, like Gecko) CriOS/152.0.7977.64 Mobile/15E148 Safari/604.1"
66.96.209.34 - - [03/Sep/2026:03:52:05 +0000] "GET /favicon.ico HTTP/1.1" 200 1150 "-" "Mozilla/5.0 (iPhone; CPU iPhone OS 26_6_1 like Mac OS X) AppleWebKit/605.1.15 (KHTML, like Gecko) CriOS/152.0.7977.64 Mobile/15E148 Safari/604.1"
66.96.209.34 - - [03/Sep/2026:03:52:06 +0000] "GET /family/assets/utils.js HTTP/1.1" 200 227316 "https://desidrivers.com.au/family/" "Mozilla/5.0 (iPhone; CPU iPhone OS 26_6_1 like Mac OS X) AppleWebKit/605.1.15 (KHTML, like Gecko) CriOS/152.0.7977.64 Mobile/15E148 Safari/604.1"
66.96.209.34 - - [03/Sep/2026:03:52:14 +0000] "GET /family/ HTTP/1.1" 200 198553 "https://www.familycab.com.au/" "Mozilla/5.0 (iPhone; CPU iPhone OS 26_6_1 like Mac OS X) AppleWebKit/605.1.15 (KHTML, like Gecko) CriOS/152.0.7977.64 Mobile/15E148 Safari/604.1"
66.96.209.34 - - [03/Sep/2026:03:52:15 +0000] "GET /family/array.php HTTP/1.1" 200 8292 "https://desidrivers.com.au/family/" "Mozilla/5.0 (iPhone; CPU iPhone OS 26_6_1 like Mac OS X) AppleWebKit/605.1.15 (KHTML, like Gecko) CriOS/152.0.7977.64 Mobile/15E148 Safari/604.1"
185.191.171.4 - - [03/Sep/2026:03:53:13 +0000] "GET /test_api/ HTTP/1.1" 200 99 "-" "Mozilla/5.0 (compatible; SemrushBot/7~bl; +http://www.semrush.com/bot.html)"
114.119.143.130 - - [03/Sep/2026:03:53:40 +0000] "GET /google/google-api-php-client-2.2.1/vendor/google/auth/src/?C=D%3BO%3DA HTTP/1.1" 200 2827 "https://www.desidrivers.com.au/google/google-api-php-client-2.2.1/vendor/google/auth/src/" "Mozilla/5.0 (Linux; Android 7.0;) AppleWebKit/537.36 (HTML, like Gecko) Mobile Safari/537.36 (compatible; PetalBot;+https://webmaster.petalsearch.com/site/petalbot)"
20.104.49.130 - - [03/Sep/2026:03:53:56 +0000] "GET /wp-content/plugins/hellopress/wp_filemanager.php HTTP/1.1" 401 36 "-" "-"
20.104.49.130 - - [03/Sep/2026:03:53:57 +0000] "GET /this_is_a_new_hello_world.php HTTP/1.1" 401 36 "-" "-"
20.104.49.130 - - [03/Sep/2026:03:53:57 +0000] "GET /coffexium.php HTTP/1.1" 401 36 "-" "-"
20.104.49.130 - - [03/Sep/2026:03:53:57 +0000] "GET /simple.php HTTP/1.1" 401 36 "-" "-"
20.104.49.130 - - [03/Sep/2026:03:53:57 +0000] "GET /chosen.php HTTP/1.1" 401 36 "-" "-"
20.104.49.130 - - [03/Sep/2026:03:53:57 +0000] "GET /ops.php HTTP/1.1" 401 36 "-" "-"
20.104.49.130 - - [03/Sep/2026:03:53:57 +0000] "GET /av.php HTTP/1.1" 401 36 "-" "-"
20.104.49.130 - - [03/Sep/2026:03:53:57 +0000] "GET /sym.php HTTP/1.1" 401 36 "-" "-"
20.104.49.130 - - [03/Sep/2026:03:53:57 +0000] "GET /fling.php HTTP/1.1" 401 36 "-" "-"
20.104.49.130 - - [03/Sep/2026:03:53:57 +0000] "GET /samll.php HTTP/1.1" 401 36 "-" "-"
20.104.49.130 - - [03/Sep/2026:03:53:57 +0000] "GET /images.php HTTP/1.1" 401 36 "-" "-"
20.104.49.130 - - [03/Sep/2026:03:53:57 +0000] "GET /ano.php HTTP/1.1" 401 36 "-" "-"
20.104.49.130 - - [03/Sep/2026:03:53:58 +0000] "GET /mac.php HTTP/1.1" 401 36 "-" "-"
20.104.49.130 - - [03/Sep/2026:03:53:58 +0000] "GET /ccc.php HTTP/1.1" 401 36 "-" "-"
20.104.49.130 - - [03/Sep/2026:03:53:58 +0000] "GET /1.php HTTP/1.1" 401 36 "-" "-"
20.104.49.130 - - [03/Sep/2026:03:53:58 +0000] "GET /wp.php HTTP/1.1" 401 36 "-" "-"
20.104.49.130 - - [03/Sep/2026:03:53:58 +0000] "GET /222.php HTTP/1.1" 401 36 "-" "-"
20.104.49.130 - - [03/Sep/2026:03:53:58 +0000] "GET /k.php HTTP/1.1" 401 36 "-" "-"
20.104.49.130 - - [03/Sep/2026:03:53:58 +0000] "GET /media.php HTTP/1.1" 401 36 "-" "-"
20.104.49.130 - - [03/Sep/2026:03:53:58 +0000] "GET /zoo2.php HTTP/1.1" 401 36 "-" "-"
20.104.49.130 - - [03/Sep/2026:03:53:58 +0000] "GET /btyuio.php HTTP/1.1" 401 36 "-" "-"
20.104.49.130 - - [03/Sep/2026:03:53:58 +0000] "GET /xa.php HTTP/1.1" 401 36 "-" "-"
20.104.49.130 - - [03/Sep/2026:03:53:58 +0000] "GET /m.php HTTP/1.1" 401 36 "-" "-"
20.104.49.130 - - [03/Sep/2026:03:53:58 +0000] "GET /33.php HTTP/1.1" 401 36 "-" "-"
20.104.49.130 - - [03/Sep/2026:03:53:58 +0000] "GET /wsd.php HTTP/1.1" 401 36 "-" "-"
20.104.49.130 - - [03/Sep/2026:03:53:58 +0000] "GET /133.php HTTP/1.1" 401 36 "-" "-"
20.104.49.130 - - [03/Sep/2026:03:53:59 +0000] "GET /one.php HTTP/1.1" 401 36 "-" "-"
20.104.49.130 - - [03/Sep/2026:03:53:59 +0000] "GET /abcd.php HTTP/1.1" 401 36 "-" "-"
20.104.49.130 - - [03/Sep/2026:03:53:59 +0000] "GET /100.php HTTP/1.1" 401 36 "-" "-"
20.104.49.130 - - [03/Sep/2026:03:53:59 +0000] "GET /load.php HTTP/1.1" 401 36 "-" "-"
20.104.49.130 - - [03/Sep/2026:03:53:59 +0000] "GET /82.php HTTP/1.1" 401 36 "-" "-"
20.104.49.130 - - [03/Sep/2026:03:53:59 +0000] "GET /read.php HTTP/1.1" 401 36 "-" "-"
20.104.49.130 - - [03/Sep/2026:03:53:59 +0000] "GET /gecko-new.php HTTP/1.1" 401 36 "-" "-"
20.104.49.130 - - [03/Sep/2026:03:53:59 +0000] "GET /dehnl.php HTTP/1.1" 401 36 "-" "-"
20.104.49.130 - - [03/Sep/2026:03:53:59 +0000] "GET /yawa.php HTTP/1.1" 401 36 "-" "-"
20.104.49.130 - - [03/Sep/2026:03:53:59 +0000] "GET /dex.php HTTP/1.1" 401 36 "-" "-"
20.104.49.130 - - [03/Sep/2026:03:53:59 +0000] "GET /css.php HTTP/1.1" 401 36 "-" "-"
20.104.49.130 - - [03/Sep/2026:03:53:59 +0000] "GET /wp-css.php HTTP/1.1" 401 36 "-" "-"
20.104.49.130 - - [03/Sep/2026:03:53:59 +0000] "GET /ab.php HTTP/1.1" 401 36 "-" "-"
20.104.49.130 - - [03/Sep/2026:03:53:59 +0000] "GET /well.php HTTP/1.1" 401 36 "-" "-"
20.104.49.130 - - [03/Sep/2026:03:53:59 +0000] "GET /forum.php HTTP/1.1" 401 36 "-" "-"
20.104.49.130 - - [03/Sep/2026:03:54:00 +0000] "GET /sxxb.php HTTP/1.1" 401 36 "-" "-"
20.104.49.130 - - [03/Sep/2026:03:54:00 +0000] "GET /3.php HTTP/1.1" 401 36 "-" "-"
20.104.49.130 - - [03/Sep/2026:03:54:00 +0000] "GET /df.php HTTP/1.1" 401 36 "-" "-"
20.104.49.130 - - [03/Sep/2026:03:54:00 +0000] "GET /xmini4.php HTTP/1.1" 401 36 "-" "-"
20.104.49.130 - - [03/Sep/2026:03:54:00 +0000] "GET /xwpg.php HTTP/1.1" 401 36 "-" "-"
20.104.49.130 - - [03/Sep/2026:03:54:00 +0000] "GET /kerang.php HTTP/1.1" 401 36 "-" "-"
20.104.49.130 - - [03/Sep/2026:03:54:00 +0000] "GET /berlin.php HTTP/1.1" 401 36 "-" "-"
20.104.49.130 - - [03/Sep/2026:03:54:00 +0000] "GET /makeasmtp.php HTTP/1.1" 401 36 "-" "-"
20.104.49.130 - - [03/Sep/2026:03:54:00 +0000] "GET /wpxml.php HTTP/1.1" 401 36 "-" "-"
20.104.49.130 - - [03/Sep/2026:03:54:00 +0000] "GET /ty.php HTTP/1.1" 401 36 "-" "-"
20.104.49.130 - - [03/Sep/2026:03:54:00 +0000] "GET /dk.php HTTP/1.1" 401 36 "-" "-"
20.104.49.130 - - [03/Sep/2026:03:54:00 +0000] "GET /txets.php HTTP/1.1" 401 36 "-" "-"
20.104.49.130 - - [03/Sep/2026:03:54:00 +0000] "GET /kj.php HTTP/1.1" 401 36 "-" "-"
20.104.49.130 - - [03/Sep/2026:03:54:00 +0000] "GET /new.php HTTP/1.1" 401 36 "-" "-"
20.104.49.130 - - [03/Sep/2026:03:54:00 +0000] "GET /memberfuns.php HTTP/1.1" 401 36 "-" "-"
20.104.49.130 - - [03/Sep/2026:03:54:01 +0000] "GET /tiny2.php HTTP/1.1" 401 36 "-" "-"
20.104.49.130 - - [03/Sep/2026:03:54:01 +0000] "GET /az.php HTTP/1.1" 401 36 "-" "-"
20.104.49.130 - - [03/Sep/2026:03:54:01 +0000] "GET /v2.php HTTP/1.1" 401 36 "-" "-"
20.104.49.130 - - [03/Sep/2026:03:54:01 +0000] "GET /js.php HTTP/1.1" 401 36 "-" "-"
20.104.49.130 - - [03/Sep/2026:03:54:01 +0000] "GET /red.php HTTP/1.1" 401 36 "-" "-"
20.104.49.130 - - [03/Sep/2026:03:54:01 +0000] "GET /x1da.php HTTP/1.1" 401 36 "-" "-"
20.104.49.130 - - [03/Sep/2026:03:54:01 +0000] "GET /1xmomo.php HTTP/1.1" 401 36 "-" "-"
20.104.49.130 - - [03/Sep/2026:03:54:01 +0000] "GET /reviall.php HTTP/1.1" 401 36 "-" "-"
20.104.49.130 - - [03/Sep/2026:03:54:01 +0000] "GET /pfm.php HTTP/1.1" 401 36 "-" "-"
20.104.49.130 - - [03/Sep/2026:03:54:01 +0000] "GET /albin.php HTTP/1.1" 401 36 "-" "-"
20.104.49.130 - - [03/Sep/2026:03:54:01 +0000] "GET /wp-login.php HTTP/1.1" 401 36 "-" "-"
20.104.49.130 - - [03/Sep/2026:03:54:01 +0000] "GET /ohct.php HTTP/1.1" 401 36 "-" "-"
20.104.49.130 - - [03/Sep/2026:03:54:01 +0000] "GET /log.php HTTP/1.1" 401 36 "-" "-"
20.104.49.130 - - [03/Sep/2026:03:54:01 +0000] "GET /sta.php HTTP/1.1" 401 36 "-" "-"
20.104.49.130 - - [03/Sep/2026:03:54:02 +0000] "GET /bdroot.php HTTP/1.1" 401 36 "-" "-"
20.104.49.130 - - [03/Sep/2026:03:54:02 +0000] "GET /talkxkej.php HTTP/1.1" 401 36 "-" "-"
20.104.49.130 - - [03/Sep/2026:03:54:02 +0000] "GET /run.php HTTP/1.1" 401 36 "-" "-"
20.104.49.130 - - [03/Sep/2026:03:54:02 +0000] "GET /srontol.php HTTP/1.1" 401 36 "-" "-"
20.104.49.130 - - [03/Sep/2026:03:54:02 +0000] "GET /static.php HTTP/1.1" 401 36 "-" "-"
20.104.49.130 - - [03/Sep/2026:03:54:02 +0000] "GET /crgio.php HTTP/1.1" 401 36 "-" "-"
20.104.49.130 - - [03/Sep/2026:03:54:02 +0000] "GET /reop3.php HTTP/1.1" 401 36 "-" "-"
20.104.49.130 - - [03/Sep/2026:03:54:02 +0000] "GET /f35.update.php HTTP/1.1" 401 36 "-" "-"
20.104.49.130 - - [03/Sep/2026:03:54:02 +0000] "GET /term.php HTTP/1.1" 401 36 "-" "-"
20.104.49.130 - - [03/Sep/2026:03:54:02 +0000] "GET /sd.php HTTP/1.1" 401 36 "-" "-"
20.104.49.130 - - [03/Sep/2026:03:54:02 +0000] "GET /wp-blog-header.php HTTP/1.1" 401 36 "-" "-"
20.104.49.130 - - [03/Sep/2026:03:54:02 +0000] "GET /dragonshell.php HTTP/1.1" 401 36 "-" "-"
20.104.49.130 - - [03/Sep/2026:03:54:02 +0000] "GET /wp-blogs.php HTTP/1.1" 401 36 "-" "-"
20.104.49.130 - - [03/Sep/2026:03:54:02 +0000] "GET /worksec.php HTTP/1.1" 401 36 "-" "-"
20.104.49.130 - - [03/Sep/2026:03:54:02 +0000] "GET /browse.php HTTP/1.1" 401 36 "-" "-"
20.104.49.130 - - [03/Sep/2026:03:54:03 +0000] "GET /002.php HTTP/1.1" 401 36 "-" "-"
20.104.49.130 - - [03/Sep/2026:03:54:03 +0000] "GET /jp.php HTTP/1.1" 401 36 "-" "-"
20.104.49.130 - - [03/Sep/2026:03:54:03 +0000] "GET /about.php HTTP/1.1" 401 36 "-" "-"
20.104.49.130 - - [03/Sep/2026:03:54:03 +0000] "GET /classwithtostring.php HTTP/1.1" 401 36 "-" "-"
20.104.49.130 - - [03/Sep/2026:03:54:03 +0000] "GET /666.php HTTP/1.1" 401 36 "-" "-"
20.104.49.130 - - [03/Sep/2026:03:54:03 +0000] "GET /users.php HTTP/1.1" 401 36 "-" "-"
20.104.49.130 - - [03/Sep/2026:03:54:03 +0000] "GET /echkm.php HTTP/1.1" 401 36 "-" "-"
20.104.49.130 - - [03/Sep/2026:03:54:03 +0000] "GET /amax.php HTTP/1.1" 401 36 "-" "-"
20.104.49.130 - - [03/Sep/2026:03:54:03 +0000] "GET /init.php HTTP/1.1" 401 36 "-" "-"
20.104.49.130 - - [03/Sep/2026:03:54:03 +0000] "GET /wen.php HTTP/1.1" 401 36 "-" "-"
20.104.49.130 - - [03/Sep/2026:03:54:03 +0000] "GET /Jcrop.php HTTP/1.1" 401 36 "-" "-"
20.104.49.130 - - [03/Sep/2026:03:54:03 +0000] "GET /menu.php HTTP/1.1" 401 36 "-" "-"
20.104.49.130 - - [03/Sep/2026:03:54:03 +0000] "GET /wp-p2r3q9c8k4.php HTTP/1.1" 401 36 "-" "-"
20.104.49.130 - - [03/Sep/2026:03:54:03 +0000] "GET /ws85.php HTTP/1.1" 401 36 "-" "-"
20.104.49.130 - - [03/Sep/2026:03:54:03 +0000] "GET /wp-the.php HTTP/1.1" 401 36 "-" "-"
20.104.49.130 - - [03/Sep/2026:03:54:03 +0000] "GET /155.php HTTP/1.1" 401 36 "-" "-"
20.104.49.130 - - [03/Sep/2026:03:54:45 +0000] "GET /tool.php HTTP/1.1" 401 36 "-" "-"
20.104.49.130 - - [03/Sep/2026:03:54:45 +0000] "GET /abc.php HTTP/1.1" 401 36 "-" "-"
20.104.49.130 - - [03/Sep/2026:03:54:45 +0000] "GET /ioxi-o.php HTTP/1.1" 401 36 "-" "-"
20.104.49.130 - - [03/Sep/2026:03:54:45 +0000] "GET /bthil.php HTTP/1.1" 401 36 "-" "-"
20.104.49.130 - - [03/Sep/2026:03:54:45 +0000] "GET /xwx1.php HTTP/1.1" 401 36 "-" "-"
20.104.49.130 - - [03/Sep/2026:03:54:46 +0000] "GET /bolt.php HTTP/1.1" 401 36 "-" "-"
20.104.49.130 - - [03/Sep/2026:03:54:46 +0000] "GET /cilus.php HTTP/1.1" 401 36 "-" "-"
20.104.49.130 - - [03/Sep/2026:03:54:46 +0000] "GET /ws78.php HTTP/1.1" 401 36 "-" "-"
20.104.49.130 - - [03/Sep/2026:03:54:46 +0000] "GET /ws58.php HTTP/1.1" 401 36 "-" "-"
20.104.49.130 - - [03/Sep/2026:03:54:46 +0000] "GET /ws45.php HTTP/1.1" 401 36 "-" "-"
20.104.49.130 - - [03/Sep/2026:03:54:46 +0000] "GET /ortasekerli1.php HTTP/1.1" 401 36 "-" "-"
20.104.49.130 - - [03/Sep/2026:03:54:46 +0000] "GET /t.php HTTP/1.1" 401 36 "-" "-"
20.104.49.130 - - [03/Sep/2026:03:54:46 +0000] "GET /wp-good.php HTTP/1.1" 401 36 "-" "-"
20.104.49.130 - - [03/Sep/2026:03:54:46 +0000] "GET /as.php HTTP/1.1" 401 36 "-" "-"
20.104.49.130 - - [03/Sep/2026:03:54:46 +0000] "GET /mh.php HTTP/1.1" 401 36 "-" "-"
20.104.49.130 - - [03/Sep/2026:03:54:46 +0000] "GET /press.php HTTP/1.1" 401 36 "-" "-"
20.104.49.130 - - [03/Sep/2026:03:54:46 +0000] "GET /edit.php HTTP/1.1" 401 36 "-" "-"
172.203.190.136 - - [03/Sep/2026:03:55:16 +0000] "GET /robots.txt HTTP/1.1" 404 967 "-" "Mozilla/5.0 (Macintosh; Intel Mac OS X 10_15_7) AppleWebKit/537.36 (KHTML, like Gecko) Chrome/131.0.0.0 Safari/537.36; compatible; OAI-SearchBot/1.0; +https://openai.com/searchbot"
172.203.190.136 - - [03/Sep/2026:03:55:16 +0000] "GET /robots.txt HTTP/1.1" 404 967 "-" "Mozilla/5.0 (Macintosh; Intel Mac OS X 10_15_7) AppleWebKit/537.36 (KHTML, like Gecko) Chrome/131.0.0.0 Safari/537.36; compatible; OAI-SearchBot/1.0; +https://openai.com/searchbot"
114.119.136.15 - - [03/Sep/2026:03:55:27 +0000] "GET /google/google-api-php-client-2.2.1/src/Google/credentials.json HTTP/1.1" 200 59 "https://www.desidrivers.com.au/google/google-api-php-client-2.2.1/src/Google/?C=S%3BO%3DA" "Mozilla/5.0 (Linux; Android 7.0;) AppleWebKit/537.36 (HTML, like Gecko) Mobile Safari/537.36 (compatible; PetalBot;+https://webmaster.petalsearch.com/site/petalbot)"
85.208.96.209 - - [03/Sep/2026:03:56:10 +0000] "GET /oops.php HTTP/1.1" 200 - "-" "Mozilla/5.0 (compatible; SemrushBot/7~bl; +http://www.semrush.com/bot.html)"
114.119.143.130 - - [03/Sep/2026:03:57:14 +0000] "GET /google/google-api-php-client-2.2.1/src/Google/Service/Resource.php HTTP/1.1" 200 - "https://www.desidrivers.com.au/google/google-api-php-client-2.2.1/src/Google/Service/?C=N%3BO%3DD" "Mozilla/5.0 (Linux; Android 7.0;) AppleWebKit/537.36 (HTML, like Gecko) Mobile Safari/537.36 (compatible; PetalBot;+https://webmaster.petalsearch.com/site/petalbot)"
170.106.163.48 - - [03/Sep/2026:03:58:12 +0000] "GET /old/ HTTP/1.1" 200 32386 "-" "Mozilla/5.0 (iPhone; CPU iPhone OS 13_2_3 like Mac OS X) AppleWebKit/605.1.15 (KHTML, like Gecko) Version/13.0.3 Mobile/15E148 Safari/604.1"
66.96.209.34 - - [03/Sep/2026:03:58:34 +0000] "POST /familyPrice.php HTTP/1.1" 200 101 "https://desidrivers.com.au/family/" "Mozilla/5.0 (iPhone; CPU iPhone OS 26_6_1 like Mac OS X) AppleWebKit/605.1.15 (KHTML, like Gecko) CriOS/152.0.7977.64 Mobile/15E148 Safari/604.1"
54.91.183.220 - - [03/Sep/2026:03:58:35 +0000] "POST /hooks/sms.php HTTP/1.1" 200 18 "-" "Slackbot 1.0 (+https://api.slack.com/robots)"
114.119.156.190 - - [03/Sep/2026:03:59:00 +0000] "GET /google/google-api-php-client-2.2.1/src/Google/Service/?C=D%3BO%3DA HTTP/1.1" 200 1138 "https://www.desidrivers.com.au/google/google-api-php-client-2.2.1/src/Google/Service/?C=N%3BO%3DD" "Mozilla/5.0 (Linux; Android 7.0;) AppleWebKit/537.36 (HTML, like Gecko) Mobile Safari/537.36 (compatible; PetalBot;+https://webmaster.petalsearch.com/site/petalbot)"
114.119.156.190 - - [03/Sep/2026:04:00:46 +0000] "GET /google/google-api-php-client-2.2.1/gmailSendInvoice.php HTTP/1.1" 200 - "https://www.desidrivers.com.au/google/google-api-php-client-2.2.1/?C=S%3BO%3DA" "Mozilla/5.0 (Linux; Android 7.0;) AppleWebKit/537.36 (HTML, like Gecko) Mobile Safari/537.36 (compatible; PetalBot;+https://webmaster.petalsearch.com/site/petalbot)"
63.33.47.3 - - [03/Sep/2026:04:01:45 +0000] "POST /hooks/test_hook.php HTTP/1.1" 200 2 "-" "ReactorNetty/1.2.18"
63.33.47.3 - - [03/Sep/2026:04:01:45 +0000] "POST /hooks/index.php HTTP/1.1" 200 - "-" "ReactorNetty/1.2.18"
66.96.209.34 - - [03/Sep/2026:04:01:29 +0000] "POST /family/thankyou.php HTTP/1.1" 200 5634 "https://desidrivers.com.au/family/" "Mozilla/5.0 (iPhone; CPU iPhone OS 26_6_1 like Mac OS X) AppleWebKit/605.1.15 (KHTML, like Gecko) CriOS/152.0.7977.64 Mobile/15E148 Safari/604.1"
66.96.209.34 - - [03/Sep/2026:04:01:46 +0000] "GET /family/assets/picker/default.css HTTP/1.1" 200 2163 "https://desidrivers.com.au/family/thankyou.php" "Mozilla/5.0 (iPhone; CPU iPhone OS 26_6_1 like Mac OS X) AppleWebKit/605.1.15 (KHTML, like Gecko) CriOS/152.0.7977.64 Mobile/15E148 Safari/604.1"
66.96.209.34 - - [03/Sep/2026:04:01:47 +0000] "GET /family/assets/picker/default.time.css HTTP/1.1" 200 1655 "https://desidrivers.com.au/family/thankyou.php" "Mozilla/5.0 (iPhone; CPU iPhone OS 26_6_1 like Mac OS X) AppleWebKit/605.1.15 (KHTML, like Gecko) CriOS/152.0.7977.64 Mobile/15E148 Safari/604.1"
66.96.209.34 - - [03/Sep/2026:04:01:47 +0000] "GET /family/assets/picker/date.theme.css HTTP/1.1" 200 6480 "https://desidrivers.com.au/family/thankyou.php" "Mozilla/5.0 (iPhone; CPU iPhone OS 26_6_1 like Mac OS X) AppleWebKit/605.1.15 (KHTML, like Gecko) CriOS/152.0.7977.64 Mobile/15E148 Safari/604.1"
66.102.134.111 - - [03/Sep/2026:04:01:49 +0000] "GET /google/google-api-php-client-2.2.1/calendarAdd.php?ref=17884075344932&type=FC&url=https%3A%2F%2Fp.desidrivers.com.au%2Fa3Rq2 HTTP/1.1" 200 2 "-" "Mozilla/5.0"
66.102.134.111 - - [03/Sep/2026:04:01:53 +0000] "GET /google/google-api-php-client-2.2.1/contact.php?type=FC&name=Stephanie+Rands&phone=%2B447749565038&email=sward111%40hotmail.co.uk HTTP/1.1" 200 62 "-" "-"
66.102.134.111 - - [03/Sep/2026:04:01:54 +0000] "GET /xero/XeroOAuth-PHP-master/addContact.php?name=Stephanie+Rands&phone=%2B447749565038&email=sward111%40hotmail.co.uk HTTP/1.1" 404 967 "-" "-"
66.102.134.111 - - [03/Sep/2026:04:01:54 +0000] "GET /google/google-api-php-client-2.2.1/sheetsAdd.php?ref=17884075344932&type=FC HTTP/1.1" 500 - "-" "-"
66.102.134.111 - - [03/Sep/2026:04:01:54 +0000] "GET /google/google-api-php-client-2.2.1/gmailBookingConfirmation.php?ref=17884075344932&type=FC HTTP/1.1" 200 2 "-" "-"
66.96.209.34 - - [03/Sep/2026:04:01:47 +0000] "POST /newJob.php HTTP/1.1" 200 2 "https://desidrivers.com.au/family/thankyou.php" "Mozilla/5.0 (iPhone; CPU iPhone OS 26_6_1 like Mac OS X) AppleWebKit/605.1.15 (KHTML, like Gecko) CriOS/152.0.7977.64 Mobile/15E148 Safari/604.1"
57.141.14.56 - - [03/Sep/2026:04:02:03 +0000] "GET /drivers/twilio-php-master/Twilio/Rest/Api/V2010/Account/Usage/?C=M;O=D HTTP/1.1" 200 2638 "-" "Mozilla/5.0 (Windows NT 10.0; Win64; x64) AppleWebKit/537.36 (KHTML, like Gecko) Chrome/145.0.0.0 Safari/537.36 (compatible; meta-externalagent/1.1 (+https://developers.facebook.com/docs/sharing/webmasters/crawler))"
114.119.151.246 - - [03/Sep/2026:04:02:34 +0000] "GET /google/google-api-php-client-2.2.1/availability.html HTTP/1.1" 200 - "https://www.desidrivers.com.au/google/google-api-php-client-2.2.1/?C=S%3BO%3DA" "Mozilla/5.0 (Linux; Android 7.0;) AppleWebKit/537.36 (HTML, like Gecko) Mobile Safari/537.36 (compatible; PetalBot;+https://webmaster.petalsearch.com/site/petalbot)"
114.119.156.190 - - [03/Sep/2026:04:04:48 +0000] "GET /gcdriver/gcsedan.png HTTP/1.1" 200 2636 "https://www.desidrivers.com.au/gcdriver/" "Mozilla/5.0 (Linux; Android 7.0;) AppleWebKit/537.36 (HTML, like Gecko) Mobile Safari/537.36 (compatible; PetalBot;+https://webmaster.petalsearch.com/site/petalbot)"
114.119.145.102 - - [03/Sep/2026:04:06:07 +0000] "GET /drivers/twilio-php-master/Twilio/TwiML/Voice/Sms.php HTTP/1.1" 500 - "https://www.desidrivers.com.au/drivers/twilio-php-master/Twilio/TwiML/Voice/?C=D%3BO%3DA" "Mozilla/5.0 (Linux; Android 7.0;) AppleWebKit/537.36 (HTML, like Gecko) Mobile Safari/537.36 (compatible; PetalBot;+https://webmaster.petalsearch.com/site/petalbot)"
57.141.14.66 - - [03/Sep/2026:04:06:57 +0000] "GET /tollster/vendor/google/apiclient-services/src/Google/Service/Sheets/Resource/?C=S;O=A HTTP/1.1" 200 1613 "-" "Mozilla/5.0 (Windows NT 10.0; Win64; x64) AppleWebKit/537.36 (KHTML, like Gecko) Chrome/145.0.0.0 Safari/537.36 (compatible; meta-externalagent/1.1 (+https://developers.facebook.com/docs/sharing/webmasters/crawler))"
57.141.14.33 - - [03/Sep/2026:04:07:10 +0000] "GET /tollster/vendor/google/apiclient-services/src/Google/Service/SearchConsole/Resource/?C=M;O=A HTTP/1.1" 200 1261 "-" "Mozilla/5.0 (Macintosh; Intel Mac OS X 10_15_7) AppleWebKit/537.36 (KHTML, like Gecko) Chrome/145.0.0.0 Safari/537.36 (compatible; meta-externalagent/1.1 (+https://developers.facebook.com/docs/sharing/webmasters/crawler))"
114.119.156.190 - - [03/Sep/2026:04:07:54 +0000] "GET /drivers/twilio-php-master/Twilio/TwiML/Voice/Queue.php HTTP/1.1" 500 - "https://www.desidrivers.com.au/drivers/twilio-php-master/Twilio/TwiML/Voice/?C=D%3BO%3DA" "Mozilla/5.0 (Linux; Android 7.0;) AppleWebKit/537.36 (HTML, like Gecko) Mobile Safari/537.36 (compatible; PetalBot;+https://webmaster.petalsearch.com/site/petalbot)"
43.130.15.147 - - [03/Sep/2026:04:08:29 +0000] "GET /typeGet.php HTTP/1.1" 200 - "-" "Mozilla/5.0 (iPhone; CPU iPhone OS 13_2_3 like Mac OS X) AppleWebKit/605.1.15 (KHTML, like Gecko) Version/13.0.3 Mobile/15E148 Safari/604.1"
57.141.14.61 - - [03/Sep/2026:04:09:13 +0000] "GET /google/google-api-php-client-2.2.1/vendor/google/apiclient-services/src/Google/Service/FirebaseDynamicLinksAPI/?C=M;O=D HTTP/1.1" 200 3197 "-" "Mozilla/5.0 (Macintosh; Intel Mac OS X 10_15_7) AppleWebKit/537.36 (KHTML, like Gecko) Chrome/145.0.0.0 Safari/537.36 (compatible; meta-externalagent/1.1 (+https://developers.facebook.com/docs/sharing/webmasters/crawler))"
114.119.136.15 - - [03/Sep/2026:04:09:41 +0000] "GET /drivers/twilio-php-master/Twilio/TwiML/Voice/Dial.php HTTP/1.1" 500 - "https://www.desidrivers.com.au/drivers/twilio-php-master/Twilio/TwiML/Voice/?C=D%3BO%3DA" "Mozilla/5.0 (Linux; Android 7.0;) AppleWebKit/537.36 (HTML, like Gecko) Mobile Safari/537.36 (compatible; PetalBot;+https://webmaster.petalsearch.com/site/petalbot)"
57.141.14.103 - - [03/Sep/2026:04:10:09 +0000] "GET /tollster/vendor/google/apiclient-services/src/Google/Service/CloudNaturalLanguageAPI/Resource/?C=S;O=D HTTP/1.1" 200 1077 "-" "Mozilla/5.0 (Macintosh; Intel Mac OS X 10_15_7) AppleWebKit/537.36 (KHTML, like Gecko) Chrome/145.0.0.0 Safari/537.36 (compatible; meta-externalagent/1.1 (+https://developers.facebook.com/docs/sharing/webmasters/crawler))"
32.196.117.94 - - [03/Sep/2026:04:10:48 +0000] "GET / HTTP/1.1" 200 28348 "-" "Mozilla/5.0 (Windows NT 10.0; Win64; x64) AppleWebKit/537.36 (KHTML, like Gecko) Chrome/145.0.0.0 Safari/537.36"
114.119.145.102 - - [03/Sep/2026:04:11:27 +0000] "GET /drivers/twilio-php-master/Twilio/TwiML/Messaging/?C=M%3BO%3DA HTTP/1.1" 200 1472 "https://www.desidrivers.com.au/drivers/twilio-php-master/Twilio/TwiML/Messaging/?C=S%3BO%3DA" "Mozilla/5.0 (Linux; Android 7.0;) AppleWebKit/537.36 (HTML, like Gecko) Mobile Safari/537.36 (compatible; PetalBot;+https://webmaster.petalsearch.com/site/petalbot)"
114.119.156.190 - - [03/Sep/2026:04:13:14 +0000] "GET /drivers/twilio-php-master/Twilio/TwiML/Fax/?C=D%3BO%3DA HTTP/1.1" 200 927 "https://www.desidrivers.com.au/drivers/twilio-php-master/Twilio/TwiML/Fax/?C=M%3BO%3DA" "Mozilla/5.0 (Linux; Android 7.0;) AppleWebKit/537.36 (HTML, like Gecko) Mobile Safari/537.36 (compatible; PetalBot;+https://webmaster.petalsearch.com/site/petalbot)"
185.191.171.1 - - [03/Sep/2026:04:13:54 +0000] "GET /spatula_addFC.php HTTP/1.1" 200 5030 "-" "Mozilla/5.0 (compatible; SemrushBot/7~bl; +http://www.semrush.com/bot.html)"
184.72.84.154 - - [03/Sep/2026:04:14:01 +0000] "GET /drivers/qld_report.php HTTP/1.1" 200 997 "-" "Mozilla/5.0 AppleWebKit/537.36 (KHTML, like Gecko; compatible; Amazonbot/0.1; +https://developer.amazon.com/support/amazonbot) Chrome/119.0.6045.214 Safari/537.36"
52.4.76.156 - - [03/Sep/2026:04:14:13 +0000] "GET /google/google-api-php-client-2.2.1/vendor/psr/log/Psr/Log/Test/?C=S;O%3DA HTTP/1.1" 200 998 "-" "Mozilla/5.0 AppleWebKit/537.36 (KHTML, like Gecko; compatible; Amazonbot/0.1; +https://developer.amazon.com/support/amazonbot) Chrome/119.0.6045.214 Safari/537.36"
54.84.93.8 - - [03/Sep/2026:04:14:14 +0000] "GET /google/google-api-php-client-2.2.1/vendor/guzzlehttp/promises/LICENSE HTTP/1.1" 200 1116 "-" "Mozilla/5.0 AppleWebKit/537.36 (KHTML, like Gecko; compatible; Amazonbot/0.1; +https://developer.amazon.com/support/amazonbot) Chrome/119.0.6045.214 Safari/537.36"
3.208.146.193 - - [03/Sep/2026:04:14:16 +0000] "GET /google/google-api-php-client-2.2.1/vendor/composer/?C=N;O%3DA HTTP/1.1" 200 2430 "-" "Mozilla/5.0 AppleWebKit/537.36 (KHTML, like Gecko; compatible; Amazonbot/0.1; +https://developer.amazon.com/support/amazonbot) Chrome/119.0.6045.214 Safari/537.36"
23.23.212.212 - - [03/Sep/2026:04:14:17 +0000] "GET /drivers/twilio-php-master/Twilio/Rest/Video/V1/Room/Participant/SubscribedTrackPage.php HTTP/1.1" 500 - "-" "Mozilla/5.0 AppleWebKit/537.36 (KHTML, like Gecko; compatible; Amazonbot/0.1; +https://developer.amazon.com/support/amazonbot) Chrome/119.0.6045.214 Safari/537.36"
51.8.102.16 - - [03/Sep/2026:04:14:18 +0000] "GET /robots.txt HTTP/1.1" 404 967 "-" "Mozilla/5.0 (Macintosh; Intel Mac OS X 10_15_7) AppleWebKit/537.36 (KHTML, like Gecko) Chrome/131.0.0.0 Safari/537.36; compatible; OAI-SearchBot/1.0; +https://openai.com/searchbot"
51.8.102.16 - - [03/Sep/2026:04:14:18 +0000] "GET /robots.txt HTTP/1.1" 404 967 "-" "Mozilla/5.0 (Macintosh; Intel Mac OS X 10_15_7) AppleWebKit/537.36 (KHTML, like Gecko) Chrome/131.0.0.0 Safari/537.36; compatible; OAI-SearchBot/1.0; +https://openai.com/searchbot"
34.196.6.199 - - [03/Sep/2026:04:14:20 +0000] "GET /drivers/twilio-php-master/Services/?C=S;O%3DD HTTP/1.1" 200 897 "-" "Mozilla/5.0 AppleWebKit/537.36 (KHTML, like Gecko; compatible; Amazonbot/0.1; +https://developer.amazon.com/support/amazonbot) Chrome/119.0.6045.214 Safari/537.36"
18.214.186.220 - - [03/Sep/2026:04:14:21 +0000] "GET /drivers/twilio-php-master/Twilio/Rest/IpMessaging/V1/Service/User/UserChannelInstance.php HTTP/1.1" 500 - "-" "Mozilla/5.0 AppleWebKit/537.36 (KHTML, like Gecko; compatible; Amazonbot/0.1; +https://developer.amazon.com/support/amazonbot) Chrome/119.0.6045.214 Safari/537.36"
18.210.58.238 - - [03/Sep/2026:04:14:24 +0000] "GET /tollster/src/Google/Task/?C=S;O%3DD HTTP/1.1" 200 1233 "-" "Mozilla/5.0 AppleWebKit/537.36 (KHTML, like Gecko; compatible; Amazonbot/0.1; +https://developer.amazon.com/support/amazonbot) Chrome/119.0.6045.214 Safari/537.36"
54.166.104.83 - - [03/Sep/2026:04:14:25 +0000] "GET /tollster/vendor/guzzlehttp/guzzle/src/Exception/?C=N;O%3DA HTTP/1.1" 200 2463 "-" "Mozilla/5.0 AppleWebKit/537.36 (KHTML, like Gecko; compatible; Amazonbot/0.1; +https://developer.amazon.com/support/amazonbot) Chrome/119.0.6045.214 Safari/537.36"
18.210.58.238 - - [03/Sep/2026:04:14:29 +0000] "GET /drivers/twilio-php-master/Twilio/Rest/Accounts/V1/Credential/?C=N;O%3DA HTTP/1.1" 200 2635 "-" "Mozilla/5.0 AppleWebKit/537.36 (KHTML, like Gecko; compatible; Amazonbot/0.1; +https://developer.amazon.com/support/amazonbot) Chrome/119.0.6045.214 Safari/537.36"
3.216.227.216 - - [03/Sep/2026:04:14:33 +0000] "GET /drivers/twilio-php-master/Twilio/Rest/Chat/V2/Service/User/UserBindingList.php HTTP/1.1" 500 - "-" "Mozilla/5.0 AppleWebKit/537.36 (KHTML, like Gecko; compatible; Amazonbot/0.1; +https://developer.amazon.com/support/amazonbot) Chrome/119.0.6045.214 Safari/537.36"
3.213.106.226 - - [03/Sep/2026:04:14:37 +0000] "GET /drivers/twilio-php-master/Twilio/Rest/Chat/V1/Service/Channel/MemberInstance.php HTTP/1.1" 500 - "-" "Mozilla/5.0 AppleWebKit/537.36 (KHTML, like Gecko; compatible; Amazonbot/0.1; +https://developer.amazon.com/support/amazonbot) Chrome/119.0.6045.214 Safari/537.36"
34.236.185.101 - - [03/Sep/2026:04:14:41 +0000] "GET /tollster/vendor/google/auth/src/?C=D;O%3DD HTTP/1.1" 200 2749 "-" "Mozilla/5.0 AppleWebKit/537.36 (KHTML, like Gecko; compatible; Amazonbot/0.1; +https://developer.amazon.com/support/amazonbot) Chrome/119.0.6045.214 Safari/537.36"
54.235.158.162 - - [03/Sep/2026:04:14:45 +0000] "GET /google/google-api-php-client-2.2.1/vendor/google/auth/tests/fixtures/?C=S;O%3DD HTTP/1.1" 200 1358 "-" "Mozilla/5.0 AppleWebKit/537.36 (KHTML, like Gecko; compatible; Amazonbot/0.1; +https://developer.amazon.com/support/amazonbot) Chrome/119.0.6045.214 Safari/537.36"
54.235.191.179 - - [03/Sep/2026:04:14:50 +0000] "GET /drivers/twilio-php-master/Twilio/Rest/IpMessaging/V1/Service/Channel/MessageInstance.php HTTP/1.1" 500 - "-" "Mozilla/5.0 AppleWebKit/537.36 (KHTML, like Gecko; compatible; Amazonbot/0.1; +https://developer.amazon.com/support/amazonbot) Chrome/119.0.6045.214 Safari/537.36"
52.45.77.169 - - [03/Sep/2026:04:14:53 +0000] "GET /tollster/vendor/google/auth/src/Subscriber/?C=D;O%3DA HTTP/1.1" 200 1322 "-" "Mozilla/5.0 AppleWebKit/537.36 (KHTML, like Gecko; compatible; Amazonbot/0.1; +https://developer.amazon.com/support/amazonbot) Chrome/119.0.6045.214 Safari/537.36"
18.214.138.148 - - [03/Sep/2026:04:15:01 +0000] "GET /tollster/vendor/google/auth/tests/Cache/?C=N;O%3DD HTTP/1.1" 200 1115 "-" "Mozilla/5.0 AppleWebKit/537.36 (KHTML, like Gecko; compatible; Amazonbot/0.1; +https://developer.amazon.com/support/amazonbot) Chrome/119.0.6045.214 Safari/537.36"
114.119.151.246 - - [03/Sep/2026:04:15:02 +0000] "GET /drivers/twilio-php-master/Twilio/Stream.php HTTP/1.1" 200 - "https://www.desidrivers.com.au/drivers/twilio-php-master/Twilio/?C=S%3BO%3DA" "Mozilla/5.0 (Linux; Android 7.0;) AppleWebKit/537.36 (HTML, like Gecko) Mobile Safari/537.36 (compatible; PetalBot;+https://webmaster.petalsearch.com/site/petalbot)"
34.235.239.240 - - [03/Sep/2026:04:15:06 +0000] "GET /tollster/vendor/google/auth/tests/Credentials/?C=D;O%3DA HTTP/1.1" 200 1736 "-" "Mozilla/5.0 AppleWebKit/537.36 (KHTML, like Gecko; compatible; Amazonbot/0.1; +https://developer.amazon.com/support/amazonbot) Chrome/119.0.6045.214 Safari/537.36"
44.218.170.184 - - [03/Sep/2026:04:16:29 +0000] "GET /google/google-api-php-client-2.2.1/vendor/google/auth/tests/mocks/?C=S;O%3DD HTTP/1.1" 200 1005 "-" "Mozilla/5.0 AppleWebKit/537.36 (KHTML, like Gecko; compatible; Amazonbot/0.1; +https://developer.amazon.com/support/amazonbot) Chrome/119.0.6045.214 Safari/537.36"
54.166.104.83 - - [03/Sep/2026:04:16:41 +0000] "GET /tollster/vendor/google/auth/tests/Middleware/?C=D;O%3DA HTTP/1.1" 200 1346 "-" "Mozilla/5.0 AppleWebKit/537.36 (KHTML, like Gecko; compatible; Amazonbot/0.1; +https://developer.amazon.com/support/amazonbot) Chrome/119.0.6045.214 Safari/537.36"
114.119.156.190 - - [03/Sep/2026:04:16:49 +0000] "GET /drivers/twilio-php-master/Twilio/Rest/Wireless/?C=N%3BO%3DD HTTP/1.1" 200 1100 "https://www.desidrivers.com.au/drivers/twilio-php-master/Twilio/Rest/Wireless/" "Mozilla/5.0 (Linux; Android 7.0;) AppleWebKit/537.36 (HTML, like Gecko) Mobile Safari/537.36 (compatible; PetalBot;+https://webmaster.petalsearch.com/site/petalbot)"
57.141.14.95 - - [03/Sep/2026:04:17:25 +0000] "GET /tollster/vendor/google/apiclient-services/src/Google/Service/TagManager/Resource/?C=N;O=D HTTP/1.1" 200 3511 "-" "Mozilla/5.0 (Windows NT 10.0; Win64; x64) AppleWebKit/537.36 (KHTML, like Gecko) Chrome/145.0.0.0 Safari/537.36 (compatible; meta-externalagent/1.1 (+https://developers.facebook.com/docs/sharing/webmasters/crawler))"
43.165.4.2 - - [03/Sep/2026:04:17:34 +0000] "GET /payment/ HTTP/1.1" 200 35002 "-" "Mozilla/5.0 (iPhone; CPU iPhone OS 13_2_3 like Mac OS X) AppleWebKit/605.1.15 (KHTML, like Gecko) Version/13.0.3 Mobile/15E148 Safari/604.1"
114.119.143.130 - - [03/Sep/2026:04:18:35 +0000] "GET /drivers/twilio-php-master/Twilio/Rest/Video/V1/RoomContext.php HTTP/1.1" 500 - "https://www.desidrivers.com.au/drivers/twilio-php-master/Twilio/Rest/Video/V1/" "Mozilla/5.0 (Linux; Android 7.0;) AppleWebKit/537.36 (HTML, like Gecko) Mobile Safari/537.36 (compatible; PetalBot;+https://webmaster.petalsearch.com/site/petalbot)"
57.141.14.61 - - [03/Sep/2026:04:19:30 +0000] "GET /drivers/twilio-php-master/Twilio/Rest/Taskrouter/V1/Workspace/Workflow/?C=S;O=D HTTP/1.1" 200 3902 "-" "Mozilla/5.0 (Windows NT 10.0; Win64; x64) AppleWebKit/537.36 (KHTML, like Gecko) Chrome/145.0.0.0 Safari/537.36 (compatible; meta-externalagent/1.1 (+https://developers.facebook.com/docs/sharing/webmasters/crawler))"
114.119.136.15 - - [03/Sep/2026:04:20:21 +0000] "GET /drivers/twilio-php-master/Twilio/Rest/Video/V1/RecordingContext.php HTTP/1.1" 500 - "https://www.desidrivers.com.au/drivers/twilio-php-master/Twilio/Rest/Video/V1/" "Mozilla/5.0 (Linux; Android 7.0;) AppleWebKit/537.36 (HTML, like Gecko) Mobile Safari/537.36 (compatible; PetalBot;+https://webmaster.petalsearch.com/site/petalbot)"
94.154.43.180 - - [03/Sep/2026:04:22:07 +0000] "GET /.env.local HTTP/1.1" 404 967 "-" "Mozilla/5.0 (Windows NT 10.0; Win64; x64) AppleWebKit/537.36 (KHTML, like Gecko) Chrome/147.0.0.0 Safari/537.36"
114.119.156.190 - - [03/Sep/2026:04:22:10 +0000] "GET /drivers/twilio-php-master/Twilio/Rest/Video/V1/CompositionList.php HTTP/1.1" 500 - "https://www.desidrivers.com.au/drivers/twilio-php-master/Twilio/Rest/Video/V1/" "Mozilla/5.0 (Linux; Android 7.0;) AppleWebKit/537.36 (HTML, like Gecko) Mobile Safari/537.36 (compatible; PetalBot;+https://webmaster.petalsearch.com/site/petalbot)"
114.119.155.69 - - [03/Sep/2026:04:23:57 +0000] "GET /drivers/twilio-php-master/Twilio/Rest/Video/V1/?C=M%3BO%3DA HTTP/1.1" 200 3724 "https://www.desidrivers.com.au/drivers/twilio-php-master/Twilio/Rest/Video/V1/" "Mozilla/5.0 (Linux; Android 7.0;) AppleWebKit/537.36 (HTML, like Gecko) Mobile Safari/537.36 (compatible; PetalBot;+https://webmaster.petalsearch.com/site/petalbot)"
54.195.99.204 - - [03/Sep/2026:04:24:49 +0000] "POST /hooks/index.php HTTP/1.1" 200 - "-" "ReactorNetty/1.2.18"
54.195.99.204 - - [03/Sep/2026:04:24:49 +0000] "POST /hooks/test_hook.php HTTP/1.1" 200 2 "-" "ReactorNetty/1.2.18"
54.195.99.204 - - [03/Sep/2026:04:24:51 +0000] "POST /hooks/test_hook.php HTTP/1.1" 200 2 "-" "ReactorNetty/1.2.18"
54.195.99.204 - - [03/Sep/2026:04:24:51 +0000] "POST /hooks/index.php HTTP/1.1" 200 - "-" "ReactorNetty/1.2.18"
98.92.22.130 - - [03/Sep/2026:04:24:52 +0000] "POST /hooks/sms.php HTTP/1.1" 200 18 "-" "Slackbot 1.0 (+https://api.slack.com/robots)"
114.119.145.102 - - [03/Sep/2026:04:25:43 +0000] "GET /drivers/twilio-php-master/Twilio/Rest/Video/?C=M%3BO%3DA HTTP/1.1" 200 1094 "https://www.desidrivers.com.au/drivers/twilio-php-master/Twilio/Rest/Video/?C=D%3BO%3DA" "Mozilla/5.0 (Linux; Android 7.0;) AppleWebKit/537.36 (HTML, like Gecko) Mobile Safari/537.36 (compatible; PetalBot;+https://webmaster.petalsearch.com/site/petalbot)"
57.141.14.30 - - [03/Sep/2026:04:26:17 +0000] "GET /google/google-api-php-client-2.2.1/vendor/google/apiclient-services/src/Google/Service/Oauth2/?C=M;O=D HTTP/1.1" 200 1794 "-" "Mozilla/5.0 (Windows NT 10.0; Win64; x64) AppleWebKit/537.36 (KHTML, like Gecko) Chrome/145.0.0.0 Safari/537.36 (compatible; meta-externalagent/1.1 (+https://developers.facebook.com/docs/sharing/webmasters/crawler))"
57.141.14.76 - - [03/Sep/2026:04:27:23 +0000] "GET /tollster/vendor/google/apiclient-services/src/Google/Service/Storagetransfer/Resource/?C=D;O=D HTTP/1.1" 200 1442 "-" "Mozilla/5.0 (Windows NT 10.0; Win64; x64) AppleWebKit/537.36 (KHTML, like Gecko) Chrome/145.0.0.0 Safari/537.36 (compatible; meta-externalagent/1.1 (+https://developers.facebook.com/docs/sharing/webmasters/crawler))"
114.119.151.246 - - [03/Sep/2026:04:27:30 +0000] "GET /drivers/twilio-php-master/Twilio/Rest/Trunking/V1/TrunkPage.php HTTP/1.1" 500 - "https://www.desidrivers.com.au/drivers/twilio-php-master/Twilio/Rest/Trunking/V1/?C=D%3BO%3DA" "Mozilla/5.0 (Linux; Android 7.0;) AppleWebKit/537.36 (HTML, like Gecko) Mobile Safari/537.36 (compatible; PetalBot;+https://webmaster.petalsearch.com/site/petalbot)"
43.157.149.188 - - [03/Sep/2026:04:27:33 +0000] "GET /old/desis/blog_faq.php HTTP/1.1" 404 967 "-" "Mozilla/5.0 (iPhone; CPU iPhone OS 13_2_3 like Mac OS X) AppleWebKit/605.1.15 (KHTML, like Gecko) Version/13.0.3 Mobile/15E148 Safari/604.1"
85.208.96.205 - - [03/Sep/2026:04:28:16 +0000] "GET /robots.txt HTTP/1.1" 404 967 "-" "Mozilla/5.0 (compatible; SemrushBot/7~bl; +http://www.semrush.com/bot.html)"
185.191.171.1 - - [03/Sep/2026:04:28:16 +0000] "GET /jobcancel.php HTTP/1.1" 200 6736 "-" "Mozilla/5.0 (compatible; SemrushBot/7~bl; +http://www.semrush.com/bot.html)"
114.119.141.9 - - [03/Sep/2026:04:29:16 +0000] "GET /drivers/twilio-php-master/Twilio/Rest/Trunking/V1/TrunkOptions.php HTTP/1.1" 500 - "https://www.desidrivers.com.au/drivers/twilio-php-master/Twilio/Rest/Trunking/V1/?C=D%3BO%3DA" "Mozilla/5.0 (Linux; Android 7.0;) AppleWebKit/537.36 (HTML, like Gecko) Mobile Safari/537.36 (compatible; PetalBot;+https://webmaster.petalsearch.com/site/petalbot)"
85.208.96.210 - - [03/Sep/2026:04:29:35 +0000] "GET /desidrivers.com.au_1746943553.php HTTP/1.1" 202 - "-" "Mozilla/5.0 (compatible; SemrushBot/7~bl; +http://www.semrush.com/bot.html)"
49.196.187.206 - - [03/Sep/2026:04:30:04 +0000] "GET /smsconfirm.php?type=FC&ref=1788398993516 HTTP/1.1" 200 11793 "android-app://com.slack/" "Mozilla/5.0 (Linux; Android 10; K) AppleWebKit/537.36 (KHTML, like Gecko) SamsungBrowser/30.0 Chrome/143.0.0.0 Mobile Safari/537.36"
49.196.187.206 - - [03/Sep/2026:04:30:04 +0000] "POST /smssend.php HTTP/1.1" 200 2 "https://desidrivers.com.au/smsconfirm.php?type=FC&ref=1788398993516" "Mozilla/5.0 (Linux; Android 10; K) AppleWebKit/537.36 (KHTML, like Gecko) SamsungBrowser/30.0 Chrome/143.0.0.0 Mobile Safari/537.36"
49.196.187.206 - - [03/Sep/2026:04:30:05 +0000] "POST /smssend.php HTTP/1.1" 200 2 "https://desidrivers.com.au/smsconfirm.php?type=FC&ref=1788398993516" "Mozilla/5.0 (Linux; Android 10; K) AppleWebKit/537.36 (KHTML, like Gecko) SamsungBrowser/30.0 Chrome/143.0.0.0 Mobile Safari/537.36"
49.196.187.206 - - [03/Sep/2026:04:30:07 +0000] "GET /jobcancel.php?ref=1788398993516&type=FC HTTP/1.1" 200 16284 "https://desidrivers.com.au/smsconfirm.php?type=FC&ref=1788398993516" "Mozilla/5.0 (Linux; Android 10; K) AppleWebKit/537.36 (KHTML, like Gecko) SamsungBrowser/30.0 Chrome/143.0.0.0 Mobile Safari/537.36"
49.196.187.206 - - [03/Sep/2026:04:30:11 +0000] "POST /dispatch.php HTTP/1.1" 200 2 "https://desidrivers.com.au/jobcancel.php?ref=1788398993516&type=FC" "Mozilla/5.0 (Linux; Android 10; K) AppleWebKit/537.36 (KHTML, like Gecko) SamsungBrowser/30.0 Chrome/143.0.0.0 Mobile Safari/537.36"
54.195.99.204 - - [03/Sep/2026:04:30:12 +0000] "POST /hooks/test_hook.php HTTP/1.1" 200 2 "-" "ReactorNetty/1.2.18"
54.195.99.204 - - [03/Sep/2026:04:30:12 +0000] "POST /hooks/index.php HTTP/1.1" 200 - "-" "ReactorNetty/1.2.18"
63.33.47.3 - - [03/Sep/2026:04:30:16 +0000] "POST /hooks/test_hook.php HTTP/1.1" 200 2 "-" "ReactorNetty/1.2.18"
63.33.47.3 - - [03/Sep/2026:04:30:16 +0000] "POST /hooks/index.php HTTP/1.1" 200 - "-" "ReactorNetty/1.2.18"
49.196.187.206 - - [03/Sep/2026:04:30:18 +0000] "GET /smsconfirm.php?type=FC&ref=17884075344932 HTTP/1.1" 200 11802 "https://p.desidrivers.com.au/" "Mozilla/5.0 (Linux; Android 10; K) AppleWebKit/537.36 (KHTML, like Gecko) SamsungBrowser/30.0 Chrome/143.0.0.0 Mobile Safari/537.36"
49.196.187.206 - - [03/Sep/2026:04:30:19 +0000] "POST /smssend.php HTTP/1.1" 200 2 "https://desidrivers.com.au/smsconfirm.php?type=FC&ref=17884075344932" "Mozilla/5.0 (Linux; Android 10; K) AppleWebKit/537.36 (KHTML, like Gecko) SamsungBrowser/30.0 Chrome/143.0.0.0 Mobile Safari/537.36"
49.196.187.206 - - [03/Sep/2026:04:30:12 +0000] "POST /update.php HTTP/1.1" 200 2 "https://desidrivers.com.au/jobcancel.php?ref=1788398993516&type=FC" "Mozilla/5.0 (Linux; Android 10; K) AppleWebKit/537.36 (KHTML, like Gecko) SamsungBrowser/30.0 Chrome/143.0.0.0 Mobile Safari/537.36"
49.196.187.206 - - [03/Sep/2026:04:30:22 +0000] "POST /smssend.php HTTP/1.1" 200 2 "https://desidrivers.com.au/smsconfirm.php?type=FC&ref=17884075344932" "Mozilla/5.0 (Linux; Android 10; K) AppleWebKit/537.36 (KHTML, like Gecko) SamsungBrowser/30.0 Chrome/143.0.0.0 Mobile Safari/537.36"
49.196.187.206 - - [03/Sep/2026:04:30:23 +0000] "GET /jobcancel.php?ref=17884075344932&type=FC HTTP/1.1" 200 16298 "https://desidrivers.com.au/smsconfirm.php?type=FC&ref=17884075344932" "Mozilla/5.0 (Linux; Android 10; K) AppleWebKit/537.36 (KHTML, like Gecko) SamsungBrowser/30.0 Chrome/143.0.0.0 Mobile Safari/537.36"
49.196.187.206 - - [03/Sep/2026:04:30:27 +0000] "POST /dispatch.php HTTP/1.1" 200 2 "https://desidrivers.com.au/jobcancel.php?ref=17884075344932&type=FC" "Mozilla/5.0 (Linux; Android 10; K) AppleWebKit/537.36 (KHTML, like Gecko) SamsungBrowser/30.0 Chrome/143.0.0.0 Mobile Safari/537.36"
54.195.99.204 - - [03/Sep/2026:04:30:28 +0000] "POST /hooks/test_hook.php HTTP/1.1" 200 2 "-" "ReactorNetty/1.2.18"
54.195.99.204 - - [03/Sep/2026:04:30:28 +0000] "POST /hooks/index.php HTTP/1.1" 200 - "-" "ReactorNetty/1.2.18"
54.195.99.204 - - [03/Sep/2026:04:30:33 +0000] "POST /hooks/test_hook.php HTTP/1.1" 200 2 "-" "ReactorNetty/1.2.18"
54.195.99.204 - - [03/Sep/2026:04:30:33 +0000] "POST /hooks/index.php HTTP/1.1" 200 - "-" "ReactorNetty/1.2.18"
49.196.187.206 - - [03/Sep/2026:04:30:28 +0000] "POST /update.php HTTP/1.1" 200 2 "https://desidrivers.com.au/jobcancel.php?ref=17884075344932&type=FC" "Mozilla/5.0 (Linux; Android 10; K) AppleWebKit/537.36 (KHTML, like Gecko) SamsungBrowser/30.0 Chrome/143.0.0.0 Mobile Safari/537.36"
