195.178.110.31 - - [03/Sep/2026:03:13:55 +0000] "POST /signup HTTP/1.1" 404 967 "-" "Mozilla/5.0 (Windows NT 10.0; Win64; x64) Chrome/120.0.0.0"
195.178.110.31 - - [03/Sep/2026:03:13:55 +0000] "POST /signup HTTP/1.1" 404 967 "-" "Mozilla/5.0 (Windows NT 10.0; Win64; x64) Chrome/120.0.0.0"
195.178.110.31 - - [03/Sep/2026:03:13:56 +0000] "POST /signup HTTP/1.1" 404 967 "-" "Mozilla/5.0 (Windows NT 10.0; Win64; x64) Chrome/120.0.0.0"
51.75.129.178 - - [03/Sep/2026:03:13:58 +0000] "GET /tollster/vendor/monolog/monolog/tests/Monolog/Handler/ErrorLogHandlerTest.php HTTP/1.1" 500 - "-" "Mozilla/5.0 (compatible; MJ12bot/v1.4.8; http://mj12bot.com/)"
195.178.110.31 - - [03/Sep/2026:03:14:00 +0000] "POST /register HTTP/1.1" 404 967 "-" "Mozilla/5.0 (Windows NT 10.0; Win64; x64) Chrome/120.0.0.0"
195.178.110.31 - - [03/Sep/2026:03:14:01 +0000] "POST /register HTTP/1.1" 404 967 "-" "Mozilla/5.0 (Windows NT 10.0; Win64; x64) Chrome/120.0.0.0"
51.75.129.178 - - [03/Sep/2026:03:14:01 +0000] "GET /tollster/vendor/monolog/monolog/tests/Monolog/Handler/FilterHandlerTest.php HTTP/1.1" 500 - "-" "Mozilla/5.0 (compatible; MJ12bot/v1.4.8; http://mj12bot.com/)"
195.178.110.31 - - [03/Sep/2026:03:14:02 +0000] "POST /register HTTP/1.1" 404 967 "-" "Mozilla/5.0 (Windows NT 10.0; Win64; x64) Chrome/120.0.0.0"
195.178.110.31 - - [03/Sep/2026:03:14:03 +0000] "POST /register HTTP/1.1" 404 967 "-" "Mozilla/5.0 (Windows NT 10.0; Win64; x64) Chrome/120.0.0.0"
195.178.110.31 - - [03/Sep/2026:03:14:03 +0000] "POST /register HTTP/1.1" 404 967 "-" "Mozilla/5.0 (Windows NT 10.0; Win64; x64) Chrome/120.0.0.0"
195.178.110.31 - - [03/Sep/2026:03:14:03 +0000] "POST /register HTTP/1.1" 404 967 "-" "Mozilla/5.0 (Windows NT 10.0; Win64; x64) Chrome/120.0.0.0"
195.178.110.31 - - [03/Sep/2026:03:14:04 +0000] "POST /register HTTP/1.1" 404 967 "-" "Mozilla/5.0 (Windows NT 10.0; Win64; x64) Chrome/120.0.0.0"
195.178.110.31 - - [03/Sep/2026:03:14:04 +0000] "POST /register HTTP/1.1" 404 967 "-" "Mozilla/5.0 (Windows NT 10.0; Win64; x64) Chrome/120.0.0.0"
195.178.110.31 - - [03/Sep/2026:03:14:05 +0000] "POST /register HTTP/1.1" 404 967 "-" "Mozilla/5.0 (Windows NT 10.0; Win64; x64) Chrome/120.0.0.0"
51.75.129.178 - - [03/Sep/2026:03:14:05 +0000] "GET /tollster/vendor/monolog/monolog/tests/Monolog/Handler/FingersCrossedHandlerTest.php HTTP/1.1" 500 - "-" "Mozilla/5.0 (compatible; MJ12bot/v1.4.8; http://mj12bot.com/)"
195.178.110.31 - - [03/Sep/2026:03:14:05 +0000] "POST /register HTTP/1.1" 404 967 "-" "Mozilla/5.0 (Windows NT 10.0; Win64; x64) Chrome/120.0.0.0"
51.75.129.178 - - [03/Sep/2026:03:14:09 +0000] "GET /tollster/vendor/monolog/monolog/tests/Monolog/Handler/FirePHPHandlerTest.php HTTP/1.1" 500 - "-" "Mozilla/5.0 (compatible; MJ12bot/v1.4.8; http://mj12bot.com/)"
195.178.110.31 - - [03/Sep/2026:03:14:10 +0000] "POST /api/auth/signin HTTP/1.1" 404 967 "-" "Mozilla/5.0 (Windows NT 10.0; Win64; x64) Chrome/120.0.0.0"
195.178.110.31 - - [03/Sep/2026:03:14:10 +0000] "POST /api/auth/signin HTTP/1.1" 404 967 "-" "Mozilla/5.0 (Windows NT 10.0; Win64; x64) Chrome/120.0.0.0"
51.75.129.178 - - [03/Sep/2026:03:14:13 +0000] "GET /tollster/vendor/monolog/monolog/tests/Monolog/Handler/FleepHookHandlerTest.php HTTP/1.1" 500 - "-" "Mozilla/5.0 (compatible; MJ12bot/v1.4.8; http://mj12bot.com/)"
195.178.110.31 - - [03/Sep/2026:03:14:14 +0000] "POST /api/auth/signin HTTP/1.1" 404 967 "-" "Mozilla/5.0 (Windows NT 10.0; Win64; x64) Chrome/120.0.0.0"
195.178.110.31 - - [03/Sep/2026:03:14:14 +0000] "POST /api/auth/signin HTTP/1.1" 404 967 "-" "Mozilla/5.0 (Windows NT 10.0; Win64; x64) Chrome/120.0.0.0"
195.178.110.31 - - [03/Sep/2026:03:14:15 +0000] "POST /api/auth/signin HTTP/1.1" 404 967 "-" "Mozilla/5.0 (Windows NT 10.0; Win64; x64) Chrome/120.0.0.0"
195.178.110.31 - - [03/Sep/2026:03:14:16 +0000] "POST /api/auth/signin HTTP/1.1" 404 967 "-" "Mozilla/5.0 (Windows NT 10.0; Win64; x64) Chrome/120.0.0.0"
51.75.129.178 - - [03/Sep/2026:03:14:16 +0000] "GET /tollster/vendor/monolog/monolog/tests/Monolog/Handler/FlowdockHandlerTest.php HTTP/1.1" 500 - "-" "Mozilla/5.0 (compatible; MJ12bot/v1.4.8; http://mj12bot.com/)"
195.178.110.31 - - [03/Sep/2026:03:14:20 +0000] "POST /dashboard HTTP/1.1" 404 967 "-" "Mozilla/5.0 (Windows NT 10.0; Win64; x64) Chrome/120.0.0.0"
195.178.110.31 - - [03/Sep/2026:03:14:20 +0000] "POST /dashboard HTTP/1.1" 404 967 "-" "Mozilla/5.0 (Windows NT 10.0; Win64; x64) Chrome/120.0.0.0"
195.178.110.31 - - [03/Sep/2026:03:14:20 +0000] "POST /dashboard HTTP/1.1" 404 967 "-" "Mozilla/5.0 (Windows NT 10.0; Win64; x64) Chrome/120.0.0.0"
51.75.129.178 - - [03/Sep/2026:03:14:21 +0000] "GET /tollster/vendor/monolog/monolog/tests/Monolog/Handler/GelfHandlerLegacyTest.php HTTP/1.1" 500 - "-" "Mozilla/5.0 (compatible; MJ12bot/v1.4.8; http://mj12bot.com/)"
51.75.129.178 - - [03/Sep/2026:03:14:25 +0000] "GET /tollster/vendor/monolog/monolog/tests/Monolog/Handler/GelfHandlerTest.php HTTP/1.1" 500 - "-" "Mozilla/5.0 (compatible; MJ12bot/v1.4.8; http://mj12bot.com/)"
195.178.110.31 - - [03/Sep/2026:03:14:25 +0000] "POST /dashboard HTTP/1.1" 404 967 "-" "Mozilla/5.0 (Windows NT 10.0; Win64; x64) Chrome/120.0.0.0"
51.75.129.178 - - [03/Sep/2026:03:14:28 +0000] "GET /tollster/vendor/monolog/monolog/tests/Monolog/Handler/GelfMockMessagePublisher.php HTTP/1.1" 500 - "-" "Mozilla/5.0 (compatible; MJ12bot/v1.4.8; http://mj12bot.com/)"
195.178.110.31 - - [03/Sep/2026:03:14:31 +0000] "POST /admin HTTP/1.1" 404 967 "-" "Mozilla/5.0 (Windows NT 10.0; Win64; x64) Chrome/120.0.0.0"
51.75.129.178 - - [03/Sep/2026:03:14:31 +0000] "GET /tollster/vendor/monolog/monolog/tests/Monolog/Handler/GroupHandlerTest.php HTTP/1.1" 500 - "-" "Mozilla/5.0 (compatible; MJ12bot/v1.4.8; http://mj12bot.com/)"
51.75.129.178 - - [03/Sep/2026:03:14:34 +0000] "GET /tollster/vendor/monolog/monolog/tests/Monolog/Handler/HandlerWrapperTest.php HTTP/1.1" 500 - "-" "Mozilla/5.0 (compatible; MJ12bot/v1.4.8; http://mj12bot.com/)"
195.178.110.31 - - [03/Sep/2026:03:14:34 +0000] "POST /admin HTTP/1.1" 404 967 "-" "Mozilla/5.0 (Windows NT 10.0; Win64; x64) Chrome/120.0.0.0"
195.178.110.31 - - [03/Sep/2026:03:14:36 +0000] "POST /admin HTTP/1.1" 404 967 "-" "Mozilla/5.0 (Windows NT 10.0; Win64; x64) Chrome/120.0.0.0"
51.75.129.178 - - [03/Sep/2026:03:14:37 +0000] "GET /tollster/vendor/monolog/monolog/tests/Monolog/Handler/HipChatHandlerTest.php HTTP/1.1" 500 - "-" "Mozilla/5.0 (compatible; MJ12bot/v1.4.8; http://mj12bot.com/)"
195.178.110.31 - - [03/Sep/2026:03:14:38 +0000] "POST /admin HTTP/1.1" 404 967 "-" "Mozilla/5.0 (Windows NT 10.0; Win64; x64) Chrome/120.0.0.0"
195.178.110.31 - - [03/Sep/2026:03:14:39 +0000] "POST /account HTTP/1.1" 404 967 "-" "Mozilla/5.0 (Windows NT 10.0; Win64; x64) Chrome/120.0.0.0"
195.178.110.31 - - [03/Sep/2026:03:14:39 +0000] "POST /account HTTP/1.1" 404 967 "-" "Mozilla/5.0 (Windows NT 10.0; Win64; x64) Chrome/120.0.0.0"
195.178.110.31 - - [03/Sep/2026:03:14:40 +0000] "POST /account HTTP/1.1" 404 967 "-" "Mozilla/5.0 (Windows NT 10.0; Win64; x64) Chrome/120.0.0.0"
195.178.110.31 - - [03/Sep/2026:03:14:40 +0000] "POST /account HTTP/1.1" 404 967 "-" "Mozilla/5.0 (Windows NT 10.0; Win64; x64) Chrome/120.0.0.0"
51.75.129.178 - - [03/Sep/2026:03:14:40 +0000] "GET /tollster/vendor/monolog/monolog/tests/Monolog/Handler/LogEntriesHandlerTest.php HTTP/1.1" 500 - "-" "Mozilla/5.0 (compatible; MJ12bot/v1.4.8; http://mj12bot.com/)"
195.178.110.31 - - [03/Sep/2026:03:14:42 +0000] "POST /account HTTP/1.1" 404 967 "-" "Mozilla/5.0 (Windows NT 10.0; Win64; x64) Chrome/120.0.0.0"
195.178.110.31 - - [03/Sep/2026:03:14:44 +0000] "POST /account HTTP/1.1" 404 967 "-" "Mozilla/5.0 (Windows NT 10.0; Win64; x64) Chrome/120.0.0.0"
195.178.110.31 - - [03/Sep/2026:03:14:44 +0000] "POST /account HTTP/1.1" 404 967 "-" "Mozilla/5.0 (Windows NT 10.0; Win64; x64) Chrome/120.0.0.0"
195.178.110.31 - - [03/Sep/2026:03:14:45 +0000] "POST /account HTTP/1.1" 404 967 "-" "Mozilla/5.0 (Windows NT 10.0; Win64; x64) Chrome/120.0.0.0"
51.75.129.178 - - [03/Sep/2026:03:14:45 +0000] "GET /tollster/vendor/monolog/monolog/tests/Monolog/Handler/MailHandlerTest.php HTTP/1.1" 500 - "-" "Mozilla/5.0 (compatible; MJ12bot/v1.4.8; http://mj12bot.com/)"
195.178.110.31 - - [03/Sep/2026:03:14:45 +0000] "POST /account HTTP/1.1" 404 967 "-" "Mozilla/5.0 (Windows NT 10.0; Win64; x64) Chrome/120.0.0.0"
51.75.129.178 - - [03/Sep/2026:03:14:52 +0000] "GET /tollster/vendor/monolog/monolog/tests/Monolog/Handler/MockRavenClient.php HTTP/1.1" 500 - "-" "Mozilla/5.0 (compatible; MJ12bot/v1.4.8; http://mj12bot.com/)"
195.178.110.31 - - [03/Sep/2026:03:14:53 +0000] "POST /auth/callback HTTP/1.1" 404 967 "-" "Mozilla/5.0 (Windows NT 10.0; Win64; x64) Chrome/120.0.0.0"
195.178.110.31 - - [03/Sep/2026:03:14:54 +0000] "POST /auth/callback HTTP/1.1" 404 967 "-" "Mozilla/5.0 (Windows NT 10.0; Win64; x64) Chrome/120.0.0.0"
195.178.110.31 - - [03/Sep/2026:03:14:55 +0000] "POST /auth/callback HTTP/1.1" 404 967 "-" "Mozilla/5.0 (Windows NT 10.0; Win64; x64) Chrome/120.0.0.0"
195.178.110.31 - - [03/Sep/2026:03:14:55 +0000] "POST /auth/callback HTTP/1.1" 404 967 "-" "Mozilla/5.0 (Windows NT 10.0; Win64; x64) Chrome/120.0.0.0"
51.75.129.178 - - [03/Sep/2026:03:14:55 +0000] "GET /tollster/vendor/monolog/monolog/tests/Monolog/Handler/MongoDBHandlerTest.php HTTP/1.1" 500 - "-" "Mozilla/5.0 (compatible; MJ12bot/v1.4.8; http://mj12bot.com/)"
195.178.110.31 - - [03/Sep/2026:03:14:55 +0000] "POST /auth/callback HTTP/1.1" 404 967 "-" "Mozilla/5.0 (Windows NT 10.0; Win64; x64) Chrome/120.0.0.0"
195.178.110.31 - - [03/Sep/2026:03:14:57 +0000] "POST /auth/callback HTTP/1.1" 404 967 "-" "Mozilla/5.0 (Windows NT 10.0; Win64; x64) Chrome/120.0.0.0"
51.75.129.178 - - [03/Sep/2026:03:14:58 +0000] "GET /tollster/vendor/monolog/monolog/tests/Monolog/Handler/NativeMailerHandlerTest.php HTTP/1.1" 500 - "-" "Mozilla/5.0 (compatible; MJ12bot/v1.4.8; http://mj12bot.com/)"
51.75.129.178 - - [03/Sep/2026:03:15:02 +0000] "GET /tollster/vendor/monolog/monolog/tests/Monolog/Handler/NewRelicHandlerTest.php HTTP/1.1" 500 - "-" "Mozilla/5.0 (compatible; MJ12bot/v1.4.8; http://mj12bot.com/)"
51.75.129.178 - - [03/Sep/2026:03:15:05 +0000] "GET /tollster/vendor/monolog/monolog/tests/Monolog/Handler/NullHandlerTest.php HTTP/1.1" 500 - "-" "Mozilla/5.0 (compatible; MJ12bot/v1.4.8; http://mj12bot.com/)"
51.75.129.178 - - [03/Sep/2026:03:15:07 +0000] "GET /tollster/vendor/monolog/monolog/tests/Monolog/Handler/PHPConsoleHandlerTest.php HTTP/1.1" 500 - "-" "Mozilla/5.0 (compatible; MJ12bot/v1.4.8; http://mj12bot.com/)"
51.75.129.178 - - [03/Sep/2026:03:15:10 +0000] "GET /tollster/vendor/monolog/monolog/tests/Monolog/Handler/PsrHandlerTest.php HTTP/1.1" 500 - "-" "Mozilla/5.0 (compatible; MJ12bot/v1.4.8; http://mj12bot.com/)"
195.178.110.31 - - [03/Sep/2026:03:15:13 +0000] "GET / HTTP/1.1" 200 28348 "-" "Mozilla/5.0 (Windows NT 10.0; Win64; x64) AppleWebKit/537.36 (KHTML, like Gecko) Chrome/120.0.0.0 Safari/537.36"
51.75.129.178 - - [03/Sep/2026:03:15:13 +0000] "GET /tollster/vendor/monolog/monolog/tests/Monolog/Handler/PushoverHandlerTest.php HTTP/1.1" 500 - "-" "Mozilla/5.0 (compatible; MJ12bot/v1.4.8; http://mj12bot.com/)"
195.178.110.31 - - [03/Sep/2026:03:15:14 +0000] "POST /wp/index.php?rest_route=/batch/v1 HTTP/1.1" 404 967 "-" "Mozilla/5.0 (Windows NT 10.0; Win64; x64) AppleWebKit/537.36 (KHTML, like Gecko) Chrome/120.0.0.0 Safari/537.36"
195.178.110.31 - - [03/Sep/2026:03:15:14 +0000] "POST /wp/index.php?rest_route=%2Fbatch%2Fv1 HTTP/1.1" 404 967 "-" "Mozilla/5.0 (Windows NT 10.0; Win64; x64) AppleWebKit/537.36 (KHTML, like Gecko) Chrome/120.0.0.0 Safari/537.36"
195.178.110.31 - - [03/Sep/2026:03:15:14 +0000] "POST /wp/?rest_route=%2Fbatch%2Fv1 HTTP/1.1" 404 967 "-" "Mozilla/5.0 (Windows NT 10.0; Win64; x64) AppleWebKit/537.36 (KHTML, like Gecko) Chrome/120.0.0.0 Safari/537.36"
195.178.110.31 - - [03/Sep/2026:03:15:14 +0000] "POST /wp/?rest_route=/batch%2Fv1 HTTP/1.1" 404 967 "-" "Mozilla/5.0 (Windows NT 10.0; Win64; x64) AppleWebKit/537.36 (KHTML, like Gecko) Chrome/120.0.0.0 Safari/537.36"
195.178.110.31 - - [03/Sep/2026:03:15:14 +0000] "POST /wp/?rest_route=/batch/v1 HTTP/1.1" 404 967 "-" "Mozilla/5.0 (Windows NT 10.0; Win64; x64) AppleWebKit/537.36 (KHTML, like Gecko) Chrome/120.0.0.0 Safari/537.36"
195.178.110.31 - - [03/Sep/2026:03:15:14 +0000] "POST /wp/wp-json/batch/v1 HTTP/1.1" 404 967 "-" "Mozilla/5.0 (Windows NT 10.0; Win64; x64) AppleWebKit/537.36 (KHTML, like Gecko) Chrome/120.0.0.0 Safari/537.36"
195.178.110.31 - - [03/Sep/2026:03:15:15 +0000] "POST /wp/wp-json/Batch/v1 HTTP/1.1" 404 967 "-" "Mozilla/5.0 (Windows NT 10.0; Win64; x64) AppleWebKit/537.36 (KHTML, like Gecko) Chrome/120.0.0.0 Safari/537.36"
195.178.110.31 - - [03/Sep/2026:03:15:15 +0000] "POST /wp//wp-json/batch/v1 HTTP/1.1" 404 967 "-" "Mozilla/5.0 (Windows NT 10.0; Win64; x64) AppleWebKit/537.36 (KHTML, like Gecko) Chrome/120.0.0.0 Safari/537.36"
195.178.110.31 - - [03/Sep/2026:03:15:15 +0000] "POST /wp/wp-json/batch/v1/ HTTP/1.1" 404 967 "-" "Mozilla/5.0 (Windows NT 10.0; Win64; x64) AppleWebKit/537.36 (KHTML, like Gecko) Chrome/120.0.0.0 Safari/537.36"
195.178.110.31 - - [03/Sep/2026:03:15:15 +0000] "POST /wp/blog/wp-json/batch/v1 HTTP/1.1" 404 967 "-" "Mozilla/5.0 (Windows NT 10.0; Win64; x64) AppleWebKit/537.36 (KHTML, like Gecko) Chrome/120.0.0.0 Safari/537.36"
195.178.110.31 - - [03/Sep/2026:03:15:15 +0000] "POST /wp/wordpress/wp-json/batch/v1 HTTP/1.1" 404 967 "-" "Mozilla/5.0 (Windows NT 10.0; Win64; x64) AppleWebKit/537.36 (KHTML, like Gecko) Chrome/120.0.0.0 Safari/537.36"
195.178.110.31 - - [03/Sep/2026:03:15:15 +0000] "POST /wp/index.php?rest_route=/batch/v1 HTTP/1.1" 404 967 "https://desidrivers.com.au/wp/wp-admin/" "Mozilla/5.0 (Windows NT 10.0; Win64; x64) AppleWebKit/537.36 (KHTML, like Gecko) Chrome/120.0.0.0 Safari/537.36"
195.178.110.31 - - [03/Sep/2026:03:15:15 +0000] "POST /wp/index.php?rest_route=%2Fbatch%2Fv1 HTTP/1.1" 404 967 "https://desidrivers.com.au/wp/wp-admin/" "Mozilla/5.0 (Windows NT 10.0; Win64; x64) AppleWebKit/537.36 (KHTML, like Gecko) Chrome/120.0.0.0 Safari/537.36"
195.178.110.31 - - [03/Sep/2026:03:15:15 +0000] "POST /wp/?rest_route=%2Fbatch%2Fv1 HTTP/1.1" 404 967 "https://desidrivers.com.au/wp/wp-admin/" "Mozilla/5.0 (Windows NT 10.0; Win64; x64) AppleWebKit/537.36 (KHTML, like Gecko) Chrome/120.0.0.0 Safari/537.36"
195.178.110.31 - - [03/Sep/2026:03:15:16 +0000] "POST /wp/?rest_route=/batch%2Fv1 HTTP/1.1" 404 967 "https://desidrivers.com.au/wp/wp-admin/" "Mozilla/5.0 (Windows NT 10.0; Win64; x64) AppleWebKit/537.36 (KHTML, like Gecko) Chrome/120.0.0.0 Safari/537.36"
195.178.110.31 - - [03/Sep/2026:03:15:16 +0000] "POST /wp/?rest_route=/batch/v1 HTTP/1.1" 404 967 "https://desidrivers.com.au/wp/wp-admin/" "Mozilla/5.0 (Windows NT 10.0; Win64; x64) AppleWebKit/537.36 (KHTML, like Gecko) Chrome/120.0.0.0 Safari/537.36"
195.178.110.31 - - [03/Sep/2026:03:15:16 +0000] "POST /wp/wp-json/batch/v1 HTTP/1.1" 404 967 "https://desidrivers.com.au/wp/wp-admin/" "Mozilla/5.0 (Windows NT 10.0; Win64; x64) AppleWebKit/537.36 (KHTML, like Gecko) Chrome/120.0.0.0 Safari/537.36"
195.178.110.31 - - [03/Sep/2026:03:15:16 +0000] "POST /wp/wp-json/Batch/v1 HTTP/1.1" 404 967 "https://desidrivers.com.au/wp/wp-admin/" "Mozilla/5.0 (Windows NT 10.0; Win64; x64) AppleWebKit/537.36 (KHTML, like Gecko) Chrome/120.0.0.0 Safari/537.36"
195.178.110.31 - - [03/Sep/2026:03:15:16 +0000] "POST /wp//wp-json/batch/v1 HTTP/1.1" 404 967 "https://desidrivers.com.au/wp/wp-admin/" "Mozilla/5.0 (Windows NT 10.0; Win64; x64) AppleWebKit/537.36 (KHTML, like Gecko) Chrome/120.0.0.0 Safari/537.36"
195.178.110.31 - - [03/Sep/2026:03:15:16 +0000] "POST /wp/wp-json/batch/v1/ HTTP/1.1" 404 967 "https://desidrivers.com.au/wp/wp-admin/" "Mozilla/5.0 (Windows NT 10.0; Win64; x64) AppleWebKit/537.36 (KHTML, like Gecko) Chrome/120.0.0.0 Safari/537.36"
51.75.129.178 - - [03/Sep/2026:03:15:16 +0000] "GET /tollster/vendor/monolog/monolog/tests/Monolog/Handler/RavenHandlerTest.php HTTP/1.1" 500 - "-" "Mozilla/5.0 (compatible; MJ12bot/v1.4.8; http://mj12bot.com/)"
195.178.110.31 - - [03/Sep/2026:03:15:16 +0000] "POST /wp/blog/wp-json/batch/v1 HTTP/1.1" 404 967 "https://desidrivers.com.au/wp/wp-admin/" "Mozilla/5.0 (Windows NT 10.0; Win64; x64) AppleWebKit/537.36 (KHTML, like Gecko) Chrome/120.0.0.0 Safari/537.36"
195.178.110.31 - - [03/Sep/2026:03:15:16 +0000] "POST /wp/wordpress/wp-json/batch/v1 HTTP/1.1" 404 967 "https://desidrivers.com.au/wp/wp-admin/" "Mozilla/5.0 (Windows NT 10.0; Win64; x64) AppleWebKit/537.36 (KHTML, like Gecko) Chrome/120.0.0.0 Safari/537.36"
195.178.110.31 - - [03/Sep/2026:03:15:16 +0000] "POST /wp/index.php?rest_route=/batch/v1 HTTP/1.1" 404 967 "https://desidrivers.com.au/wp/wp-admin/" "Mozilla/5.0 (Windows NT 10.0; Win64; x64) AppleWebKit/537.36 (KHTML, like Gecko) Chrome/120.0.0.0 Safari/537.36"
195.178.110.31 - - [03/Sep/2026:03:15:16 +0000] "POST /wp/index.php?rest_route=%2Fbatch%2Fv1 HTTP/1.1" 404 967 "https://desidrivers.com.au/wp/wp-admin/" "Mozilla/5.0 (Windows NT 10.0; Win64; x64) AppleWebKit/537.36 (KHTML, like Gecko) Chrome/120.0.0.0 Safari/537.36"
195.178.110.31 - - [03/Sep/2026:03:15:16 +0000] "POST /wp/?rest_route=%2Fbatch%2Fv1 HTTP/1.1" 404 967 "https://desidrivers.com.au/wp/wp-admin/" "Mozilla/5.0 (Windows NT 10.0; Win64; x64) AppleWebKit/537.36 (KHTML, like Gecko) Chrome/120.0.0.0 Safari/537.36"
195.178.110.31 - - [03/Sep/2026:03:15:17 +0000] "POST /wp/?rest_route=/batch%2Fv1 HTTP/1.1" 404 967 "https://desidrivers.com.au/wp/wp-admin/" "Mozilla/5.0 (Windows NT 10.0; Win64; x64) AppleWebKit/537.36 (KHTML, like Gecko) Chrome/120.0.0.0 Safari/537.36"
195.178.110.31 - - [03/Sep/2026:03:15:17 +0000] "POST /wp/?rest_route=/batch/v1 HTTP/1.1" 404 967 "https://desidrivers.com.au/wp/wp-admin/" "Mozilla/5.0 (Windows NT 10.0; Win64; x64) AppleWebKit/537.36 (KHTML, like Gecko) Chrome/120.0.0.0 Safari/537.36"
195.178.110.31 - - [03/Sep/2026:03:15:17 +0000] "POST /wp/wp-json/batch/v1 HTTP/1.1" 404 967 "https://desidrivers.com.au/wp/wp-admin/" "Mozilla/5.0 (Windows NT 10.0; Win64; x64) AppleWebKit/537.36 (KHTML, like Gecko) Chrome/120.0.0.0 Safari/537.36"
195.178.110.31 - - [03/Sep/2026:03:15:17 +0000] "POST /wp/wp-json/Batch/v1 HTTP/1.1" 404 967 "https://desidrivers.com.au/wp/wp-admin/" "Mozilla/5.0 (Windows NT 10.0; Win64; x64) AppleWebKit/537.36 (KHTML, like Gecko) Chrome/120.0.0.0 Safari/537.36"
195.178.110.31 - - [03/Sep/2026:03:15:17 +0000] "POST /wp//wp-json/batch/v1 HTTP/1.1" 404 967 "https://desidrivers.com.au/wp/wp-admin/" "Mozilla/5.0 (Windows NT 10.0; Win64; x64) AppleWebKit/537.36 (KHTML, like Gecko) Chrome/120.0.0.0 Safari/537.36"
195.178.110.31 - - [03/Sep/2026:03:15:17 +0000] "POST /wp/wp-json/batch/v1/ HTTP/1.1" 404 967 "https://desidrivers.com.au/wp/wp-admin/" "Mozilla/5.0 (Windows NT 10.0; Win64; x64) AppleWebKit/537.36 (KHTML, like Gecko) Chrome/120.0.0.0 Safari/537.36"
195.178.110.31 - - [03/Sep/2026:03:15:17 +0000] "POST /wp/blog/wp-json/batch/v1 HTTP/1.1" 404 967 "https://desidrivers.com.au/wp/wp-admin/" "Mozilla/5.0 (Windows NT 10.0; Win64; x64) AppleWebKit/537.36 (KHTML, like Gecko) Chrome/120.0.0.0 Safari/537.36"
195.178.110.31 - - [03/Sep/2026:03:15:17 +0000] "POST /wp/wordpress/wp-json/batch/v1 HTTP/1.1" 404 967 "https://desidrivers.com.au/wp/wp-admin/" "Mozilla/5.0 (Windows NT 10.0; Win64; x64) AppleWebKit/537.36 (KHTML, like Gecko) Chrome/120.0.0.0 Safari/537.36"
195.178.110.31 - - [03/Sep/2026:03:15:18 +0000] "POST /wp/index.php?rest_route=/batch/v1 HTTP/1.1" 404 967 "https://desidrivers.com.au/wp/wp-admin/" "Mozilla/5.0 (Windows NT 10.0; Win64; x64) AppleWebKit/537.36 (KHTML, like Gecko) Chrome/120.0.0.0 Safari/537.36"
195.178.110.31 - - [03/Sep/2026:03:15:18 +0000] "POST /wp/index.php?rest_route=%2Fbatch%2Fv1 HTTP/1.1" 404 967 "https://desidrivers.com.au/wp/wp-admin/" "Mozilla/5.0 (Windows NT 10.0; Win64; x64) AppleWebKit/537.36 (KHTML, like Gecko) Chrome/120.0.0.0 Safari/537.36"
195.178.110.31 - - [03/Sep/2026:03:15:18 +0000] "POST /wp/?rest_route=%2Fbatch%2Fv1 HTTP/1.1" 404 967 "https://desidrivers.com.au/wp/wp-admin/" "Mozilla/5.0 (Windows NT 10.0; Win64; x64) AppleWebKit/537.36 (KHTML, like Gecko) Chrome/120.0.0.0 Safari/537.36"
195.178.110.31 - - [03/Sep/2026:03:15:18 +0000] "POST /wp/?rest_route=/batch%2Fv1 HTTP/1.1" 404 967 "https://desidrivers.com.au/wp/wp-admin/" "Mozilla/5.0 (Windows NT 10.0; Win64; x64) AppleWebKit/537.36 (KHTML, like Gecko) Chrome/120.0.0.0 Safari/537.36"
51.75.129.178 - - [03/Sep/2026:03:15:19 +0000] "GET /tollster/vendor/monolog/monolog/tests/Monolog/Handler/RedisHandlerTest.php HTTP/1.1" 500 - "-" "Mozilla/5.0 (compatible; MJ12bot/v1.4.8; http://mj12bot.com/)"
195.178.110.31 - - [03/Sep/2026:03:15:19 +0000] "POST /wp/?rest_route=/batch/v1 HTTP/1.1" 404 967 "https://desidrivers.com.au/wp/wp-admin/" "Mozilla/5.0 (Windows NT 10.0; Win64; x64) AppleWebKit/537.36 (KHTML, like Gecko) Chrome/120.0.0.0 Safari/537.36"
195.178.110.31 - - [03/Sep/2026:03:15:19 +0000] "POST /wp/wp-json/batch/v1 HTTP/1.1" 404 967 "https://desidrivers.com.au/wp/wp-admin/" "Mozilla/5.0 (Windows NT 10.0; Win64; x64) AppleWebKit/537.36 (KHTML, like Gecko) Chrome/120.0.0.0 Safari/537.36"
195.178.110.31 - - [03/Sep/2026:03:15:19 +0000] "POST /wp/wp-json/Batch/v1 HTTP/1.1" 404 967 "https://desidrivers.com.au/wp/wp-admin/" "Mozilla/5.0 (Windows NT 10.0; Win64; x64) AppleWebKit/537.36 (KHTML, like Gecko) Chrome/120.0.0.0 Safari/537.36"
195.178.110.31 - - [03/Sep/2026:03:15:19 +0000] "POST /wp//wp-json/batch/v1 HTTP/1.1" 404 967 "https://desidrivers.com.au/wp/wp-admin/" "Mozilla/5.0 (Windows NT 10.0; Win64; x64) AppleWebKit/537.36 (KHTML, like Gecko) Chrome/120.0.0.0 Safari/537.36"
195.178.110.31 - - [03/Sep/2026:03:15:19 +0000] "POST /wp/wp-json/batch/v1/ HTTP/1.1" 404 967 "https://desidrivers.com.au/wp/wp-admin/" "Mozilla/5.0 (Windows NT 10.0; Win64; x64) AppleWebKit/537.36 (KHTML, like Gecko) Chrome/120.0.0.0 Safari/537.36"
195.178.110.31 - - [03/Sep/2026:03:15:20 +0000] "POST /wp/blog/wp-json/batch/v1 HTTP/1.1" 404 967 "https://desidrivers.com.au/wp/wp-admin/" "Mozilla/5.0 (Windows NT 10.0; Win64; x64) AppleWebKit/537.36 (KHTML, like Gecko) Chrome/120.0.0.0 Safari/537.36"
195.178.110.31 - - [03/Sep/2026:03:15:20 +0000] "POST /wp/wordpress/wp-json/batch/v1 HTTP/1.1" 404 967 "https://desidrivers.com.au/wp/wp-admin/" "Mozilla/5.0 (Windows NT 10.0; Win64; x64) AppleWebKit/537.36 (KHTML, like Gecko) Chrome/120.0.0.0 Safari/537.36"
195.178.110.31 - - [03/Sep/2026:03:15:21 +0000] "POST /wp/index.php?rest_route=/batch/v1 HTTP/1.1" 404 967 "https://desidrivers.com.au/wp/wp-admin/" "Mozilla/5.0 (Windows NT 10.0; Win64; x64) AppleWebKit/537.36 (KHTML, like Gecko) Chrome/120.0.0.0 Safari/537.36"
195.178.110.31 - - [03/Sep/2026:03:15:21 +0000] "POST /wp/index.php?rest_route=%2Fbatch%2Fv1 HTTP/1.1" 404 967 "https://desidrivers.com.au/wp/wp-admin/" "Mozilla/5.0 (Windows NT 10.0; Win64; x64) AppleWebKit/537.36 (KHTML, like Gecko) Chrome/120.0.0.0 Safari/537.36"
51.75.129.178 - - [03/Sep/2026:03:15:21 +0000] "GET /tollster/vendor/monolog/monolog/tests/Monolog/Handler/RollbarHandlerTest.php HTTP/1.1" 500 - "-" "Mozilla/5.0 (compatible; MJ12bot/v1.4.8; http://mj12bot.com/)"
195.178.110.31 - - [03/Sep/2026:03:15:22 +0000] "POST /wp/?rest_route=%2Fbatch%2Fv1 HTTP/1.1" 404 967 "https://desidrivers.com.au/wp/wp-admin/" "Mozilla/5.0 (Windows NT 10.0; Win64; x64) AppleWebKit/537.36 (KHTML, like Gecko) Chrome/120.0.0.0 Safari/537.36"
195.178.110.31 - - [03/Sep/2026:03:15:22 +0000] "POST /wp/?rest_route=/batch%2Fv1 HTTP/1.1" 404 967 "https://desidrivers.com.au/wp/wp-admin/" "Mozilla/5.0 (Windows NT 10.0; Win64; x64) AppleWebKit/537.36 (KHTML, like Gecko) Chrome/120.0.0.0 Safari/537.36"
195.178.110.31 - - [03/Sep/2026:03:15:22 +0000] "POST /wp/?rest_route=/batch/v1 HTTP/1.1" 404 967 "https://desidrivers.com.au/wp/wp-admin/" "Mozilla/5.0 (Windows NT 10.0; Win64; x64) AppleWebKit/537.36 (KHTML, like Gecko) Chrome/120.0.0.0 Safari/537.36"
195.178.110.31 - - [03/Sep/2026:03:15:22 +0000] "POST /wp/wp-json/batch/v1 HTTP/1.1" 404 967 "https://desidrivers.com.au/wp/wp-admin/" "Mozilla/5.0 (Windows NT 10.0; Win64; x64) AppleWebKit/537.36 (KHTML, like Gecko) Chrome/120.0.0.0 Safari/537.36"
195.178.110.31 - - [03/Sep/2026:03:15:22 +0000] "POST /wp/wp-json/Batch/v1 HTTP/1.1" 404 967 "https://desidrivers.com.au/wp/wp-admin/" "Mozilla/5.0 (Windows NT 10.0; Win64; x64) AppleWebKit/537.36 (KHTML, like Gecko) Chrome/120.0.0.0 Safari/537.36"
195.178.110.31 - - [03/Sep/2026:03:15:22 +0000] "POST /wp//wp-json/batch/v1 HTTP/1.1" 404 967 "https://desidrivers.com.au/wp/wp-admin/" "Mozilla/5.0 (Windows NT 10.0; Win64; x64) AppleWebKit/537.36 (KHTML, like Gecko) Chrome/120.0.0.0 Safari/537.36"
195.178.110.31 - - [03/Sep/2026:03:15:22 +0000] "POST /wp/wp-json/batch/v1/ HTTP/1.1" 404 967 "https://desidrivers.com.au/wp/wp-admin/" "Mozilla/5.0 (Windows NT 10.0; Win64; x64) AppleWebKit/537.36 (KHTML, like Gecko) Chrome/120.0.0.0 Safari/537.36"
195.178.110.31 - - [03/Sep/2026:03:15:22 +0000] "POST /wp/blog/wp-json/batch/v1 HTTP/1.1" 404 967 "https://desidrivers.com.au/wp/wp-admin/" "Mozilla/5.0 (Windows NT 10.0; Win64; x64) AppleWebKit/537.36 (KHTML, like Gecko) Chrome/120.0.0.0 Safari/537.36"
195.178.110.31 - - [03/Sep/2026:03:15:22 +0000] "POST /wp/wordpress/wp-json/batch/v1 HTTP/1.1" 404 967 "https://desidrivers.com.au/wp/wp-admin/" "Mozilla/5.0 (Windows NT 10.0; Win64; x64) AppleWebKit/537.36 (KHTML, like Gecko) Chrome/120.0.0.0 Safari/537.36"
195.178.110.31 - - [03/Sep/2026:03:15:23 +0000] "POST /wp/index.php?rest_route=/batch/v1 HTTP/1.1" 404 967 "https://desidrivers.com.au/wp/wp-admin/" "Mozilla/5.0 (Windows NT 10.0; Win64; x64) AppleWebKit/537.36 (KHTML, like Gecko) Chrome/120.0.0.0 Safari/537.36"
195.178.110.31 - - [03/Sep/2026:03:15:23 +0000] "POST /wp/index.php?rest_route=%2Fbatch%2Fv1 HTTP/1.1" 404 967 "https://desidrivers.com.au/wp/wp-admin/" "Mozilla/5.0 (Windows NT 10.0; Win64; x64) AppleWebKit/537.36 (KHTML, like Gecko) Chrome/120.0.0.0 Safari/537.36"
195.178.110.31 - - [03/Sep/2026:03:15:23 +0000] "POST /wp/?rest_route=%2Fbatch%2Fv1 HTTP/1.1" 404 967 "https://desidrivers.com.au/wp/wp-admin/" "Mozilla/5.0 (Windows NT 10.0; Win64; x64) AppleWebKit/537.36 (KHTML, like Gecko) Chrome/120.0.0.0 Safari/537.36"
195.178.110.31 - - [03/Sep/2026:03:15:23 +0000] "POST /wp/?rest_route=/batch%2Fv1 HTTP/1.1" 404 967 "https://desidrivers.com.au/wp/wp-admin/" "Mozilla/5.0 (Windows NT 10.0; Win64; x64) AppleWebKit/537.36 (KHTML, like Gecko) Chrome/120.0.0.0 Safari/537.36"
195.178.110.31 - - [03/Sep/2026:03:15:23 +0000] "POST /wp/?rest_route=/batch/v1 HTTP/1.1" 404 967 "https://desidrivers.com.au/wp/wp-admin/" "Mozilla/5.0 (Windows NT 10.0; Win64; x64) AppleWebKit/537.36 (KHTML, like Gecko) Chrome/120.0.0.0 Safari/537.36"
195.178.110.31 - - [03/Sep/2026:03:15:23 +0000] "POST /wp/wp-json/batch/v1 HTTP/1.1" 404 967 "https://desidrivers.com.au/wp/wp-admin/" "Mozilla/5.0 (Windows NT 10.0; Win64; x64) AppleWebKit/537.36 (KHTML, like Gecko) Chrome/120.0.0.0 Safari/537.36"
195.178.110.31 - - [03/Sep/2026:03:15:23 +0000] "POST /wp/wp-json/Batch/v1 HTTP/1.1" 404 967 "https://desidrivers.com.au/wp/wp-admin/" "Mozilla/5.0 (Windows NT 10.0; Win64; x64) AppleWebKit/537.36 (KHTML, like Gecko) Chrome/120.0.0.0 Safari/537.36"
195.178.110.31 - - [03/Sep/2026:03:15:23 +0000] "POST /wp//wp-json/batch/v1 HTTP/1.1" 404 967 "https://desidrivers.com.au/wp/wp-admin/" "Mozilla/5.0 (Windows NT 10.0; Win64; x64) AppleWebKit/537.36 (KHTML, like Gecko) Chrome/120.0.0.0 Safari/537.36"
195.178.110.31 - - [03/Sep/2026:03:15:24 +0000] "POST /wp/wp-json/batch/v1/ HTTP/1.1" 404 967 "https://desidrivers.com.au/wp/wp-admin/" "Mozilla/5.0 (Windows NT 10.0; Win64; x64) AppleWebKit/537.36 (KHTML, like Gecko) Chrome/120.0.0.0 Safari/537.36"
195.178.110.31 - - [03/Sep/2026:03:15:24 +0000] "POST /wp/blog/wp-json/batch/v1 HTTP/1.1" 404 967 "https://desidrivers.com.au/wp/wp-admin/" "Mozilla/5.0 (Windows NT 10.0; Win64; x64) AppleWebKit/537.36 (KHTML, like Gecko) Chrome/120.0.0.0 Safari/537.36"
51.75.129.178 - - [03/Sep/2026:03:15:24 +0000] "GET /tollster/vendor/monolog/monolog/tests/Monolog/Handler/RotatingFileHandlerTest.php HTTP/1.1" 500 - "-" "Mozilla/5.0 (compatible; MJ12bot/v1.4.8; http://mj12bot.com/)"
195.178.110.31 - - [03/Sep/2026:03:15:24 +0000] "POST /wp/wordpress/wp-json/batch/v1 HTTP/1.1" 404 967 "https://desidrivers.com.au/wp/wp-admin/" "Mozilla/5.0 (Windows NT 10.0; Win64; x64) AppleWebKit/537.36 (KHTML, like Gecko) Chrome/120.0.0.0 Safari/537.36"
195.178.110.31 - - [03/Sep/2026:03:15:24 +0000] "POST /wp/index.php?rest_route=/batch/v1 HTTP/1.1" 404 967 "https://desidrivers.com.au/wp/wp-admin/" "WordPress/6.4.3"
195.178.110.31 - - [03/Sep/2026:03:15:24 +0000] "POST /wp/index.php?rest_route=%2Fbatch%2Fv1 HTTP/1.1" 404 967 "https://desidrivers.com.au/wp/wp-admin/" "WordPress/6.4.3"
195.178.110.31 - - [03/Sep/2026:03:15:25 +0000] "POST /wp/?rest_route=%2Fbatch%2Fv1 HTTP/1.1" 404 967 "https://desidrivers.com.au/wp/wp-admin/" "WordPress/6.4.3"
195.178.110.31 - - [03/Sep/2026:03:15:25 +0000] "POST /wp/?rest_route=/batch%2Fv1 HTTP/1.1" 404 967 "https://desidrivers.com.au/wp/wp-admin/" "WordPress/6.4.3"
195.178.110.31 - - [03/Sep/2026:03:15:25 +0000] "POST /wp/?rest_route=/batch/v1 HTTP/1.1" 404 967 "https://desidrivers.com.au/wp/wp-admin/" "WordPress/6.4.3"
195.178.110.31 - - [03/Sep/2026:03:15:25 +0000] "POST /wp/wp-json/batch/v1 HTTP/1.1" 404 967 "https://desidrivers.com.au/wp/wp-admin/" "WordPress/6.4.3"
195.178.110.31 - - [03/Sep/2026:03:15:25 +0000] "POST /wp/wp-json/Batch/v1 HTTP/1.1" 404 967 "https://desidrivers.com.au/wp/wp-admin/" "WordPress/6.4.3"
195.178.110.31 - - [03/Sep/2026:03:15:25 +0000] "POST /wp//wp-json/batch/v1 HTTP/1.1" 404 967 "https://desidrivers.com.au/wp/wp-admin/" "WordPress/6.4.3"
195.178.110.31 - - [03/Sep/2026:03:15:26 +0000] "POST /wp/wp-json/batch/v1/ HTTP/1.1" 404 967 "https://desidrivers.com.au/wp/wp-admin/" "WordPress/6.4.3"
195.178.110.31 - - [03/Sep/2026:03:15:26 +0000] "POST /wp/blog/wp-json/batch/v1 HTTP/1.1" 404 967 "https://desidrivers.com.au/wp/wp-admin/" "WordPress/6.4.3"
195.178.110.31 - - [03/Sep/2026:03:15:26 +0000] "POST /wp/wordpress/wp-json/batch/v1 HTTP/1.1" 404 967 "https://desidrivers.com.au/wp/wp-admin/" "WordPress/6.4.3"
195.178.110.31 - - [03/Sep/2026:03:15:26 +0000] "GET /wp/wp/v2/posts/999999 HTTP/1.1" 404 967 "-" "Mozilla/5.0 (Windows NT 10.0; Win64; x64) AppleWebKit/537.36 (KHTML, like Gecko) Chrome/120.0.0.0 Safari/537.36"
195.178.110.31 - - [03/Sep/2026:03:15:26 +0000] "GET /wp/?rest_route=/wp/v2/posts/999999 HTTP/1.1" 404 967 "-" "Mozilla/5.0 (Windows NT 10.0; Win64; x64) AppleWebKit/537.36 (KHTML, like Gecko) Chrome/120.0.0.0 Safari/537.36"
195.178.110.31 - - [03/Sep/2026:03:15:26 +0000] "GET /wp/wp/v2/pages HTTP/1.1" 404 967 "-" "Mozilla/5.0 (Windows NT 10.0; Win64; x64) AppleWebKit/537.36 (KHTML, like Gecko) Chrome/120.0.0.0 Safari/537.36"
195.178.110.31 - - [03/Sep/2026:03:15:26 +0000] "GET /wp/?rest_route=/wp/v2/pages HTTP/1.1" 404 967 "-" "Mozilla/5.0 (Windows NT 10.0; Win64; x64) AppleWebKit/537.36 (KHTML, like Gecko) Chrome/120.0.0.0 Safari/537.36"
195.178.110.31 - - [03/Sep/2026:03:15:26 +0000] "GET /wp/wp/v2/media HTTP/1.1" 404 967 "-" "Mozilla/5.0 (Windows NT 10.0; Win64; x64) AppleWebKit/537.36 (KHTML, like Gecko) Chrome/120.0.0.0 Safari/537.36"
195.178.110.31 - - [03/Sep/2026:03:15:26 +0000] "GET /wp/?rest_route=/wp/v2/media HTTP/1.1" 404 967 "-" "Mozilla/5.0 (Windows NT 10.0; Win64; x64) AppleWebKit/537.36 (KHTML, like Gecko) Chrome/120.0.0.0 Safari/537.36"
195.178.110.31 - - [03/Sep/2026:03:15:26 +0000] "GET /wp/wp/v2/categories HTTP/1.1" 404 967 "-" "Mozilla/5.0 (Windows NT 10.0; Win64; x64) AppleWebKit/537.36 (KHTML, like Gecko) Chrome/120.0.0.0 Safari/537.36"
195.178.110.31 - - [03/Sep/2026:03:15:26 +0000] "GET /wp/?rest_route=/wp/v2/categories HTTP/1.1" 404 967 "-" "Mozilla/5.0 (Windows NT 10.0; Win64; x64) AppleWebKit/537.36 (KHTML, like Gecko) Chrome/120.0.0.0 Safari/537.36"
195.178.110.31 - - [03/Sep/2026:03:15:27 +0000] "GET /wp/wp/v2/tags HTTP/1.1" 404 967 "-" "Mozilla/5.0 (Windows NT 10.0; Win64; x64) AppleWebKit/537.36 (KHTML, like Gecko) Chrome/120.0.0.0 Safari/537.36"
51.75.129.178 - - [03/Sep/2026:03:15:27 +0000] "GET /tollster/vendor/monolog/monolog/tests/Monolog/Handler/SamplingHandlerTest.php HTTP/1.1" 500 - "-" "Mozilla/5.0 (compatible; MJ12bot/v1.4.8; http://mj12bot.com/)"
195.178.110.31 - - [03/Sep/2026:03:15:27 +0000] "GET /wp/?rest_route=/wp/v2/tags HTTP/1.1" 404 967 "-" "Mozilla/5.0 (Windows NT 10.0; Win64; x64) AppleWebKit/537.36 (KHTML, like Gecko) Chrome/120.0.0.0 Safari/537.36"
195.178.110.31 - - [03/Sep/2026:03:15:27 +0000] "GET /wp/wp/v2/posts/999998 HTTP/1.1" 404 967 "-" "Mozilla/5.0 (Windows NT 10.0; Win64; x64) AppleWebKit/537.36 (KHTML, like Gecko) Chrome/120.0.0.0 Safari/537.36"
195.178.110.31 - - [03/Sep/2026:03:15:27 +0000] "GET /wp/?rest_route=/wp/v2/posts/999998 HTTP/1.1" 404 967 "-" "Mozilla/5.0 (Windows NT 10.0; Win64; x64) AppleWebKit/537.36 (KHTML, like Gecko) Chrome/120.0.0.0 Safari/537.36"
195.178.110.31 - - [03/Sep/2026:03:15:27 +0000] "GET /wp/wp/v2/posts/99999 HTTP/1.1" 404 967 "-" "Mozilla/5.0 (Windows NT 10.0; Win64; x64) AppleWebKit/537.36 (KHTML, like Gecko) Chrome/120.0.0.0 Safari/537.36"
195.178.110.31 - - [03/Sep/2026:03:15:27 +0000] "GET /wp/?rest_route=/wp/v2/posts/99999 HTTP/1.1" 404 967 "-" "Mozilla/5.0 (Windows NT 10.0; Win64; x64) AppleWebKit/537.36 (KHTML, like Gecko) Chrome/120.0.0.0 Safari/537.36"
195.178.110.31 - - [03/Sep/2026:03:15:27 +0000] "GET /wp/wp/v2/posts/9999999 HTTP/1.1" 404 967 "-" "Mozilla/5.0 (Windows NT 10.0; Win64; x64) AppleWebKit/537.36 (KHTML, like Gecko) Chrome/120.0.0.0 Safari/537.36"
195.178.110.31 - - [03/Sep/2026:03:15:27 +0000] "GET /wp/?rest_route=/wp/v2/posts/9999999 HTTP/1.1" 404 967 "-" "Mozilla/5.0 (Windows NT 10.0; Win64; x64) AppleWebKit/537.36 (KHTML, like Gecko) Chrome/120.0.0.0 Safari/537.36"
195.178.110.31 - - [03/Sep/2026:03:15:27 +0000] "GET /wp/wp/v2/users HTTP/1.1" 404 967 "-" "Mozilla/5.0 (Windows NT 10.0; Win64; x64) AppleWebKit/537.36 (KHTML, like Gecko) Chrome/120.0.0.0 Safari/537.36"
195.178.110.31 - - [03/Sep/2026:03:15:27 +0000] "GET /wp/?rest_route=/wp/v2/users HTTP/1.1" 404 967 "-" "Mozilla/5.0 (Windows NT 10.0; Win64; x64) AppleWebKit/537.36 (KHTML, like Gecko) Chrome/120.0.0.0 Safari/537.36"
195.178.110.31 - - [03/Sep/2026:03:15:28 +0000] "POST /wordpress/index.php?rest_route=/batch/v1 HTTP/1.1" 404 967 "-" "Mozilla/5.0 (Windows NT 10.0; Win64; x64) AppleWebKit/537.36 (KHTML, like Gecko) Chrome/120.0.0.0 Safari/537.36"
195.178.110.31 - - [03/Sep/2026:03:15:28 +0000] "POST /wordpress/index.php?rest_route=%2Fbatch%2Fv1 HTTP/1.1" 404 967 "-" "Mozilla/5.0 (Windows NT 10.0; Win64; x64) AppleWebKit/537.36 (KHTML, like Gecko) Chrome/120.0.0.0 Safari/537.36"
195.178.110.31 - - [03/Sep/2026:03:15:28 +0000] "POST /wordpress/?rest_route=%2Fbatch%2Fv1 HTTP/1.1" 404 967 "-" "Mozilla/5.0 (Windows NT 10.0; Win64; x64) AppleWebKit/537.36 (KHTML, like Gecko) Chrome/120.0.0.0 Safari/537.36"
195.178.110.31 - - [03/Sep/2026:03:15:28 +0000] "POST /wordpress/?rest_route=/batch%2Fv1 HTTP/1.1" 404 967 "-" "Mozilla/5.0 (Windows NT 10.0; Win64; x64) AppleWebKit/537.36 (KHTML, like Gecko) Chrome/120.0.0.0 Safari/537.36"
195.178.110.31 - - [03/Sep/2026:03:15:28 +0000] "POST /wordpress/?rest_route=/batch/v1 HTTP/1.1" 404 967 "-" "Mozilla/5.0 (Windows NT 10.0; Win64; x64) AppleWebKit/537.36 (KHTML, like Gecko) Chrome/120.0.0.0 Safari/537.36"
195.178.110.31 - - [03/Sep/2026:03:15:29 +0000] "POST /wordpress/wp-json/batch/v1 HTTP/1.1" 404 967 "-" "Mozilla/5.0 (Windows NT 10.0; Win64; x64) AppleWebKit/537.36 (KHTML, like Gecko) Chrome/120.0.0.0 Safari/537.36"
195.178.110.31 - - [03/Sep/2026:03:15:29 +0000] "POST /wordpress/wp-json/Batch/v1 HTTP/1.1" 404 967 "-" "Mozilla/5.0 (Windows NT 10.0; Win64; x64) AppleWebKit/537.36 (KHTML, like Gecko) Chrome/120.0.0.0 Safari/537.36"
195.178.110.31 - - [03/Sep/2026:03:15:29 +0000] "POST /wordpress//wp-json/batch/v1 HTTP/1.1" 404 967 "-" "Mozilla/5.0 (Windows NT 10.0; Win64; x64) AppleWebKit/537.36 (KHTML, like Gecko) Chrome/120.0.0.0 Safari/537.36"
195.178.110.31 - - [03/Sep/2026:03:15:29 +0000] "POST /wordpress/wp-json/batch/v1/ HTTP/1.1" 404 967 "-" "Mozilla/5.0 (Windows NT 10.0; Win64; x64) AppleWebKit/537.36 (KHTML, like Gecko) Chrome/120.0.0.0 Safari/537.36"
51.75.129.178 - - [03/Sep/2026:03:15:29 +0000] "GET /tollster/vendor/monolog/monolog/tests/Monolog/Handler/SlackHandlerTest.php HTTP/1.1" 500 - "-" "Mozilla/5.0 (compatible; MJ12bot/v1.4.8; http://mj12bot.com/)"
195.178.110.31 - - [03/Sep/2026:03:15:29 +0000] "POST /wordpress/blog/wp-json/batch/v1 HTTP/1.1" 404 967 "-" "Mozilla/5.0 (Windows NT 10.0; Win64; x64) AppleWebKit/537.36 (KHTML, like Gecko) Chrome/120.0.0.0 Safari/537.36"
195.178.110.31 - - [03/Sep/2026:03:15:29 +0000] "POST /wordpress/wordpress/wp-json/batch/v1 HTTP/1.1" 404 967 "-" "Mozilla/5.0 (Windows NT 10.0; Win64; x64) AppleWebKit/537.36 (KHTML, like Gecko) Chrome/120.0.0.0 Safari/537.36"
195.178.110.31 - - [03/Sep/2026:03:15:30 +0000] "POST /wordpress/index.php?rest_route=/batch/v1 HTTP/1.1" 404 967 "https://desidrivers.com.au/wordpress/wp-admin/" "Mozilla/5.0 (Windows NT 10.0; Win64; x64) AppleWebKit/537.36 (KHTML, like Gecko) Chrome/120.0.0.0 Safari/537.36"
195.178.110.31 - - [03/Sep/2026:03:15:30 +0000] "POST /wordpress/index.php?rest_route=%2Fbatch%2Fv1 HTTP/1.1" 404 967 "https://desidrivers.com.au/wordpress/wp-admin/" "Mozilla/5.0 (Windows NT 10.0; Win64; x64) AppleWebKit/537.36 (KHTML, like Gecko) Chrome/120.0.0.0 Safari/537.36"
195.178.110.31 - - [03/Sep/2026:03:15:30 +0000] "POST /wordpress/?rest_route=%2Fbatch%2Fv1 HTTP/1.1" 404 967 "https://desidrivers.com.au/wordpress/wp-admin/" "Mozilla/5.0 (Windows NT 10.0; Win64; x64) AppleWebKit/537.36 (KHTML, like Gecko) Chrome/120.0.0.0 Safari/537.36"
195.178.110.31 - - [03/Sep/2026:03:15:30 +0000] "POST /wordpress/?rest_route=/batch%2Fv1 HTTP/1.1" 404 967 "https://desidrivers.com.au/wordpress/wp-admin/" "Mozilla/5.0 (Windows NT 10.0; Win64; x64) AppleWebKit/537.36 (KHTML, like Gecko) Chrome/120.0.0.0 Safari/537.36"
195.178.110.31 - - [03/Sep/2026:03:15:30 +0000] "POST /wordpress/?rest_route=/batch/v1 HTTP/1.1" 404 967 "https://desidrivers.com.au/wordpress/wp-admin/" "Mozilla/5.0 (Windows NT 10.0; Win64; x64) AppleWebKit/537.36 (KHTML, like Gecko) Chrome/120.0.0.0 Safari/537.36"
195.178.110.31 - - [03/Sep/2026:03:15:30 +0000] "POST /wordpress/wp-json/batch/v1 HTTP/1.1" 404 967 "https://desidrivers.com.au/wordpress/wp-admin/" "Mozilla/5.0 (Windows NT 10.0; Win64; x64) AppleWebKit/537.36 (KHTML, like Gecko) Chrome/120.0.0.0 Safari/537.36"
195.178.110.31 - - [03/Sep/2026:03:15:30 +0000] "POST /wordpress/wp-json/Batch/v1 HTTP/1.1" 404 967 "https://desidrivers.com.au/wordpress/wp-admin/" "Mozilla/5.0 (Windows NT 10.0; Win64; x64) AppleWebKit/537.36 (KHTML, like Gecko) Chrome/120.0.0.0 Safari/537.36"
195.178.110.31 - - [03/Sep/2026:03:15:31 +0000] "POST /wordpress//wp-json/batch/v1 HTTP/1.1" 404 967 "https://desidrivers.com.au/wordpress/wp-admin/" "Mozilla/5.0 (Windows NT 10.0; Win64; x64) AppleWebKit/537.36 (KHTML, like Gecko) Chrome/120.0.0.0 Safari/537.36"
195.178.110.31 - - [03/Sep/2026:03:15:31 +0000] "POST /wordpress/wp-json/batch/v1/ HTTP/1.1" 404 967 "https://desidrivers.com.au/wordpress/wp-admin/" "Mozilla/5.0 (Windows NT 10.0; Win64; x64) AppleWebKit/537.36 (KHTML, like Gecko) Chrome/120.0.0.0 Safari/537.36"
195.178.110.31 - - [03/Sep/2026:03:15:31 +0000] "POST /wordpress/blog/wp-json/batch/v1 HTTP/1.1" 404 967 "https://desidrivers.com.au/wordpress/wp-admin/" "Mozilla/5.0 (Windows NT 10.0; Win64; x64) AppleWebKit/537.36 (KHTML, like Gecko) Chrome/120.0.0.0 Safari/537.36"
195.178.110.31 - - [03/Sep/2026:03:15:31 +0000] "POST /wordpress/wordpress/wp-json/batch/v1 HTTP/1.1" 404 967 "https://desidrivers.com.au/wordpress/wp-admin/" "Mozilla/5.0 (Windows NT 10.0; Win64; x64) AppleWebKit/537.36 (KHTML, like Gecko) Chrome/120.0.0.0 Safari/537.36"
195.178.110.31 - - [03/Sep/2026:03:15:31 +0000] "POST /wordpress/index.php?rest_route=/batch/v1 HTTP/1.1" 404 967 "https://desidrivers.com.au/wordpress/wp-admin/" "Mozilla/5.0 (Windows NT 10.0; Win64; x64) AppleWebKit/537.36 (KHTML, like Gecko) Chrome/120.0.0.0 Safari/537.36"
195.178.110.31 - - [03/Sep/2026:03:15:31 +0000] "POST /wordpress/index.php?rest_route=%2Fbatch%2Fv1 HTTP/1.1" 404 967 "https://desidrivers.com.au/wordpress/wp-admin/" "Mozilla/5.0 (Windows NT 10.0; Win64; x64) AppleWebKit/537.36 (KHTML, like Gecko) Chrome/120.0.0.0 Safari/537.36"
195.178.110.31 - - [03/Sep/2026:03:15:31 +0000] "POST /wordpress/?rest_route=%2Fbatch%2Fv1 HTTP/1.1" 404 967 "https://desidrivers.com.au/wordpress/wp-admin/" "Mozilla/5.0 (Windows NT 10.0; Win64; x64) AppleWebKit/537.36 (KHTML, like Gecko) Chrome/120.0.0.0 Safari/537.36"
195.178.110.31 - - [03/Sep/2026:03:15:31 +0000] "POST /wordpress/?rest_route=/batch%2Fv1 HTTP/1.1" 404 967 "https://desidrivers.com.au/wordpress/wp-admin/" "Mozilla/5.0 (Windows NT 10.0; Win64; x64) AppleWebKit/537.36 (KHTML, like Gecko) Chrome/120.0.0.0 Safari/537.36"
195.178.110.31 - - [03/Sep/2026:03:15:31 +0000] "POST /wordpress/?rest_route=/batch/v1 HTTP/1.1" 404 967 "https://desidrivers.com.au/wordpress/wp-admin/" "Mozilla/5.0 (Windows NT 10.0; Win64; x64) AppleWebKit/537.36 (KHTML, like Gecko) Chrome/120.0.0.0 Safari/537.36"
195.178.110.31 - - [03/Sep/2026:03:15:31 +0000] "POST /wordpress/wp-json/batch/v1 HTTP/1.1" 404 967 "https://desidrivers.com.au/wordpress/wp-admin/" "Mozilla/5.0 (Windows NT 10.0; Win64; x64) AppleWebKit/537.36 (KHTML, like Gecko) Chrome/120.0.0.0 Safari/537.36"
195.178.110.31 - - [03/Sep/2026:03:15:31 +0000] "POST /wordpress/wp-json/Batch/v1 HTTP/1.1" 404 967 "https://desidrivers.com.au/wordpress/wp-admin/" "Mozilla/5.0 (Windows NT 10.0; Win64; x64) AppleWebKit/537.36 (KHTML, like Gecko) Chrome/120.0.0.0 Safari/537.36"
195.178.110.31 - - [03/Sep/2026:03:15:32 +0000] "POST /wordpress//wp-json/batch/v1 HTTP/1.1" 404 967 "https://desidrivers.com.au/wordpress/wp-admin/" "Mozilla/5.0 (Windows NT 10.0; Win64; x64) AppleWebKit/537.36 (KHTML, like Gecko) Chrome/120.0.0.0 Safari/537.36"
51.75.129.178 - - [03/Sep/2026:03:15:32 +0000] "GET /tollster/vendor/monolog/monolog/tests/Monolog/Handler/SlackWebhookHandlerTest.php HTTP/1.1" 500 - "-" "Mozilla/5.0 (compatible; MJ12bot/v1.4.8; http://mj12bot.com/)"
195.178.110.31 - - [03/Sep/2026:03:15:32 +0000] "POST /wordpress/wp-json/batch/v1/ HTTP/1.1" 404 967 "https://desidrivers.com.au/wordpress/wp-admin/" "Mozilla/5.0 (Windows NT 10.0; Win64; x64) AppleWebKit/537.36 (KHTML, like Gecko) Chrome/120.0.0.0 Safari/537.36"
195.178.110.31 - - [03/Sep/2026:03:15:32 +0000] "POST /wordpress/blog/wp-json/batch/v1 HTTP/1.1" 404 967 "https://desidrivers.com.au/wordpress/wp-admin/" "Mozilla/5.0 (Windows NT 10.0; Win64; x64) AppleWebKit/537.36 (KHTML, like Gecko) Chrome/120.0.0.0 Safari/537.36"
195.178.110.31 - - [03/Sep/2026:03:15:32 +0000] "POST /wordpress/wordpress/wp-json/batch/v1 HTTP/1.1" 404 967 "https://desidrivers.com.au/wordpress/wp-admin/" "Mozilla/5.0 (Windows NT 10.0; Win64; x64) AppleWebKit/537.36 (KHTML, like Gecko) Chrome/120.0.0.0 Safari/537.36"
195.178.110.31 - - [03/Sep/2026:03:15:32 +0000] "POST /wordpress/index.php?rest_route=/batch/v1 HTTP/1.1" 404 967 "https://desidrivers.com.au/wordpress/wp-admin/" "Mozilla/5.0 (Windows NT 10.0; Win64; x64) AppleWebKit/537.36 (KHTML, like Gecko) Chrome/120.0.0.0 Safari/537.36"
195.178.110.31 - - [03/Sep/2026:03:15:32 +0000] "POST /wordpress/index.php?rest_route=%2Fbatch%2Fv1 HTTP/1.1" 404 967 "https://desidrivers.com.au/wordpress/wp-admin/" "Mozilla/5.0 (Windows NT 10.0; Win64; x64) AppleWebKit/537.36 (KHTML, like Gecko) Chrome/120.0.0.0 Safari/537.36"
195.178.110.31 - - [03/Sep/2026:03:15:32 +0000] "POST /wordpress/?rest_route=%2Fbatch%2Fv1 HTTP/1.1" 404 967 "https://desidrivers.com.au/wordpress/wp-admin/" "Mozilla/5.0 (Windows NT 10.0; Win64; x64) AppleWebKit/537.36 (KHTML, like Gecko) Chrome/120.0.0.0 Safari/537.36"
195.178.110.31 - - [03/Sep/2026:03:15:32 +0000] "POST /wordpress/?rest_route=/batch%2Fv1 HTTP/1.1" 404 967 "https://desidrivers.com.au/wordpress/wp-admin/" "Mozilla/5.0 (Windows NT 10.0; Win64; x64) AppleWebKit/537.36 (KHTML, like Gecko) Chrome/120.0.0.0 Safari/537.36"
195.178.110.31 - - [03/Sep/2026:03:15:32 +0000] "POST /wordpress/?rest_route=/batch/v1 HTTP/1.1" 404 967 "https://desidrivers.com.au/wordpress/wp-admin/" "Mozilla/5.0 (Windows NT 10.0; Win64; x64) AppleWebKit/537.36 (KHTML, like Gecko) Chrome/120.0.0.0 Safari/537.36"
195.178.110.31 - - [03/Sep/2026:03:15:33 +0000] "POST /wordpress/wp-json/batch/v1 HTTP/1.1" 404 967 "https://desidrivers.com.au/wordpress/wp-admin/" "Mozilla/5.0 (Windows NT 10.0; Win64; x64) AppleWebKit/537.36 (KHTML, like Gecko) Chrome/120.0.0.0 Safari/537.36"
195.178.110.31 - - [03/Sep/2026:03:15:33 +0000] "POST /wordpress/wp-json/Batch/v1 HTTP/1.1" 404 967 "https://desidrivers.com.au/wordpress/wp-admin/" "Mozilla/5.0 (Windows NT 10.0; Win64; x64) AppleWebKit/537.36 (KHTML, like Gecko) Chrome/120.0.0.0 Safari/537.36"
195.178.110.31 - - [03/Sep/2026:03:15:33 +0000] "POST /wordpress//wp-json/batch/v1 HTTP/1.1" 404 967 "https://desidrivers.com.au/wordpress/wp-admin/" "Mozilla/5.0 (Windows NT 10.0; Win64; x64) AppleWebKit/537.36 (KHTML, like Gecko) Chrome/120.0.0.0 Safari/537.36"
195.178.110.31 - - [03/Sep/2026:03:15:33 +0000] "POST /wordpress/wp-json/batch/v1/ HTTP/1.1" 404 967 "https://desidrivers.com.au/wordpress/wp-admin/" "Mozilla/5.0 (Windows NT 10.0; Win64; x64) AppleWebKit/537.36 (KHTML, like Gecko) Chrome/120.0.0.0 Safari/537.36"
195.178.110.31 - - [03/Sep/2026:03:15:33 +0000] "POST /wordpress/blog/wp-json/batch/v1 HTTP/1.1" 404 967 "https://desidrivers.com.au/wordpress/wp-admin/" "Mozilla/5.0 (Windows NT 10.0; Win64; x64) AppleWebKit/537.36 (KHTML, like Gecko) Chrome/120.0.0.0 Safari/537.36"
195.178.110.31 - - [03/Sep/2026:03:15:33 +0000] "POST /wordpress/wordpress/wp-json/batch/v1 HTTP/1.1" 404 967 "https://desidrivers.com.au/wordpress/wp-admin/" "Mozilla/5.0 (Windows NT 10.0; Win64; x64) AppleWebKit/537.36 (KHTML, like Gecko) Chrome/120.0.0.0 Safari/537.36"
195.178.110.31 - - [03/Sep/2026:03:15:33 +0000] "POST /wordpress/index.php?rest_route=/batch/v1 HTTP/1.1" 404 967 "https://desidrivers.com.au/wordpress/wp-admin/" "Mozilla/5.0 (Windows NT 10.0; Win64; x64) AppleWebKit/537.36 (KHTML, like Gecko) Chrome/120.0.0.0 Safari/537.36"
195.178.110.31 - - [03/Sep/2026:03:15:33 +0000] "POST /wordpress/index.php?rest_route=%2Fbatch%2Fv1 HTTP/1.1" 404 967 "https://desidrivers.com.au/wordpress/wp-admin/" "Mozilla/5.0 (Windows NT 10.0; Win64; x64) AppleWebKit/537.36 (KHTML, like Gecko) Chrome/120.0.0.0 Safari/537.36"
195.178.110.31 - - [03/Sep/2026:03:15:34 +0000] "POST /wordpress/?rest_route=%2Fbatch%2Fv1 HTTP/1.1" 404 967 "https://desidrivers.com.au/wordpress/wp-admin/" "Mozilla/5.0 (Windows NT 10.0; Win64; x64) AppleWebKit/537.36 (KHTML, like Gecko) Chrome/120.0.0.0 Safari/537.36"
195.178.110.31 - - [03/Sep/2026:03:15:34 +0000] "POST /wordpress/?rest_route=/batch%2Fv1 HTTP/1.1" 404 967 "https://desidrivers.com.au/wordpress/wp-admin/" "Mozilla/5.0 (Windows NT 10.0; Win64; x64) AppleWebKit/537.36 (KHTML, like Gecko) Chrome/120.0.0.0 Safari/537.36"
195.178.110.31 - - [03/Sep/2026:03:15:34 +0000] "POST /wordpress/?rest_route=/batch/v1 HTTP/1.1" 404 967 "https://desidrivers.com.au/wordpress/wp-admin/" "Mozilla/5.0 (Windows NT 10.0; Win64; x64) AppleWebKit/537.36 (KHTML, like Gecko) Chrome/120.0.0.0 Safari/537.36"
195.178.110.31 - - [03/Sep/2026:03:15:34 +0000] "POST /wordpress/wp-json/batch/v1 HTTP/1.1" 404 967 "https://desidrivers.com.au/wordpress/wp-admin/" "Mozilla/5.0 (Windows NT 10.0; Win64; x64) AppleWebKit/537.36 (KHTML, like Gecko) Chrome/120.0.0.0 Safari/537.36"
195.178.110.31 - - [03/Sep/2026:03:15:34 +0000] "POST /wordpress/wp-json/Batch/v1 HTTP/1.1" 404 967 "https://desidrivers.com.au/wordpress/wp-admin/" "Mozilla/5.0 (Windows NT 10.0; Win64; x64) AppleWebKit/537.36 (KHTML, like Gecko) Chrome/120.0.0.0 Safari/537.36"
195.178.110.31 - - [03/Sep/2026:03:15:35 +0000] "POST /wordpress//wp-json/batch/v1 HTTP/1.1" 404 967 "https://desidrivers.com.au/wordpress/wp-admin/" "Mozilla/5.0 (Windows NT 10.0; Win64; x64) AppleWebKit/537.36 (KHTML, like Gecko) Chrome/120.0.0.0 Safari/537.36"
51.75.129.178 - - [03/Sep/2026:03:15:35 +0000] "GET /tollster/vendor/monolog/monolog/tests/Monolog/Handler/SlackbotHandlerTest.php HTTP/1.1" 500 - "-" "Mozilla/5.0 (compatible; MJ12bot/v1.4.8; http://mj12bot.com/)"
195.178.110.31 - - [03/Sep/2026:03:15:35 +0000] "POST /wordpress/wp-json/batch/v1/ HTTP/1.1" 404 967 "https://desidrivers.com.au/wordpress/wp-admin/" "Mozilla/5.0 (Windows NT 10.0; Win64; x64) AppleWebKit/537.36 (KHTML, like Gecko) Chrome/120.0.0.0 Safari/537.36"
195.178.110.31 - - [03/Sep/2026:03:15:35 +0000] "POST /wordpress/blog/wp-json/batch/v1 HTTP/1.1" 404 967 "https://desidrivers.com.au/wordpress/wp-admin/" "Mozilla/5.0 (Windows NT 10.0; Win64; x64) AppleWebKit/537.36 (KHTML, like Gecko) Chrome/120.0.0.0 Safari/537.36"
195.178.110.31 - - [03/Sep/2026:03:15:35 +0000] "POST /wordpress/wordpress/wp-json/batch/v1 HTTP/1.1" 404 967 "https://desidrivers.com.au/wordpress/wp-admin/" "Mozilla/5.0 (Windows NT 10.0; Win64; x64) AppleWebKit/537.36 (KHTML, like Gecko) Chrome/120.0.0.0 Safari/537.36"
195.178.110.31 - - [03/Sep/2026:03:15:35 +0000] "POST /wordpress/index.php?rest_route=/batch/v1 HTTP/1.1" 404 967 "https://desidrivers.com.au/wordpress/wp-admin/" "Mozilla/5.0 (Windows NT 10.0; Win64; x64) AppleWebKit/537.36 (KHTML, like Gecko) Chrome/120.0.0.0 Safari/537.36"
195.178.110.31 - - [03/Sep/2026:03:15:35 +0000] "POST /wordpress/index.php?rest_route=%2Fbatch%2Fv1 HTTP/1.1" 404 967 "https://desidrivers.com.au/wordpress/wp-admin/" "Mozilla/5.0 (Windows NT 10.0; Win64; x64) AppleWebKit/537.36 (KHTML, like Gecko) Chrome/120.0.0.0 Safari/537.36"
