114.119.145.102 - - [03/Sep/2026:03:05:35 +0000] "GET /google/google-api-php-client-2.2.1/vendor/psr/cache/src/?C=S%3BO%3DA HTTP/1.1" 200 1559 "https://www.desidrivers.com.au/google/google-api-php-client-2.2.1/vendor/psr/cache/src/" "Mozilla/5.0 (Linux; Android 7.0;) AppleWebKit/537.36 (HTML, like Gecko) Mobile Safari/537.36 (compatible; PetalBot;+https://webmaster.petalsearch.com/site/petalbot)"
114.119.155.69 - - [03/Sep/2026:03:07:22 +0000] "GET /google/google-api-php-client-2.2.1/vendor/google/auth/tests/mocks/ HTTP/1.1" 200 1005 "https://www.desidrivers.com.au/google/google-api-php-client-2.2.1/vendor/google/auth/tests/" "Mozilla/5.0 (Linux; Android 7.0;) AppleWebKit/537.36 (HTML, like Gecko) Mobile Safari/537.36 (compatible; PetalBot;+https://webmaster.petalsearch.com/site/petalbot)"
1.146.120.77 - - [03/Sep/2026:03:10:13 +0000] "GET /smsconfirm.php?type=GC&ref=17884035803054 HTTP/1.1" 200 11838 "-" "Mozilla/5.0 (iPhone; CPU iPhone OS 18_7 like Mac OS X) AppleWebKit/605.1.15 (KHTML, like Gecko) Version/26.5.2 Mobile/15E148 Safari/604.1"
1.146.120.77 - - [03/Sep/2026:03:10:13 +0000] "POST /smssend.php HTTP/1.1" 200 2 "https://desidrivers.com.au/smsconfirm.php?type=GC&ref=17884035803054" "Mozilla/5.0 (iPhone; CPU iPhone OS 18_7 like Mac OS X) AppleWebKit/605.1.15 (KHTML, like Gecko) Version/26.5.2 Mobile/15E148 Safari/604.1"
51.75.129.178 - - [03/Sep/2026:03:10:23 +0000] "GET /robots.txt HTTP/1.1" 404 967 "-" "Mozilla/5.0 (compatible; MJ12bot/v1.4.8; http://mj12bot.com/)"
51.75.129.178 - - [03/Sep/2026:03:10:28 +0000] "GET /drivers/twilio-php-master/Twilio/Rest/Accounts/V1/Credential/?C=S;O=A HTTP/1.1" 200 2635 "-" "Mozilla/5.0 (compatible; MJ12bot/v1.4.8; http://mj12bot.com/)"
51.75.129.178 - - [03/Sep/2026:03:10:32 +0000] "GET /drivers/twilio-php-master/Twilio/Rest/Preview/AccSecurity/Service/VerificationInstance.php HTTP/1.1" 500 - "-" "Mozilla/5.0 (compatible; MJ12bot/v1.4.8; http://mj12bot.com/)"
51.75.129.178 - - [03/Sep/2026:03:10:35 +0000] "GET /drivers/twilio-php-master/Twilio/Rest/Preview/AccSecurity/Service/VerificationList.php HTTP/1.1" 500 - "-" "Mozilla/5.0 (compatible; MJ12bot/v1.4.8; http://mj12bot.com/)"
51.75.129.178 - - [03/Sep/2026:03:10:40 +0000] "GET /drivers/twilio-php-master/Twilio/Rest/Preview/AccSecurity/Service/VerificationOptions.php HTTP/1.1" 500 - "-" "Mozilla/5.0 (compatible; MJ12bot/v1.4.8; http://mj12bot.com/)"
51.75.129.178 - - [03/Sep/2026:03:10:43 +0000] "GET /drivers/twilio-php-master/Twilio/Rest/Preview/BulkExports/Export/?C=D;O=D HTTP/1.1" 200 1352 "-" "Mozilla/5.0 (compatible; MJ12bot/v1.4.8; http://mj12bot.com/)"
51.75.129.178 - - [03/Sep/2026:03:10:47 +0000] "GET /drivers/twilio-php-master/Twilio/Rest/Preview/DeployedDevices/Fleet/DeviceOptions.php HTTP/1.1" 500 - "-" "Mozilla/5.0 (compatible; MJ12bot/v1.4.8; http://mj12bot.com/)"
43.166.7.113 - - [03/Sep/2026:03:10:50 +0000] "GET /assets/fonts/?C=S;O=D HTTP/1.1" 200 1471 "-" "Mozilla/5.0 (iPhone; CPU iPhone OS 13_2_3 like Mac OS X) AppleWebKit/605.1.15 (KHTML, like Gecko) Version/13.0.3 Mobile/15E148 Safari/604.1"
51.75.129.178 - - [03/Sep/2026:03:10:52 +0000] "GET /drivers/twilio-php-master/Twilio/Rest/Preview/DeployedDevices/Fleet/DevicePage.php HTTP/1.1" 500 - "-" "Mozilla/5.0 (compatible; MJ12bot/v1.4.8; http://mj12bot.com/)"
51.75.129.178 - - [03/Sep/2026:03:10:57 +0000] "GET /drivers/twilio-php-master/Twilio/Rest/Preview/DeployedDevices/Fleet/KeyContext.php HTTP/1.1" 500 - "-" "Mozilla/5.0 (compatible; MJ12bot/v1.4.8; http://mj12bot.com/)"
51.75.129.178 - - [03/Sep/2026:03:11:00 +0000] "GET /drivers/twilio-php-master/Twilio/Rest/Preview/DeployedDevices/Fleet/KeyInstance.php HTTP/1.1" 500 - "-" "Mozilla/5.0 (compatible; MJ12bot/v1.4.8; http://mj12bot.com/)"
51.75.129.178 - - [03/Sep/2026:03:11:04 +0000] "GET /drivers/twilio-php-master/Twilio/Rest/Preview/DeployedDevices/Fleet/KeyList.php HTTP/1.1" 500 - "-" "Mozilla/5.0 (compatible; MJ12bot/v1.4.8; http://mj12bot.com/)"
51.75.129.178 - - [03/Sep/2026:03:11:08 +0000] "GET /drivers/twilio-php-master/Twilio/Rest/Preview/DeployedDevices/Fleet/KeyOptions.php HTTP/1.1" 500 - "-" "Mozilla/5.0 (compatible; MJ12bot/v1.4.8; http://mj12bot.com/)"
51.75.129.178 - - [03/Sep/2026:03:11:12 +0000] "GET /drivers/twilio-php-master/Twilio/Rest/Preview/DeployedDevices/Fleet/KeyPage.php HTTP/1.1" 500 - "-" "Mozilla/5.0 (compatible; MJ12bot/v1.4.8; http://mj12bot.com/)"
1.146.120.77 - - [03/Sep/2026:03:11:14 +0000] "GET /smsconfirm.php?type=GC&ref=17884035803054 HTTP/1.1" 200 11838 "-" "Mozilla/5.0 (iPhone; CPU iPhone OS 18_7 like Mac OS X) AppleWebKit/605.1.15 (KHTML, like Gecko) Version/26.5.2 Mobile/15E148 Safari/604.1"
1.146.120.77 - - [03/Sep/2026:03:11:15 +0000] "POST /smssend.php HTTP/1.1" 200 2 "https://desidrivers.com.au/smsconfirm.php?type=GC&ref=17884035803054" "Mozilla/5.0 (iPhone; CPU iPhone OS 18_7 like Mac OS X) AppleWebKit/605.1.15 (KHTML, like Gecko) Version/26.5.2 Mobile/15E148 Safari/604.1"
51.75.129.178 - - [03/Sep/2026:03:11:18 +0000] "GET /drivers/twilio-php-master/Twilio/Rest/Preview/HostedNumbers/AuthorizationDocument/?C=D;O=A HTTP/1.1" 200 1674 "-" "Mozilla/5.0 (compatible; MJ12bot/v1.4.8; http://mj12bot.com/)"
1.146.120.77 - - [03/Sep/2026:03:11:20 +0000] "POST /smssend.php HTTP/1.1" 200 2 "https://desidrivers.com.au/smsconfirm.php?type=GC&ref=17884035803054" "Mozilla/5.0 (iPhone; CPU iPhone OS 18_7 like Mac OS X) AppleWebKit/605.1.15 (KHTML, like Gecko) Version/26.5.2 Mobile/15E148 Safari/604.1"
51.75.129.178 - - [03/Sep/2026:03:11:22 +0000] "GET /drivers/twilio-php-master/Twilio/Rest/Preview/HostedNumbers/AuthorizationDocument/?C=M;O=A HTTP/1.1" 200 1674 "-" "Mozilla/5.0 (compatible; MJ12bot/v1.4.8; http://mj12bot.com/)"
51.75.129.178 - - [03/Sep/2026:03:11:26 +0000] "GET /drivers/twilio-php-master/Twilio/Rest/Preview/HostedNumbers/AuthorizationDocument/?C=S;O=A HTTP/1.1" 200 1674 "-" "Mozilla/5.0 (compatible; MJ12bot/v1.4.8; http://mj12bot.com/)"
51.75.129.178 - - [03/Sep/2026:03:11:30 +0000] "GET /drivers/twilio-php-master/Twilio/Rest/Preview/HostedNumbers/AuthorizationDocument/DependentHostedNumberOrderInstance.php HTTP/1.1" 500 - "-" "Mozilla/5.0 (compatible; MJ12bot/v1.4.8; http://mj12bot.com/)"
51.75.129.178 - - [03/Sep/2026:03:11:35 +0000] "GET /drivers/twilio-php-master/Twilio/Rest/Preview/HostedNumbers/AuthorizationDocument/DependentHostedNumberOrderList.php HTTP/1.1" 500 - "-" "Mozilla/5.0 (compatible; MJ12bot/v1.4.8; http://mj12bot.com/)"
51.75.129.178 - - [03/Sep/2026:03:11:41 +0000] "GET /drivers/twilio-php-master/Twilio/Rest/Preview/HostedNumbers/AuthorizationDocument/DependentHostedNumberOrderOptions.php HTTP/1.1" 500 - "-" "Mozilla/5.0 (compatible; MJ12bot/v1.4.8; http://mj12bot.com/)"
51.75.129.178 - - [03/Sep/2026:03:11:46 +0000] "GET /drivers/twilio-php-master/Twilio/Rest/Preview/HostedNumbers/AuthorizationDocument/DependentHostedNumberOrderPage.php HTTP/1.1" 500 - "-" "Mozilla/5.0 (compatible; MJ12bot/v1.4.8; http://mj12bot.com/)"
51.75.129.178 - - [03/Sep/2026:03:11:51 +0000] "GET /drivers/twilio-php-master/Twilio/Rest/Preview/Marketplace/AvailableAddOn/?C=D;O=A HTTP/1.1" 200 1642 "-" "Mozilla/5.0 (compatible; MJ12bot/v1.4.8; http://mj12bot.com/)"
51.75.129.178 - - [03/Sep/2026:03:11:55 +0000] "GET /drivers/twilio-php-master/Twilio/Rest/Preview/Marketplace/AvailableAddOn/?C=M;O=A HTTP/1.1" 200 1642 "-" "Mozilla/5.0 (compatible; MJ12bot/v1.4.8; http://mj12bot.com/)"
51.75.129.178 - - [03/Sep/2026:03:11:58 +0000] "GET /drivers/twilio-php-master/Twilio/Rest/Preview/Marketplace/AvailableAddOn/?C=N;O=D HTTP/1.1" 200 1642 "-" "Mozilla/5.0 (compatible; MJ12bot/v1.4.8; http://mj12bot.com/)"
51.75.129.178 - - [03/Sep/2026:03:12:04 +0000] "GET /drivers/twilio-php-master/Twilio/Rest/Preview/Marketplace/AvailableAddOn/?C=S;O=A HTTP/1.1" 200 1642 "-" "Mozilla/5.0 (compatible; MJ12bot/v1.4.8; http://mj12bot.com/)"
51.75.129.178 - - [03/Sep/2026:03:12:08 +0000] "GET /drivers/twilio-php-master/Twilio/Rest/Preview/Marketplace/AvailableAddOn/AvailableAddOnExtensionContext.php HTTP/1.1" 500 - "-" "Mozilla/5.0 (compatible; MJ12bot/v1.4.8; http://mj12bot.com/)"
1.146.120.77 - - [03/Sep/2026:03:12:10 +0000] "GET /jobcancel.php?type=GC&ref=17884035803054 HTTP/1.1" 200 17749 "-" "Mozilla/5.0 (iPhone; CPU iPhone OS 18_7 like Mac OS X) AppleWebKit/605.1.15 (KHTML, like Gecko) Version/26.5.2 Mobile/15E148 Safari/604.1"
51.75.129.178 - - [03/Sep/2026:03:12:13 +0000] "GET /drivers/twilio-php-master/Twilio/Rest/Preview/Marketplace/AvailableAddOn/AvailableAddOnExtensionInstance.php HTTP/1.1" 500 - "-" "Mozilla/5.0 (compatible; MJ12bot/v1.4.8; http://mj12bot.com/)"
1.146.120.77 - - [03/Sep/2026:03:12:17 +0000] "POST /dispatch.php HTTP/1.1" 200 2 "https://desidrivers.com.au/jobcancel.php?type=GC&ref=17884035803054" "Mozilla/5.0 (iPhone; CPU iPhone OS 18_7 like Mac OS X) AppleWebKit/605.1.15 (KHTML, like Gecko) Version/26.5.2 Mobile/15E148 Safari/604.1"
54.195.99.204 - - [03/Sep/2026:03:12:18 +0000] "POST /hooks/test_hook.php HTTP/1.1" 200 2 "-" "ReactorNetty/1.2.18"
51.75.129.178 - - [03/Sep/2026:03:12:18 +0000] "GET /drivers/twilio-php-master/Twilio/Rest/Preview/Marketplace/AvailableAddOn/AvailableAddOnExtensionList.php HTTP/1.1" 500 - "-" "Mozilla/5.0 (compatible; MJ12bot/v1.4.8; http://mj12bot.com/)"
54.195.99.204 - - [03/Sep/2026:03:12:18 +0000] "POST /hooks/index.php HTTP/1.1" 200 - "-" "ReactorNetty/1.2.18"
63.33.47.3 - - [03/Sep/2026:03:12:21 +0000] "POST /hooks/test_hook.php HTTP/1.1" 200 2 "-" "ReactorNetty/1.2.18"
63.33.47.3 - - [03/Sep/2026:03:12:21 +0000] "POST /hooks/index.php HTTP/1.1" 200 - "-" "ReactorNetty/1.2.18"
51.75.129.178 - - [03/Sep/2026:03:12:23 +0000] "GET /drivers/twilio-php-master/Twilio/Rest/Preview/Marketplace/AvailableAddOn/AvailableAddOnExtensionPage.php HTTP/1.1" 500 - "-" "Mozilla/5.0 (compatible; MJ12bot/v1.4.8; http://mj12bot.com/)"
1.146.120.77 - - [03/Sep/2026:03:12:18 +0000] "POST /update.php HTTP/1.1" 200 2 "https://desidrivers.com.au/jobcancel.php?type=GC&ref=17884035803054" "Mozilla/5.0 (iPhone; CPU iPhone OS 18_7 like Mac OS X) AppleWebKit/605.1.15 (KHTML, like Gecko) Version/26.5.2 Mobile/15E148 Safari/604.1"
51.75.129.178 - - [03/Sep/2026:03:12:27 +0000] "GET /drivers/twilio-php-master/Twilio/Rest/Preview/Marketplace/InstalledAddOn/?C=D;O=A HTTP/1.1" 200 1642 "-" "Mozilla/5.0 (compatible; MJ12bot/v1.4.8; http://mj12bot.com/)"
51.75.129.178 - - [03/Sep/2026:03:12:31 +0000] "GET /drivers/twilio-php-master/Twilio/Rest/Preview/Marketplace/InstalledAddOn/?C=M;O=A HTTP/1.1" 200 1642 "-" "Mozilla/5.0 (compatible; MJ12bot/v1.4.8; http://mj12bot.com/)"
51.75.129.178 - - [03/Sep/2026:03:12:34 +0000] "GET /drivers/twilio-php-master/Twilio/Rest/Preview/Marketplace/InstalledAddOn/?C=N;O=D HTTP/1.1" 200 1642 "-" "Mozilla/5.0 (compatible; MJ12bot/v1.4.8; http://mj12bot.com/)"
51.75.129.178 - - [03/Sep/2026:03:12:37 +0000] "GET /drivers/twilio-php-master/Twilio/Rest/Preview/Marketplace/InstalledAddOn/?C=S;O=A HTTP/1.1" 200 1642 "-" "Mozilla/5.0 (compatible; MJ12bot/v1.4.8; http://mj12bot.com/)"
51.75.129.178 - - [03/Sep/2026:03:12:41 +0000] "GET /drivers/twilio-php-master/Twilio/Rest/Preview/Marketplace/InstalledAddOn/InstalledAddOnExtensionContext.php HTTP/1.1" 500 - "-" "Mozilla/5.0 (compatible; MJ12bot/v1.4.8; http://mj12bot.com/)"
51.75.129.178 - - [03/Sep/2026:03:12:46 +0000] "GET /drivers/twilio-php-master/Twilio/Rest/Preview/Marketplace/InstalledAddOn/InstalledAddOnExtensionInstance.php HTTP/1.1" 500 - "-" "Mozilla/5.0 (compatible; MJ12bot/v1.4.8; http://mj12bot.com/)"
195.178.110.31 - - [03/Sep/2026:03:12:48 +0000] "GET /wp-json/ HTTP/1.1" 404 967 "-" "Mozilla/5.0 (Windows NT 10.0; Win64; x64) AppleWebKit/537.36 (KHTML, like Gecko) Chrome/120.0.0.0 Safari/537.36"
195.178.110.31 - - [03/Sep/2026:03:12:48 +0000] "POST /index.php?rest_route=/batch/v1 HTTP/1.1" 404 16 "-" "Mozilla/5.0 (Windows NT 10.0; Win64; x64) AppleWebKit/537.36 (KHTML, like Gecko) Chrome/120.0.0.0 Safari/537.36"
195.178.110.31 - - [03/Sep/2026:03:12:48 +0000] "POST /index.php?rest_route=%2Fbatch%2Fv1 HTTP/1.1" 404 16 "-" "Mozilla/5.0 (Windows NT 10.0; Win64; x64) AppleWebKit/537.36 (KHTML, like Gecko) Chrome/120.0.0.0 Safari/537.36"
195.178.110.31 - - [03/Sep/2026:03:12:48 +0000] "POST /?rest_route=%2Fbatch%2Fv1 HTTP/1.1" 404 967 "-" "Mozilla/5.0 (Windows NT 10.0; Win64; x64) AppleWebKit/537.36 (KHTML, like Gecko) Chrome/120.0.0.0 Safari/537.36"
195.178.110.31 - - [03/Sep/2026:03:12:48 +0000] "POST /?rest_route=/batch%2Fv1 HTTP/1.1" 404 967 "-" "Mozilla/5.0 (Windows NT 10.0; Win64; x64) AppleWebKit/537.36 (KHTML, like Gecko) Chrome/120.0.0.0 Safari/537.36"
195.178.110.31 - - [03/Sep/2026:03:12:48 +0000] "POST /?rest_route=/batch/v1 HTTP/1.1" 404 967 "-" "Mozilla/5.0 (Windows NT 10.0; Win64; x64) AppleWebKit/537.36 (KHTML, like Gecko) Chrome/120.0.0.0 Safari/537.36"
195.178.110.31 - - [03/Sep/2026:03:12:48 +0000] "POST /wp-json/batch/v1 HTTP/1.1" 404 967 "-" "Mozilla/5.0 (Windows NT 10.0; Win64; x64) AppleWebKit/537.36 (KHTML, like Gecko) Chrome/120.0.0.0 Safari/537.36"
195.178.110.31 - - [03/Sep/2026:03:12:48 +0000] "POST /wp-json/Batch/v1 HTTP/1.1" 404 967 "-" "Mozilla/5.0 (Windows NT 10.0; Win64; x64) AppleWebKit/537.36 (KHTML, like Gecko) Chrome/120.0.0.0 Safari/537.36"
195.178.110.31 - - [03/Sep/2026:03:12:49 +0000] "POST //wp-json/batch/v1 HTTP/1.1" 404 967 "-" "Mozilla/5.0 (Windows NT 10.0; Win64; x64) AppleWebKit/537.36 (KHTML, like Gecko) Chrome/120.0.0.0 Safari/537.36"
195.178.110.31 - - [03/Sep/2026:03:12:49 +0000] "POST /wp-json/batch/v1/ HTTP/1.1" 404 967 "-" "Mozilla/5.0 (Windows NT 10.0; Win64; x64) AppleWebKit/537.36 (KHTML, like Gecko) Chrome/120.0.0.0 Safari/537.36"
195.178.110.31 - - [03/Sep/2026:03:12:49 +0000] "POST /blog/wp-json/batch/v1 HTTP/1.1" 404 967 "-" "Mozilla/5.0 (Windows NT 10.0; Win64; x64) AppleWebKit/537.36 (KHTML, like Gecko) Chrome/120.0.0.0 Safari/537.36"
195.178.110.31 - - [03/Sep/2026:03:12:49 +0000] "POST /wordpress/wp-json/batch/v1 HTTP/1.1" 404 967 "-" "Mozilla/5.0 (Windows NT 10.0; Win64; x64) AppleWebKit/537.36 (KHTML, like Gecko) Chrome/120.0.0.0 Safari/537.36"
195.178.110.31 - - [03/Sep/2026:03:12:49 +0000] "POST /index.php?rest_route=/batch/v1 HTTP/1.1" 404 16 "https://desidrivers.com.au/wp-admin/" "Mozilla/5.0 (Windows NT 10.0; Win64; x64) AppleWebKit/537.36 (KHTML, like Gecko) Chrome/120.0.0.0 Safari/537.36"
195.178.110.31 - - [03/Sep/2026:03:12:49 +0000] "POST /index.php?rest_route=%2Fbatch%2Fv1 HTTP/1.1" 404 16 "https://desidrivers.com.au/wp-admin/" "Mozilla/5.0 (Windows NT 10.0; Win64; x64) AppleWebKit/537.36 (KHTML, like Gecko) Chrome/120.0.0.0 Safari/537.36"
195.178.110.31 - - [03/Sep/2026:03:12:49 +0000] "POST /?rest_route=%2Fbatch%2Fv1 HTTP/1.1" 404 967 "https://desidrivers.com.au/wp-admin/" "Mozilla/5.0 (Windows NT 10.0; Win64; x64) AppleWebKit/537.36 (KHTML, like Gecko) Chrome/120.0.0.0 Safari/537.36"
195.178.110.31 - - [03/Sep/2026:03:12:49 +0000] "POST /?rest_route=/batch%2Fv1 HTTP/1.1" 404 967 "https://desidrivers.com.au/wp-admin/" "Mozilla/5.0 (Windows NT 10.0; Win64; x64) AppleWebKit/537.36 (KHTML, like Gecko) Chrome/120.0.0.0 Safari/537.36"
195.178.110.31 - - [03/Sep/2026:03:12:49 +0000] "POST /?rest_route=/batch/v1 HTTP/1.1" 404 967 "https://desidrivers.com.au/wp-admin/" "Mozilla/5.0 (Windows NT 10.0; Win64; x64) AppleWebKit/537.36 (KHTML, like Gecko) Chrome/120.0.0.0 Safari/537.36"
195.178.110.31 - - [03/Sep/2026:03:12:50 +0000] "POST /wp-json/batch/v1 HTTP/1.1" 404 967 "https://desidrivers.com.au/wp-admin/" "Mozilla/5.0 (Windows NT 10.0; Win64; x64) AppleWebKit/537.36 (KHTML, like Gecko) Chrome/120.0.0.0 Safari/537.36"
195.178.110.31 - - [03/Sep/2026:03:12:50 +0000] "POST /wp-json/Batch/v1 HTTP/1.1" 404 967 "https://desidrivers.com.au/wp-admin/" "Mozilla/5.0 (Windows NT 10.0; Win64; x64) AppleWebKit/537.36 (KHTML, like Gecko) Chrome/120.0.0.0 Safari/537.36"
195.178.110.31 - - [03/Sep/2026:03:12:50 +0000] "POST //wp-json/batch/v1 HTTP/1.1" 404 967 "https://desidrivers.com.au/wp-admin/" "Mozilla/5.0 (Windows NT 10.0; Win64; x64) AppleWebKit/537.36 (KHTML, like Gecko) Chrome/120.0.0.0 Safari/537.36"
195.178.110.31 - - [03/Sep/2026:03:12:50 +0000] "POST /wp-json/batch/v1/ HTTP/1.1" 404 967 "https://desidrivers.com.au/wp-admin/" "Mozilla/5.0 (Windows NT 10.0; Win64; x64) AppleWebKit/537.36 (KHTML, like Gecko) Chrome/120.0.0.0 Safari/537.36"
195.178.110.31 - - [03/Sep/2026:03:12:50 +0000] "POST /blog/wp-json/batch/v1 HTTP/1.1" 404 967 "https://desidrivers.com.au/wp-admin/" "Mozilla/5.0 (Windows NT 10.0; Win64; x64) AppleWebKit/537.36 (KHTML, like Gecko) Chrome/120.0.0.0 Safari/537.36"
195.178.110.31 - - [03/Sep/2026:03:12:50 +0000] "POST /wordpress/wp-json/batch/v1 HTTP/1.1" 404 967 "https://desidrivers.com.au/wp-admin/" "Mozilla/5.0 (Windows NT 10.0; Win64; x64) AppleWebKit/537.36 (KHTML, like Gecko) Chrome/120.0.0.0 Safari/537.36"
195.178.110.31 - - [03/Sep/2026:03:12:50 +0000] "POST /index.php?rest_route=/batch/v1 HTTP/1.1" 404 16 "https://desidrivers.com.au/wp-admin/" "Mozilla/5.0 (Windows NT 10.0; Win64; x64) AppleWebKit/537.36 (KHTML, like Gecko) Chrome/120.0.0.0 Safari/537.36"
195.178.110.31 - - [03/Sep/2026:03:12:50 +0000] "POST /index.php?rest_route=%2Fbatch%2Fv1 HTTP/1.1" 404 16 "https://desidrivers.com.au/wp-admin/" "Mozilla/5.0 (Windows NT 10.0; Win64; x64) AppleWebKit/537.36 (KHTML, like Gecko) Chrome/120.0.0.0 Safari/537.36"
195.178.110.31 - - [03/Sep/2026:03:12:51 +0000] "POST /?rest_route=%2Fbatch%2Fv1 HTTP/1.1" 404 967 "https://desidrivers.com.au/wp-admin/" "Mozilla/5.0 (Windows NT 10.0; Win64; x64) AppleWebKit/537.36 (KHTML, like Gecko) Chrome/120.0.0.0 Safari/537.36"
195.178.110.31 - - [03/Sep/2026:03:12:51 +0000] "POST /?rest_route=/batch%2Fv1 HTTP/1.1" 404 967 "https://desidrivers.com.au/wp-admin/" "Mozilla/5.0 (Windows NT 10.0; Win64; x64) AppleWebKit/537.36 (KHTML, like Gecko) Chrome/120.0.0.0 Safari/537.36"
195.178.110.31 - - [03/Sep/2026:03:12:51 +0000] "POST /?rest_route=/batch/v1 HTTP/1.1" 404 967 "https://desidrivers.com.au/wp-admin/" "Mozilla/5.0 (Windows NT 10.0; Win64; x64) AppleWebKit/537.36 (KHTML, like Gecko) Chrome/120.0.0.0 Safari/537.36"
195.178.110.31 - - [03/Sep/2026:03:12:51 +0000] "POST /wp-json/batch/v1 HTTP/1.1" 404 967 "https://desidrivers.com.au/wp-admin/" "Mozilla/5.0 (Windows NT 10.0; Win64; x64) AppleWebKit/537.36 (KHTML, like Gecko) Chrome/120.0.0.0 Safari/537.36"
51.75.129.178 - - [03/Sep/2026:03:12:51 +0000] "GET /drivers/twilio-php-master/Twilio/Rest/Preview/Marketplace/InstalledAddOn/InstalledAddOnExtensionList.php HTTP/1.1" 500 - "-" "Mozilla/5.0 (compatible; MJ12bot/v1.4.8; http://mj12bot.com/)"
195.178.110.31 - - [03/Sep/2026:03:12:51 +0000] "POST /wp-json/Batch/v1 HTTP/1.1" 404 967 "https://desidrivers.com.au/wp-admin/" "Mozilla/5.0 (Windows NT 10.0; Win64; x64) AppleWebKit/537.36 (KHTML, like Gecko) Chrome/120.0.0.0 Safari/537.36"
195.178.110.31 - - [03/Sep/2026:03:12:51 +0000] "POST //wp-json/batch/v1 HTTP/1.1" 404 967 "https://desidrivers.com.au/wp-admin/" "Mozilla/5.0 (Windows NT 10.0; Win64; x64) AppleWebKit/537.36 (KHTML, like Gecko) Chrome/120.0.0.0 Safari/537.36"
195.178.110.31 - - [03/Sep/2026:03:12:51 +0000] "POST /wp-json/batch/v1/ HTTP/1.1" 404 967 "https://desidrivers.com.au/wp-admin/" "Mozilla/5.0 (Windows NT 10.0; Win64; x64) AppleWebKit/537.36 (KHTML, like Gecko) Chrome/120.0.0.0 Safari/537.36"
195.178.110.31 - - [03/Sep/2026:03:12:52 +0000] "POST /blog/wp-json/batch/v1 HTTP/1.1" 404 967 "https://desidrivers.com.au/wp-admin/" "Mozilla/5.0 (Windows NT 10.0; Win64; x64) AppleWebKit/537.36 (KHTML, like Gecko) Chrome/120.0.0.0 Safari/537.36"
195.178.110.31 - - [03/Sep/2026:03:12:52 +0000] "POST /wordpress/wp-json/batch/v1 HTTP/1.1" 404 967 "https://desidrivers.com.au/wp-admin/" "Mozilla/5.0 (Windows NT 10.0; Win64; x64) AppleWebKit/537.36 (KHTML, like Gecko) Chrome/120.0.0.0 Safari/537.36"
195.178.110.31 - - [03/Sep/2026:03:12:52 +0000] "POST /index.php?rest_route=/batch/v1 HTTP/1.1" 404 16 "https://desidrivers.com.au/wp-admin/" "Mozilla/5.0 (Windows NT 10.0; Win64; x64) AppleWebKit/537.36 (KHTML, like Gecko) Chrome/120.0.0.0 Safari/537.36"
195.178.110.31 - - [03/Sep/2026:03:12:52 +0000] "POST /index.php?rest_route=%2Fbatch%2Fv1 HTTP/1.1" 404 16 "https://desidrivers.com.au/wp-admin/" "Mozilla/5.0 (Windows NT 10.0; Win64; x64) AppleWebKit/537.36 (KHTML, like Gecko) Chrome/120.0.0.0 Safari/537.36"
195.178.110.31 - - [03/Sep/2026:03:12:52 +0000] "POST /?rest_route=%2Fbatch%2Fv1 HTTP/1.1" 404 967 "https://desidrivers.com.au/wp-admin/" "Mozilla/5.0 (Windows NT 10.0; Win64; x64) AppleWebKit/537.36 (KHTML, like Gecko) Chrome/120.0.0.0 Safari/537.36"
195.178.110.31 - - [03/Sep/2026:03:12:55 +0000] "POST /?rest_route=/batch%2Fv1 HTTP/1.1" 404 967 "https://desidrivers.com.au/wp-admin/" "Mozilla/5.0 (Windows NT 10.0; Win64; x64) AppleWebKit/537.36 (KHTML, like Gecko) Chrome/120.0.0.0 Safari/537.36"
195.178.110.31 - - [03/Sep/2026:03:12:55 +0000] "POST /?rest_route=/batch/v1 HTTP/1.1" 404 967 "https://desidrivers.com.au/wp-admin/" "Mozilla/5.0 (Windows NT 10.0; Win64; x64) AppleWebKit/537.36 (KHTML, like Gecko) Chrome/120.0.0.0 Safari/537.36"
195.178.110.31 - - [03/Sep/2026:03:12:55 +0000] "POST /wp-json/batch/v1 HTTP/1.1" 404 967 "https://desidrivers.com.au/wp-admin/" "Mozilla/5.0 (Windows NT 10.0; Win64; x64) AppleWebKit/537.36 (KHTML, like Gecko) Chrome/120.0.0.0 Safari/537.36"
195.178.110.31 - - [03/Sep/2026:03:12:55 +0000] "POST /wp-json/Batch/v1 HTTP/1.1" 404 967 "https://desidrivers.com.au/wp-admin/" "Mozilla/5.0 (Windows NT 10.0; Win64; x64) AppleWebKit/537.36 (KHTML, like Gecko) Chrome/120.0.0.0 Safari/537.36"
195.178.110.31 - - [03/Sep/2026:03:12:55 +0000] "POST //wp-json/batch/v1 HTTP/1.1" 404 967 "https://desidrivers.com.au/wp-admin/" "Mozilla/5.0 (Windows NT 10.0; Win64; x64) AppleWebKit/537.36 (KHTML, like Gecko) Chrome/120.0.0.0 Safari/537.36"
51.75.129.178 - - [03/Sep/2026:03:12:56 +0000] "GET /drivers/twilio-php-master/Twilio/Rest/Preview/Marketplace/InstalledAddOn/InstalledAddOnExtensionPage.php HTTP/1.1" 500 - "-" "Mozilla/5.0 (compatible; MJ12bot/v1.4.8; http://mj12bot.com/)"
195.178.110.31 - - [03/Sep/2026:03:12:56 +0000] "POST /wp-json/batch/v1/ HTTP/1.1" 404 967 "https://desidrivers.com.au/wp-admin/" "Mozilla/5.0 (Windows NT 10.0; Win64; x64) AppleWebKit/537.36 (KHTML, like Gecko) Chrome/120.0.0.0 Safari/537.36"
195.178.110.31 - - [03/Sep/2026:03:12:56 +0000] "POST /blog/wp-json/batch/v1 HTTP/1.1" 404 967 "https://desidrivers.com.au/wp-admin/" "Mozilla/5.0 (Windows NT 10.0; Win64; x64) AppleWebKit/537.36 (KHTML, like Gecko) Chrome/120.0.0.0 Safari/537.36"
195.178.110.31 - - [03/Sep/2026:03:12:56 +0000] "POST /wordpress/wp-json/batch/v1 HTTP/1.1" 404 967 "https://desidrivers.com.au/wp-admin/" "Mozilla/5.0 (Windows NT 10.0; Win64; x64) AppleWebKit/537.36 (KHTML, like Gecko) Chrome/120.0.0.0 Safari/537.36"
195.178.110.31 - - [03/Sep/2026:03:12:56 +0000] "POST /index.php?rest_route=/batch/v1 HTTP/1.1" 404 16 "https://desidrivers.com.au/wp-admin/" "Mozilla/5.0 (Windows NT 10.0; Win64; x64) AppleWebKit/537.36 (KHTML, like Gecko) Chrome/120.0.0.0 Safari/537.36"
195.178.110.31 - - [03/Sep/2026:03:12:56 +0000] "POST /index.php?rest_route=%2Fbatch%2Fv1 HTTP/1.1" 404 16 "https://desidrivers.com.au/wp-admin/" "Mozilla/5.0 (Windows NT 10.0; Win64; x64) AppleWebKit/537.36 (KHTML, like Gecko) Chrome/120.0.0.0 Safari/537.36"
195.178.110.31 - - [03/Sep/2026:03:12:56 +0000] "POST /?rest_route=%2Fbatch%2Fv1 HTTP/1.1" 404 967 "https://desidrivers.com.au/wp-admin/" "Mozilla/5.0 (Windows NT 10.0; Win64; x64) AppleWebKit/537.36 (KHTML, like Gecko) Chrome/120.0.0.0 Safari/537.36"
195.178.110.31 - - [03/Sep/2026:03:12:57 +0000] "POST /?rest_route=/batch%2Fv1 HTTP/1.1" 404 967 "https://desidrivers.com.au/wp-admin/" "Mozilla/5.0 (Windows NT 10.0; Win64; x64) AppleWebKit/537.36 (KHTML, like Gecko) Chrome/120.0.0.0 Safari/537.36"
195.178.110.31 - - [03/Sep/2026:03:12:57 +0000] "POST /?rest_route=/batch/v1 HTTP/1.1" 404 967 "https://desidrivers.com.au/wp-admin/" "Mozilla/5.0 (Windows NT 10.0; Win64; x64) AppleWebKit/537.36 (KHTML, like Gecko) Chrome/120.0.0.0 Safari/537.36"
195.178.110.31 - - [03/Sep/2026:03:12:57 +0000] "POST /wp-json/batch/v1 HTTP/1.1" 404 967 "https://desidrivers.com.au/wp-admin/" "Mozilla/5.0 (Windows NT 10.0; Win64; x64) AppleWebKit/537.36 (KHTML, like Gecko) Chrome/120.0.0.0 Safari/537.36"
195.178.110.31 - - [03/Sep/2026:03:12:57 +0000] "POST /wp-json/Batch/v1 HTTP/1.1" 404 967 "https://desidrivers.com.au/wp-admin/" "Mozilla/5.0 (Windows NT 10.0; Win64; x64) AppleWebKit/537.36 (KHTML, like Gecko) Chrome/120.0.0.0 Safari/537.36"
195.178.110.31 - - [03/Sep/2026:03:12:57 +0000] "POST //wp-json/batch/v1 HTTP/1.1" 404 967 "https://desidrivers.com.au/wp-admin/" "Mozilla/5.0 (Windows NT 10.0; Win64; x64) AppleWebKit/537.36 (KHTML, like Gecko) Chrome/120.0.0.0 Safari/537.36"
195.178.110.31 - - [03/Sep/2026:03:12:57 +0000] "POST /wp-json/batch/v1/ HTTP/1.1" 404 967 "https://desidrivers.com.au/wp-admin/" "Mozilla/5.0 (Windows NT 10.0; Win64; x64) AppleWebKit/537.36 (KHTML, like Gecko) Chrome/120.0.0.0 Safari/537.36"
195.178.110.31 - - [03/Sep/2026:03:12:57 +0000] "POST /blog/wp-json/batch/v1 HTTP/1.1" 404 967 "https://desidrivers.com.au/wp-admin/" "Mozilla/5.0 (Windows NT 10.0; Win64; x64) AppleWebKit/537.36 (KHTML, like Gecko) Chrome/120.0.0.0 Safari/537.36"
195.178.110.31 - - [03/Sep/2026:03:12:57 +0000] "POST /wordpress/wp-json/batch/v1 HTTP/1.1" 404 967 "https://desidrivers.com.au/wp-admin/" "Mozilla/5.0 (Windows NT 10.0; Win64; x64) AppleWebKit/537.36 (KHTML, like Gecko) Chrome/120.0.0.0 Safari/537.36"
195.178.110.31 - - [03/Sep/2026:03:12:58 +0000] "POST /index.php?rest_route=/batch/v1 HTTP/1.1" 404 16 "https://desidrivers.com.au/wp-admin/" "Mozilla/5.0 (Windows NT 10.0; Win64; x64) AppleWebKit/537.36 (KHTML, like Gecko) Chrome/120.0.0.0 Safari/537.36"
195.178.110.31 - - [03/Sep/2026:03:12:58 +0000] "POST /index.php?rest_route=%2Fbatch%2Fv1 HTTP/1.1" 404 16 "https://desidrivers.com.au/wp-admin/" "Mozilla/5.0 (Windows NT 10.0; Win64; x64) AppleWebKit/537.36 (KHTML, like Gecko) Chrome/120.0.0.0 Safari/537.36"
195.178.110.31 - - [03/Sep/2026:03:12:58 +0000] "POST /?rest_route=%2Fbatch%2Fv1 HTTP/1.1" 404 967 "https://desidrivers.com.au/wp-admin/" "Mozilla/5.0 (Windows NT 10.0; Win64; x64) AppleWebKit/537.36 (KHTML, like Gecko) Chrome/120.0.0.0 Safari/537.36"
195.178.110.31 - - [03/Sep/2026:03:12:58 +0000] "POST /?rest_route=/batch%2Fv1 HTTP/1.1" 404 967 "https://desidrivers.com.au/wp-admin/" "Mozilla/5.0 (Windows NT 10.0; Win64; x64) AppleWebKit/537.36 (KHTML, like Gecko) Chrome/120.0.0.0 Safari/537.36"
195.178.110.31 - - [03/Sep/2026:03:12:58 +0000] "POST /?rest_route=/batch/v1 HTTP/1.1" 404 967 "https://desidrivers.com.au/wp-admin/" "Mozilla/5.0 (Windows NT 10.0; Win64; x64) AppleWebKit/537.36 (KHTML, like Gecko) Chrome/120.0.0.0 Safari/537.36"
195.178.110.31 - - [03/Sep/2026:03:12:58 +0000] "POST /wp-json/batch/v1 HTTP/1.1" 404 967 "https://desidrivers.com.au/wp-admin/" "Mozilla/5.0 (Windows NT 10.0; Win64; x64) AppleWebKit/537.36 (KHTML, like Gecko) Chrome/120.0.0.0 Safari/537.36"
195.178.110.31 - - [03/Sep/2026:03:12:58 +0000] "POST /wp-json/Batch/v1 HTTP/1.1" 404 967 "https://desidrivers.com.au/wp-admin/" "Mozilla/5.0 (Windows NT 10.0; Win64; x64) AppleWebKit/537.36 (KHTML, like Gecko) Chrome/120.0.0.0 Safari/537.36"
195.178.110.31 - - [03/Sep/2026:03:12:58 +0000] "POST //wp-json/batch/v1 HTTP/1.1" 404 967 "https://desidrivers.com.au/wp-admin/" "Mozilla/5.0 (Windows NT 10.0; Win64; x64) AppleWebKit/537.36 (KHTML, like Gecko) Chrome/120.0.0.0 Safari/537.36"
195.178.110.31 - - [03/Sep/2026:03:12:58 +0000] "POST /wp-json/batch/v1/ HTTP/1.1" 404 967 "https://desidrivers.com.au/wp-admin/" "Mozilla/5.0 (Windows NT 10.0; Win64; x64) AppleWebKit/537.36 (KHTML, like Gecko) Chrome/120.0.0.0 Safari/537.36"
195.178.110.31 - - [03/Sep/2026:03:12:58 +0000] "POST /blog/wp-json/batch/v1 HTTP/1.1" 404 967 "https://desidrivers.com.au/wp-admin/" "Mozilla/5.0 (Windows NT 10.0; Win64; x64) AppleWebKit/537.36 (KHTML, like Gecko) Chrome/120.0.0.0 Safari/537.36"
195.178.110.31 - - [03/Sep/2026:03:12:59 +0000] "POST /wordpress/wp-json/batch/v1 HTTP/1.1" 404 967 "https://desidrivers.com.au/wp-admin/" "Mozilla/5.0 (Windows NT 10.0; Win64; x64) AppleWebKit/537.36 (KHTML, like Gecko) Chrome/120.0.0.0 Safari/537.36"
195.178.110.31 - - [03/Sep/2026:03:12:59 +0000] "POST /index.php?rest_route=/batch/v1 HTTP/1.1" 404 16 "https://desidrivers.com.au/wp-admin/" "WordPress/6.4.3"
195.178.110.31 - - [03/Sep/2026:03:12:59 +0000] "POST /index.php?rest_route=%2Fbatch%2Fv1 HTTP/1.1" 404 16 "https://desidrivers.com.au/wp-admin/" "WordPress/6.4.3"
195.178.110.31 - - [03/Sep/2026:03:12:59 +0000] "POST /?rest_route=%2Fbatch%2Fv1 HTTP/1.1" 404 967 "https://desidrivers.com.au/wp-admin/" "WordPress/6.4.3"
195.178.110.31 - - [03/Sep/2026:03:12:59 +0000] "POST /?rest_route=/batch%2Fv1 HTTP/1.1" 404 967 "https://desidrivers.com.au/wp-admin/" "WordPress/6.4.3"
195.178.110.31 - - [03/Sep/2026:03:12:59 +0000] "POST /?rest_route=/batch/v1 HTTP/1.1" 404 967 "https://desidrivers.com.au/wp-admin/" "WordPress/6.4.3"
195.178.110.31 - - [03/Sep/2026:03:12:59 +0000] "POST /wp-json/batch/v1 HTTP/1.1" 404 967 "https://desidrivers.com.au/wp-admin/" "WordPress/6.4.3"
195.178.110.31 - - [03/Sep/2026:03:12:59 +0000] "POST /wp-json/Batch/v1 HTTP/1.1" 404 967 "https://desidrivers.com.au/wp-admin/" "WordPress/6.4.3"
195.178.110.31 - - [03/Sep/2026:03:12:59 +0000] "POST //wp-json/batch/v1 HTTP/1.1" 404 967 "https://desidrivers.com.au/wp-admin/" "WordPress/6.4.3"
195.178.110.31 - - [03/Sep/2026:03:12:59 +0000] "POST /wp-json/batch/v1/ HTTP/1.1" 404 967 "https://desidrivers.com.au/wp-admin/" "WordPress/6.4.3"
195.178.110.31 - - [03/Sep/2026:03:12:59 +0000] "POST /blog/wp-json/batch/v1 HTTP/1.1" 404 967 "https://desidrivers.com.au/wp-admin/" "WordPress/6.4.3"
195.178.110.31 - - [03/Sep/2026:03:13:00 +0000] "POST /wordpress/wp-json/batch/v1 HTTP/1.1" 404 967 "https://desidrivers.com.au/wp-admin/" "WordPress/6.4.3"
195.178.110.31 - - [03/Sep/2026:03:13:00 +0000] "GET /wp/v2/posts/999999 HTTP/1.1" 404 967 "-" "Mozilla/5.0 (Windows NT 10.0; Win64; x64) AppleWebKit/537.36 (KHTML, like Gecko) Chrome/120.0.0.0 Safari/537.36"
195.178.110.31 - - [03/Sep/2026:03:13:00 +0000] "GET /?rest_route=/wp/v2/posts/999999 HTTP/1.1" 200 28348 "-" "Mozilla/5.0 (Windows NT 10.0; Win64; x64) AppleWebKit/537.36 (KHTML, like Gecko) Chrome/120.0.0.0 Safari/537.36"
195.178.110.31 - - [03/Sep/2026:03:13:00 +0000] "GET /wp/v2/pages HTTP/1.1" 404 967 "-" "Mozilla/5.0 (Windows NT 10.0; Win64; x64) AppleWebKit/537.36 (KHTML, like Gecko) Chrome/120.0.0.0 Safari/537.36"
195.178.110.31 - - [03/Sep/2026:03:13:00 +0000] "GET /?rest_route=/wp/v2/pages HTTP/1.1" 200 28348 "-" "Mozilla/5.0 (Windows NT 10.0; Win64; x64) AppleWebKit/537.36 (KHTML, like Gecko) Chrome/120.0.0.0 Safari/537.36"
51.75.129.178 - - [03/Sep/2026:03:13:01 +0000] "GET /drivers/twilio-php-master/Twilio/Rest/Pricing/V1/Voice/?C=D;O=A HTTP/1.1" 200 2256 "-" "Mozilla/5.0 (compatible; MJ12bot/v1.4.8; http://mj12bot.com/)"
195.178.110.31 - - [03/Sep/2026:03:13:01 +0000] "GET /wp/v2/media HTTP/1.1" 404 967 "-" "Mozilla/5.0 (Windows NT 10.0; Win64; x64) AppleWebKit/537.36 (KHTML, like Gecko) Chrome/120.0.0.0 Safari/537.36"
195.178.110.31 - - [03/Sep/2026:03:13:01 +0000] "GET /?rest_route=/wp/v2/media HTTP/1.1" 200 28348 "-" "Mozilla/5.0 (Windows NT 10.0; Win64; x64) AppleWebKit/537.36 (KHTML, like Gecko) Chrome/120.0.0.0 Safari/537.36"
195.178.110.31 - - [03/Sep/2026:03:13:01 +0000] "GET /wp/v2/categories HTTP/1.1" 404 967 "-" "Mozilla/5.0 (Windows NT 10.0; Win64; x64) AppleWebKit/537.36 (KHTML, like Gecko) Chrome/120.0.0.0 Safari/537.36"
195.178.110.31 - - [03/Sep/2026:03:13:01 +0000] "GET /?rest_route=/wp/v2/categories HTTP/1.1" 200 28348 "-" "Mozilla/5.0 (Windows NT 10.0; Win64; x64) AppleWebKit/537.36 (KHTML, like Gecko) Chrome/120.0.0.0 Safari/537.36"
195.178.110.31 - - [03/Sep/2026:03:13:01 +0000] "GET /wp/v2/tags HTTP/1.1" 404 967 "-" "Mozilla/5.0 (Windows NT 10.0; Win64; x64) AppleWebKit/537.36 (KHTML, like Gecko) Chrome/120.0.0.0 Safari/537.36"
195.178.110.31 - - [03/Sep/2026:03:13:01 +0000] "GET /?rest_route=/wp/v2/tags HTTP/1.1" 200 28348 "-" "Mozilla/5.0 (Windows NT 10.0; Win64; x64) AppleWebKit/537.36 (KHTML, like Gecko) Chrome/120.0.0.0 Safari/537.36"
195.178.110.31 - - [03/Sep/2026:03:13:01 +0000] "GET /wp/v2/posts/999998 HTTP/1.1" 404 967 "-" "Mozilla/5.0 (Windows NT 10.0; Win64; x64) AppleWebKit/537.36 (KHTML, like Gecko) Chrome/120.0.0.0 Safari/537.36"
195.178.110.31 - - [03/Sep/2026:03:13:01 +0000] "GET /?rest_route=/wp/v2/posts/999998 HTTP/1.1" 200 28348 "-" "Mozilla/5.0 (Windows NT 10.0; Win64; x64) AppleWebKit/537.36 (KHTML, like Gecko) Chrome/120.0.0.0 Safari/537.36"
195.178.110.31 - - [03/Sep/2026:03:13:01 +0000] "GET /wp/v2/posts/99999 HTTP/1.1" 404 967 "-" "Mozilla/5.0 (Windows NT 10.0; Win64; x64) AppleWebKit/537.36 (KHTML, like Gecko) Chrome/120.0.0.0 Safari/537.36"
195.178.110.31 - - [03/Sep/2026:03:13:01 +0000] "GET /?rest_route=/wp/v2/posts/99999 HTTP/1.1" 200 28348 "-" "Mozilla/5.0 (Windows NT 10.0; Win64; x64) AppleWebKit/537.36 (KHTML, like Gecko) Chrome/120.0.0.0 Safari/537.36"
195.178.110.31 - - [03/Sep/2026:03:13:02 +0000] "GET /wp/v2/posts/9999999 HTTP/1.1" 404 967 "-" "Mozilla/5.0 (Windows NT 10.0; Win64; x64) AppleWebKit/537.36 (KHTML, like Gecko) Chrome/120.0.0.0 Safari/537.36"
195.178.110.31 - - [03/Sep/2026:03:13:02 +0000] "GET /?rest_route=/wp/v2/posts/9999999 HTTP/1.1" 200 28348 "-" "Mozilla/5.0 (Windows NT 10.0; Win64; x64) AppleWebKit/537.36 (KHTML, like Gecko) Chrome/120.0.0.0 Safari/537.36"
195.178.110.31 - - [03/Sep/2026:03:13:02 +0000] "GET /wp/v2/users HTTP/1.1" 404 967 "-" "Mozilla/5.0 (Windows NT 10.0; Win64; x64) AppleWebKit/537.36 (KHTML, like Gecko) Chrome/120.0.0.0 Safari/537.36"
195.178.110.31 - - [03/Sep/2026:03:13:02 +0000] "GET /?rest_route=/wp/v2/users HTTP/1.1" 200 28348 "-" "Mozilla/5.0 (Windows NT 10.0; Win64; x64) AppleWebKit/537.36 (KHTML, like Gecko) Chrome/120.0.0.0 Safari/537.36"
195.178.110.31 - - [03/Sep/2026:03:13:02 +0000] "POST /?rest_route=/batch/v1 HTTP/1.1" 404 967 "-" "Mozilla/5.0 (Windows NT 10.0; Win64; x64) AppleWebKit/537.36 (KHTML, like Gecko) Chrome/120.0.0.0 Safari/537.36"
195.178.110.31 - - [03/Sep/2026:03:13:02 +0000] "POST /?rest_route=/batch/v1 HTTP/1.1" 404 967 "-" "Mozilla/5.0 (Windows NT 10.0; Win64; x64) AppleWebKit/537.36 (KHTML, like Gecko) Chrome/120.0.0.0 Safari/537.36"
195.178.110.31 - - [03/Sep/2026:03:13:03 +0000] "POST /wp-json/batch/v1 HTTP/1.1" 404 967 "-" "Mozilla/5.0 (Windows NT 10.0; Win64; x64) AppleWebKit/537.36 (KHTML, like Gecko) Chrome/120.0.0.0 Safari/537.36"
195.178.110.31 - - [03/Sep/2026:03:13:03 +0000] "POST /wp-json/batch/v1 HTTP/1.1" 404 967 "-" "Mozilla/5.0 (Windows NT 10.0; Win64; x64) AppleWebKit/537.36 (KHTML, like Gecko) Chrome/120.0.0.0 Safari/537.36"
195.178.110.31 - - [03/Sep/2026:03:13:03 +0000] "GET /wp-json/gravitysmtp/v1/tests/mock-data?page=gravitysmtp-settings HTTP/1.1" 404 967 "-" "Mozilla/5.0 (Windows NT 10.0; Win64; x64) AppleWebKit/537.36 (KHTML, like Gecko) Chrome/120.0.0.0 Safari/537.36"
195.178.110.31 - - [03/Sep/2026:03:13:03 +0000] "GET /?rest_route=/gravitysmtp/v1/tests/mock-data&page=gravitysmtp-settings HTTP/1.1" 200 28348 "-" "Mozilla/5.0 (Macintosh; Intel Mac OS X 10_15_7) AppleWebKit/605.1.15 (KHTML, like Gecko) Version/17.0 Safari/605.1.15"
195.178.110.31 - - [03/Sep/2026:03:13:04 +0000] "GET /wp-json/gravitysmtp/v1/tests/mock-data?page=gravitysmtp-connections HTTP/1.1" 404 967 "-" "Mozilla/5.0 (X11; Linux x86_64; rv:121.0) Gecko/20100101 Firefox/121.0"
51.75.129.178 - - [03/Sep/2026:03:13:04 +0000] "GET /drivers/twilio-php-master/Twilio/Rest/Pricing/V1/Voice/?C=N;O=D HTTP/1.1" 200 2256 "-" "Mozilla/5.0 (compatible; MJ12bot/v1.4.8; http://mj12bot.com/)"
195.178.110.31 - - [03/Sep/2026:03:13:04 +0000] "GET /?rest_route=/gravitysmtp/v1/tests/mock-data&page=gravitysmtp-connections HTTP/1.1" 200 28348 "-" "Mozilla/5.0 (Windows NT 10.0; Win64; x64; rv:121.0) Gecko/20100101 Firefox/121.0"
195.178.110.31 - - [03/Sep/2026:03:13:04 +0000] "GET /index.php?rest_route=/gravitysmtp/v1/tests/mock-data&page=gravitysmtp-settings HTTP/1.1" 404 16 "-" "Mozilla/5.0 (iPhone; CPU iPhone OS 17_0 like Mac OS X) AppleWebKit/605.1.15 (KHTML, like Gecko) Version/17.0 Mobile/15E148 Safari/604.1"
195.178.110.31 - - [03/Sep/2026:03:13:04 +0000] "GET /wp-json/gravitysmtp/v1/tests/mock-data HTTP/1.1" 404 967 "-" "Mozilla/5.0 (Linux; Android 13; SM-S918B) AppleWebKit/537.36 (KHTML, like Gecko) Chrome/120.0.0.0 Mobile Safari/537.36"
195.178.110.31 - - [03/Sep/2026:03:13:05 +0000] "GET / HTTP/1.1" 200 28348 "-" "Mozilla/5.0 (Windows NT 10.0; Win64; x64) AppleWebKit/537.36 (KHTML, like Gecko) Chrome/131.0.0.0 Safari/537.36"
195.178.110.31 - - [03/Sep/2026:03:13:06 +0000] "GET /livewire/update HTTP/1.1" 404 967 "-" "Mozilla/5.0"
195.178.110.31 - - [03/Sep/2026:03:13:06 +0000] "POST / HTTP/1.1" 404 967 "-" "Mozilla/5.0 (Windows NT 10.0; Win64; x64) Chrome/120.0.0.0"
195.178.110.31 - - [03/Sep/2026:03:13:06 +0000] "POST / HTTP/1.1" 404 967 "-" "Mozilla/5.0 (Windows NT 10.0; Win64; x64) Chrome/120.0.0.0"
195.178.110.31 - - [03/Sep/2026:03:13:07 +0000] "POST / HTTP/1.1" 404 967 "-" "Mozilla/5.0 (Windows NT 10.0; Win64; x64) Chrome/120.0.0.0"
195.178.110.31 - - [03/Sep/2026:03:13:07 +0000] "POST / HTTP/1.1" 404 967 "-" "Mozilla/5.0 (Windows NT 10.0; Win64; x64) Chrome/120.0.0.0"
195.178.110.31 - - [03/Sep/2026:03:13:07 +0000] "POST / HTTP/1.1" 404 967 "-" "Mozilla/5.0 (Windows NT 10.0; Win64; x64) Chrome/120.0.0.0"
195.178.110.31 - - [03/Sep/2026:03:13:07 +0000] "POST / HTTP/1.1" 404 967 "-" "Mozilla/5.0 (Windows NT 10.0; Win64; x64) Chrome/120.0.0.0"
51.75.129.178 - - [03/Sep/2026:03:13:08 +0000] "GET /tollster/vendor/monolog/monolog/tests/Monolog/Formatter/?C=N;O=D HTTP/1.1" 200 3309 "-" "Mozilla/5.0 (compatible; MJ12bot/v1.4.8; http://mj12bot.com/)"
195.178.110.31 - - [03/Sep/2026:03:13:09 +0000] "POST / HTTP/1.1" 404 967 "-" "Mozilla/5.0 (Windows NT 10.0; Win64; x64) Chrome/120.0.0.0"
195.178.110.31 - - [03/Sep/2026:03:13:09 +0000] "POST / HTTP/1.1" 404 967 "-" "Mozilla/5.0 (Windows NT 10.0; Win64; x64) Chrome/120.0.0.0"
195.178.110.31 - - [03/Sep/2026:03:13:10 +0000] "POST / HTTP/1.1" 404 967 "-" "Mozilla/5.0 (Windows NT 10.0; Win64; x64) Chrome/120.0.0.0"
195.178.110.31 - - [03/Sep/2026:03:13:10 +0000] "POST / HTTP/1.1" 404 967 "-" "Mozilla/5.0 (Windows NT 10.0; Win64; x64) Chrome/120.0.0.0"
195.178.110.31 - - [03/Sep/2026:03:13:10 +0000] "POST / HTTP/1.1" 404 967 "-" "Mozilla/5.0 (Windows NT 10.0; Win64; x64) Chrome/120.0.0.0"
195.178.110.31 - - [03/Sep/2026:03:13:10 +0000] "POST / HTTP/1.1" 404 967 "-" "Mozilla/5.0 (Windows NT 10.0; Win64; x64) Chrome/120.0.0.0"
195.178.110.31 - - [03/Sep/2026:03:13:11 +0000] "POST / HTTP/1.1" 404 967 "-" "Mozilla/5.0 (Windows NT 10.0; Win64; x64) Chrome/120.0.0.0"
195.178.110.31 - - [03/Sep/2026:03:13:11 +0000] "POST / HTTP/1.1" 404 967 "-" "Mozilla/5.0 (Windows NT 10.0; Win64; x64) Chrome/120.0.0.0"
51.75.129.178 - - [03/Sep/2026:03:13:12 +0000] "GET /tollster/vendor/monolog/monolog/tests/Monolog/Formatter/?C=S;O=D HTTP/1.1" 200 3309 "-" "Mozilla/5.0 (compatible; MJ12bot/v1.4.8; http://mj12bot.com/)"
195.178.110.31 - - [03/Sep/2026:03:13:12 +0000] "POST / HTTP/1.1" 404 967 "-" "Mozilla/5.0 (Windows NT 10.0; Win64; x64) Chrome/120.0.0.0"
195.178.110.31 - - [03/Sep/2026:03:13:15 +0000] "POST / HTTP/1.1" 404 967 "-" "Mozilla/5.0 (Windows NT 10.0; Win64; x64) Chrome/120.0.0.0"
195.178.110.31 - - [03/Sep/2026:03:13:15 +0000] "POST / HTTP/1.1" 404 967 "-" "Mozilla/5.0 (Windows NT 10.0; Win64; x64) Chrome/120.0.0.0"
195.178.110.31 - - [03/Sep/2026:03:13:16 +0000] "POST / HTTP/1.1" 404 967 "-" "Mozilla/5.0 (Windows NT 10.0; Win64; x64) Chrome/120.0.0.0"
195.178.110.31 - - [03/Sep/2026:03:13:16 +0000] "POST / HTTP/1.1" 404 967 "-" "Mozilla/5.0 (Windows NT 10.0; Win64; x64) Chrome/120.0.0.0"
51.75.129.178 - - [03/Sep/2026:03:13:16 +0000] "GET /tollster/vendor/monolog/monolog/tests/Monolog/Handler/?C=D;O=D HTTP/1.1" 200 10751 "-" "Mozilla/5.0 (compatible; MJ12bot/v1.4.8; http://mj12bot.com/)"
195.178.110.31 - - [03/Sep/2026:03:13:17 +0000] "POST / HTTP/1.1" 404 967 "-" "Mozilla/5.0 (Windows NT 10.0; Win64; x64) Chrome/120.0.0.0"
195.178.110.31 - - [03/Sep/2026:03:13:17 +0000] "POST / HTTP/1.1" 404 967 "-" "Mozilla/5.0 (Windows NT 10.0; Win64; x64) Chrome/120.0.0.0"
195.178.110.31 - - [03/Sep/2026:03:13:20 +0000] "POST / HTTP/1.1" 404 967 "-" "Mozilla/5.0 (Windows NT 10.0; Win64; x64) Chrome/120.0.0.0"
195.178.110.31 - - [03/Sep/2026:03:13:20 +0000] "POST / HTTP/1.1" 404 967 "-" "Mozilla/5.0 (Windows NT 10.0; Win64; x64) Chrome/120.0.0.0"
195.178.110.31 - - [03/Sep/2026:03:13:20 +0000] "POST / HTTP/1.1" 404 967 "-" "Mozilla/5.0 (Windows NT 10.0; Win64; x64) Chrome/120.0.0.0"
195.178.110.31 - - [03/Sep/2026:03:13:21 +0000] "POST / HTTP/1.1" 404 967 "-" "Mozilla/5.0 (Windows NT 10.0; Win64; x64) Chrome/120.0.0.0"
51.75.129.178 - - [03/Sep/2026:03:13:21 +0000] "GET /tollster/vendor/monolog/monolog/tests/Monolog/Handler/?C=M;O=D HTTP/1.1" 200 10751 "-" "Mozilla/5.0 (compatible; MJ12bot/v1.4.8; http://mj12bot.com/)"
195.178.110.31 - - [03/Sep/2026:03:13:21 +0000] "POST / HTTP/1.1" 404 967 "-" "Mozilla/5.0 (Windows NT 10.0; Win64; x64) Chrome/120.0.0.0"
195.178.110.31 - - [03/Sep/2026:03:13:21 +0000] "POST / HTTP/1.1" 404 967 "-" "Mozilla/5.0 (Windows NT 10.0; Win64; x64) Chrome/120.0.0.0"
195.178.110.31 - - [03/Sep/2026:03:13:23 +0000] "POST / HTTP/1.1" 404 967 "-" "Mozilla/5.0 (Windows NT 10.0; Win64; x64) Chrome/120.0.0.0"
195.178.110.31 - - [03/Sep/2026:03:13:25 +0000] "POST / HTTP/1.1" 404 967 "-" "Mozilla/5.0 (Windows NT 10.0; Win64; x64) Chrome/120.0.0.0"
195.178.110.31 - - [03/Sep/2026:03:13:25 +0000] "POST / HTTP/1.1" 404 967 "-" "Mozilla/5.0 (Windows NT 10.0; Win64; x64) Chrome/120.0.0.0"
195.178.110.31 - - [03/Sep/2026:03:13:25 +0000] "POST / HTTP/1.1" 404 967 "-" "Mozilla/5.0 (Windows NT 10.0; Win64; x64) Chrome/120.0.0.0"
195.178.110.31 - - [03/Sep/2026:03:13:26 +0000] "POST / HTTP/1.1" 404 967 "-" "Mozilla/5.0 (Windows NT 10.0; Win64; x64) Chrome/120.0.0.0"
195.178.110.31 - - [03/Sep/2026:03:13:26 +0000] "POST / HTTP/1.1" 404 967 "-" "Mozilla/5.0 (Windows NT 10.0; Win64; x64) Chrome/120.0.0.0"
195.178.110.31 - - [03/Sep/2026:03:13:26 +0000] "POST / HTTP/1.1" 404 967 "-" "Mozilla/5.0 (Windows NT 10.0; Win64; x64) Chrome/120.0.0.0"
195.178.110.31 - - [03/Sep/2026:03:13:26 +0000] "POST / HTTP/1.1" 404 967 "-" "Mozilla/5.0 (Windows NT 10.0; Win64; x64) Chrome/120.0.0.0"
195.178.110.31 - - [03/Sep/2026:03:13:27 +0000] "POST / HTTP/1.1" 404 967 "-" "Mozilla/5.0 (Windows NT 10.0; Win64; x64) Chrome/120.0.0.0"
51.75.129.178 - - [03/Sep/2026:03:13:27 +0000] "GET /tollster/vendor/monolog/monolog/tests/Monolog/Handler/?C=N;O=A HTTP/1.1" 200 10751 "-" "Mozilla/5.0 (compatible; MJ12bot/v1.4.8; http://mj12bot.com/)"
51.75.129.178 - - [03/Sep/2026:03:13:30 +0000] "GET /tollster/vendor/monolog/monolog/tests/Monolog/Handler/?C=S;O=D HTTP/1.1" 200 10751 "-" "Mozilla/5.0 (compatible; MJ12bot/v1.4.8; http://mj12bot.com/)"
195.178.110.31 - - [03/Sep/2026:03:13:30 +0000] "POST /login HTTP/1.1" 404 967 "-" "Mozilla/5.0 (Windows NT 10.0; Win64; x64) Chrome/120.0.0.0"
195.178.110.31 - - [03/Sep/2026:03:13:30 +0000] "POST /login HTTP/1.1" 404 967 "-" "Mozilla/5.0 (Windows NT 10.0; Win64; x64) Chrome/120.0.0.0"
195.178.110.31 - - [03/Sep/2026:03:13:31 +0000] "POST /login HTTP/1.1" 404 967 "-" "Mozilla/5.0 (Windows NT 10.0; Win64; x64) Chrome/120.0.0.0"
195.178.110.31 - - [03/Sep/2026:03:13:31 +0000] "POST /login HTTP/1.1" 404 967 "-" "Mozilla/5.0 (Windows NT 10.0; Win64; x64) Chrome/120.0.0.0"
195.178.110.31 - - [03/Sep/2026:03:13:32 +0000] "POST /login HTTP/1.1" 404 967 "-" "Mozilla/5.0 (Windows NT 10.0; Win64; x64) Chrome/120.0.0.0"
51.75.129.178 - - [03/Sep/2026:03:13:32 +0000] "GET /tollster/vendor/monolog/monolog/tests/Monolog/Handler/ChromePHPHandlerTest.php HTTP/1.1" 500 - "-" "Mozilla/5.0 (compatible; MJ12bot/v1.4.8; http://mj12bot.com/)"
195.178.110.31 - - [03/Sep/2026:03:13:33 +0000] "POST /login HTTP/1.1" 404 967 "-" "Mozilla/5.0 (Windows NT 10.0; Win64; x64) Chrome/120.0.0.0"
195.178.110.31 - - [03/Sep/2026:03:13:34 +0000] "POST /login HTTP/1.1" 404 967 "-" "Mozilla/5.0 (Windows NT 10.0; Win64; x64) Chrome/120.0.0.0"
195.178.110.31 - - [03/Sep/2026:03:13:35 +0000] "POST /login HTTP/1.1" 404 967 "-" "Mozilla/5.0 (Windows NT 10.0; Win64; x64) Chrome/120.0.0.0"
195.178.110.31 - - [03/Sep/2026:03:13:35 +0000] "POST /login HTTP/1.1" 404 967 "-" "Mozilla/5.0 (Windows NT 10.0; Win64; x64) Chrome/120.0.0.0"
195.178.110.31 - - [03/Sep/2026:03:13:36 +0000] "POST /login HTTP/1.1" 404 967 "-" "Mozilla/5.0 (Windows NT 10.0; Win64; x64) Chrome/120.0.0.0"
195.178.110.31 - - [03/Sep/2026:03:13:36 +0000] "POST /login HTTP/1.1" 404 967 "-" "Mozilla/5.0 (Windows NT 10.0; Win64; x64) Chrome/120.0.0.0"
51.75.129.178 - - [03/Sep/2026:03:13:37 +0000] "GET /tollster/vendor/monolog/monolog/tests/Monolog/Handler/CouchDBHandlerTest.php HTTP/1.1" 500 - "-" "Mozilla/5.0 (compatible; MJ12bot/v1.4.8; http://mj12bot.com/)"
195.178.110.31 - - [03/Sep/2026:03:13:40 +0000] "POST /signin HTTP/1.1" 404 967 "-" "Mozilla/5.0 (Windows NT 10.0; Win64; x64) Chrome/120.0.0.0"
195.178.110.31 - - [03/Sep/2026:03:13:40 +0000] "POST /signin HTTP/1.1" 404 967 "-" "Mozilla/5.0 (Windows NT 10.0; Win64; x64) Chrome/120.0.0.0"
195.178.110.31 - - [03/Sep/2026:03:13:40 +0000] "POST /signin HTTP/1.1" 404 967 "-" "Mozilla/5.0 (Windows NT 10.0; Win64; x64) Chrome/120.0.0.0"
195.178.110.31 - - [03/Sep/2026:03:13:40 +0000] "POST /signin HTTP/1.1" 404 967 "-" "Mozilla/5.0 (Windows NT 10.0; Win64; x64) Chrome/120.0.0.0"
51.75.129.178 - - [03/Sep/2026:03:13:40 +0000] "GET /tollster/vendor/monolog/monolog/tests/Monolog/Handler/DeduplicationHandlerTest.php HTTP/1.1" 500 - "-" "Mozilla/5.0 (compatible; MJ12bot/v1.4.8; http://mj12bot.com/)"
195.178.110.31 - - [03/Sep/2026:03:13:40 +0000] "POST /signin HTTP/1.1" 404 967 "-" "Mozilla/5.0 (Windows NT 10.0; Win64; x64) Chrome/120.0.0.0"
195.178.110.31 - - [03/Sep/2026:03:13:40 +0000] "POST /signin HTTP/1.1" 404 967 "-" "Mozilla/5.0 (Windows NT 10.0; Win64; x64) Chrome/120.0.0.0"
195.178.110.31 - - [03/Sep/2026:03:13:41 +0000] "POST /signin HTTP/1.1" 404 967 "-" "Mozilla/5.0 (Windows NT 10.0; Win64; x64) Chrome/120.0.0.0"
195.178.110.31 - - [03/Sep/2026:03:13:41 +0000] "POST /signin HTTP/1.1" 404 967 "-" "Mozilla/5.0 (Windows NT 10.0; Win64; x64) Chrome/120.0.0.0"
195.178.110.31 - - [03/Sep/2026:03:13:43 +0000] "POST /signin HTTP/1.1" 404 967 "-" "Mozilla/5.0 (Windows NT 10.0; Win64; x64) Chrome/120.0.0.0"
51.75.129.178 - - [03/Sep/2026:03:13:44 +0000] "GET /tollster/vendor/monolog/monolog/tests/Monolog/Handler/DoctrineCouchDBHandlerTest.php HTTP/1.1" 500 - "-" "Mozilla/5.0 (compatible; MJ12bot/v1.4.8; http://mj12bot.com/)"
195.178.110.31 - - [03/Sep/2026:03:13:44 +0000] "POST /signin HTTP/1.1" 404 967 "-" "Mozilla/5.0 (Windows NT 10.0; Win64; x64) Chrome/120.0.0.0"
195.178.110.31 - - [03/Sep/2026:03:13:44 +0000] "POST /signin HTTP/1.1" 404 967 "-" "Mozilla/5.0 (Windows NT 10.0; Win64; x64) Chrome/120.0.0.0"
195.178.110.31 - - [03/Sep/2026:03:13:45 +0000] "POST /signin HTTP/1.1" 404 967 "-" "Mozilla/5.0 (Windows NT 10.0; Win64; x64) Chrome/120.0.0.0"
195.178.110.31 - - [03/Sep/2026:03:13:46 +0000] "POST /signin HTTP/1.1" 404 967 "-" "Mozilla/5.0 (Windows NT 10.0; Win64; x64) Chrome/120.0.0.0"
51.75.129.178 - - [03/Sep/2026:03:13:48 +0000] "GET /tollster/vendor/monolog/monolog/tests/Monolog/Handler/DynamoDbHandlerTest.php HTTP/1.1" 500 - "-" "Mozilla/5.0 (compatible; MJ12bot/v1.4.8; http://mj12bot.com/)"
195.178.110.31 - - [03/Sep/2026:03:13:50 +0000] "POST /signup HTTP/1.1" 404 967 "-" "Mozilla/5.0 (Windows NT 10.0; Win64; x64) Chrome/120.0.0.0"
195.178.110.31 - - [03/Sep/2026:03:13:50 +0000] "POST /signup HTTP/1.1" 404 967 "-" "Mozilla/5.0 (Windows NT 10.0; Win64; x64) Chrome/120.0.0.0"
195.178.110.31 - - [03/Sep/2026:03:13:51 +0000] "POST /signup HTTP/1.1" 404 967 "-" "Mozilla/5.0 (Windows NT 10.0; Win64; x64) Chrome/120.0.0.0"
195.178.110.31 - - [03/Sep/2026:03:13:51 +0000] "POST /signup HTTP/1.1" 404 967 "-" "Mozilla/5.0 (Windows NT 10.0; Win64; x64) Chrome/120.0.0.0"
195.178.110.31 - - [03/Sep/2026:03:13:52 +0000] "POST /signup HTTP/1.1" 404 967 "-" "Mozilla/5.0 (Windows NT 10.0; Win64; x64) Chrome/120.0.0.0"
195.178.110.31 - - [03/Sep/2026:03:13:52 +0000] "POST /signup HTTP/1.1" 404 967 "-" "Mozilla/5.0 (Windows NT 10.0; Win64; x64) Chrome/120.0.0.0"
195.178.110.31 - - [03/Sep/2026:03:13:52 +0000] "POST /signup HTTP/1.1" 404 967 "-" "Mozilla/5.0 (Windows NT 10.0; Win64; x64) Chrome/120.0.0.0"
195.178.110.31 - - [03/Sep/2026:03:13:53 +0000] "POST /signup HTTP/1.1" 404 967 "-" "Mozilla/5.0 (Windows NT 10.0; Win64; x64) Chrome/120.0.0.0"
195.178.110.31 - - [03/Sep/2026:03:13:53 +0000] "POST /signup HTTP/1.1" 404 967 "-" "Mozilla/5.0 (Windows NT 10.0; Win64; x64) Chrome/120.0.0.0"
195.178.110.31 - - [03/Sep/2026:03:13:53 +0000] "POST /signup HTTP/1.1" 404 967 "-" "Mozilla/5.0 (Windows NT 10.0; Win64; x64) Chrome/120.0.0.0"
195.178.110.31 - - [03/Sep/2026:03:13:53 +0000] "POST /signup HTTP/1.1" 404 967 "-" "Mozilla/5.0 (Windows NT 10.0; Win64; x64) Chrome/120.0.0.0"
51.75.129.178 - - [03/Sep/2026:03:13:54 +0000] "GET /tollster/vendor/monolog/monolog/tests/Monolog/Handler/ElasticSearchHandlerTest.php HTTP/1.1" 500 - "-" "Mozilla/5.0 (compatible; MJ12bot/v1.4.8; http://mj12bot.com/)"
195.178.110.31 - - [03/Sep/2026:03:13:54 +0000] "POST /signup HTTP/1.1" 404 967 "-" "Mozilla/5.0 (Windows NT 10.0; Win64; x64) Chrome/120.0.0.0"
195.178.110.31 - - [03/Sep/2026:03:13:54 +0000] "POST /signup HTTP/1.1" 404 967 "-" "Mozilla/5.0 (Windows NT 10.0; Win64; x64) Chrome/120.0.0.0"
195.178.110.31 - - [03/Sep/2026:03:13:54 +0000] "POST /signup HTTP/1.1" 404 967 "-" "Mozilla/5.0 (Windows NT 10.0; Win64; x64) Chrome/120.0.0.0"
195.178.110.31 - - [03/Sep/2026:03:13:55 +0000] "POST /signup HTTP/1.1" 404 967 "-" "Mozilla/5.0 (Windows NT 10.0; Win64; x64) Chrome/120.0.0.0"
